{"id":148,"date":"2025-06-12T12:00:12","date_gmt":"2025-06-12T15:00:12","guid":{"rendered":"https:\/\/wp.ufpel.edu.br\/graem\/?page_id=148"},"modified":"2025-07-07T15:40:45","modified_gmt":"2025-07-07T18:40:45","slug":"teses","status":"publish","type":"page","link":"https:\/\/wp.ufpel.edu.br\/graem\/teses\/","title":{"rendered":"Teses"},"content":{"rendered":"<h4><strong>Em andamento<\/strong><\/h4>\n<p style=\"text-align: justify;\">Emanu\u00e9lle Soares Cardozo. Forma\u00e7\u00e3o de agregados biog\u00eanicos e sequestro de carbono em uma cronosequ\u00eancia de solos constru\u00eddos em \u00e1reas de minera\u00e7\u00e3o de carv\u00e3o. In\u00edcio: 2024. Tese (<a href=\"https:\/\/wp.ufpel.edu.br\/ppgmacsa\/\">MACSA<\/a>) &#8211; Universidade Federal de Pelotas. (Orientador: Lizete Stumpf).<\/p>\n<p style=\"text-align: justify;\">Mauricio Silva de Oliveira. \u00cdndice de qualidade do solo sob clima tropical em \u00e1rea de minera\u00e7\u00e3o de carv\u00e3o. In\u00edcio: 2023. Tese (<a href=\"https:\/\/wp.ufpel.edu.br\/ppgmacsa\/\">MACSA<\/a>) &#8211; Universidade Federal de Pelotas. (Orientador: Lizete Stumpf).<\/p>\n<p style=\"text-align: justify;\">Maria Bertaso de Garcia Fernandez. Recupera\u00e7\u00e3o das fun\u00e7\u00f5es ecossist\u00eamicas de solos degradados pela minera\u00e7\u00e3o de carv\u00e3o: um estudo da biologia do solo na transforma\u00e7\u00e3o de agregados formados por compress\u00e3o em agregados biog\u00eanicos. In\u00edcio: 2022. Tese (<a href=\"https:\/\/wp.ufpel.edu.br\/ppgmacsa\/\">MACSA<\/a>) &#8211; Universidade Federal de Pelotas. (Orientador: Lizete Stumpf).<\/p>\n<p>&nbsp;<\/p>\n<h4><strong>Conclu\u00eddos<\/strong><\/h4>\n<p style=\"text-align: justify;\">Sergio da Costa Dias. <a href=\"https:\/\/wp.ufpel.edu.br\/ppgmacsa\/files\/2024\/10\/Versao-definitiva-Sergio.pdf\">ESTUDO PIONEIRO DA RESTAURA\u00c7\u00c3O DE SOLOS MINERADOS EM UMA CRONOSEQU\u00caNCIA DE 10,6 ANOS NA MINA DE CARV\u00c3O DE MOATIZE &#8211; MO\u00c7AMBIQUE<\/a>. 2024. Tese (<a href=\"https:\/\/wp.ufpel.edu.br\/ppgmacsa\/\">MACSA<\/a>) &#8211; Universidade Federal de Pelotas, . Orientador: Lizete Stumpf.<\/p>\n<p>Stumpf, Lizete. <a href=\"https:\/\/repositorio.ufpel.edu.br\/bitstream\/handle\/prefix\/3048\/Tese%20Lizete%20Stumpf.pdf?sequence=1&amp;isAllowed=y\">Desenvolvimento radicular de gram\u00edneas perenes e sua efici\u00eancia na recupera\u00e7\u00e3o de atributos f\u00edsicos de um solo constru\u00eddo compactado em \u00e1rea de minera\u00e7\u00e3o de carv\u00e3o<\/a>.\u00a0 2015. Tese (<a href=\"https:\/\/wp.ufpel.edu.br\/ppgmacsa\/\">MACSA<\/a>) &#8211; Universidade Federal de Pelotas, . Orientador: Eloy Antonio Pauletto.<\/p>\n","protected":false},"excerpt":{"rendered":"<p>Em andamento Emanu\u00e9lle Soares Cardozo. Forma\u00e7\u00e3o de agregados biog\u00eanicos e sequestro de carbono em uma cronosequ\u00eancia de solos constru\u00eddos em \u00e1reas de minera\u00e7\u00e3o de carv\u00e3o. In\u00edcio: 2024. Tese (MACSA) &#8211; Universidade Federal de Pelotas. (Orientador: Lizete Stumpf). Mauricio Silva de Oliveira. \u00cdndice de qualidade do solo sob clima tropical em \u00e1rea de minera\u00e7\u00e3o de carv\u00e3o. &hellip; <\/p>\n<p><a class=\"more-link btn\" href=\"https:\/\/wp.ufpel.edu.br\/graem\/teses\/\">Continue lendo<\/a><\/p>\n","protected":false},"author":1469,"featured_media":0,"parent":0,"menu_order":0,"comment_status":"closed","ping_status":"closed","template":"","meta":{"footnotes":""},"class_list":["post-148","page","type-page","status-publish","hentry","nodate","item-wrap"],"_links":{"self":[{"href":"https:\/\/wp.ufpel.edu.br\/graem\/wp-json\/wp\/v2\/pages\/148","targetHints":{"allow":["GET"]}}],"collection":[{"href":"https:\/\/wp.ufpel.edu.br\/graem\/wp-json\/wp\/v2\/pages"}],"about":[{"href":"https:\/\/wp.ufpel.edu.br\/graem\/wp-json\/wp\/v2\/types\/page"}],"author":[{"embeddable":true,"href":"https:\/\/wp.ufpel.edu.br\/graem\/wp-json\/wp\/v2\/users\/1469"}],"replies":[{"embeddable":true,"href":"https:\/\/wp.ufpel.edu.br\/graem\/wp-json\/wp\/v2\/comments?post=148"}],"version-history":[{"count":4,"href":"https:\/\/wp.ufpel.edu.br\/graem\/wp-json\/wp\/v2\/pages\/148\/revisions"}],"predecessor-version":[{"id":332,"href":"https:\/\/wp.ufpel.edu.br\/graem\/wp-json\/wp\/v2\/pages\/148\/revisions\/332"}],"wp:attachment":[{"href":"https:\/\/wp.ufpel.edu.br\/graem\/wp-json\/wp\/v2\/media?parent=148"}],"curies":[{"name":"wp","href":"https:\/\/api.w.org\/{rel}","templated":true}]}}