{"id":89,"date":"2013-07-15T17:27:45","date_gmt":"2013-07-15T20:27:45","guid":{"rendered":"https:\/\/wp.ufpel.edu.br\/gpfe\/?page_id=89"},"modified":"2013-09-16T16:04:34","modified_gmt":"2013-09-16T19:04:34","slug":"estudantes","status":"publish","type":"page","link":"https:\/\/wp.ufpel.edu.br\/gpfe\/membros\/estudantes\/","title":{"rendered":"Estudantes"},"content":{"rendered":"<p>&nbsp;<\/p>\n<table border=\"0\">\n<tbody>\n<tr id=\"\" style=\"background-color: #1e90ff\" align=\"\" valign=\"\" bgcolor=\"\">\n<td>\n<h3 style=\"text-align: center\"><span style=\"color: #ffffff\"><strong>ACAD\u00caMICO<\/strong><strong> (A)<\/strong><\/span><\/h3>\n<\/td>\n<td style=\"text-align: center\">\n<h3><span style=\"color: #ffffff\"><strong>CURSO<\/strong><\/span><\/h3>\n<\/td>\n<td>\n<h3 style=\"text-align: center\"><span style=\"color: #ffffff\"><strong>LATTES<\/strong><\/span><\/h3>\n<\/td>\n<\/tr>\n<tr>\n<td>\n<h3><b>Marcelo de Oliveira Basso<\/b><\/h3>\n<h6><span style=\"font-size: 13px;line-height: 18px\">Universidade Federal de Pelotas &#8211; UFPel<\/span><\/h6>\n<\/td>\n<td>\n<h6>Graduando em Administra\u00e7\u00e3o<\/h6>\n<\/td>\n<td>\n<h6>http:\/\/lattes.cnpq.br\/7191058477838800<\/h6>\n<\/td>\n<\/tr>\n<tr>\n<td>\n<h3><b>Paula Medina Tavares<\/b><\/h3>\n<h6><span style=\"font-size: 13px;line-height: 18px\">Funda\u00e7\u00e3o Get\u00falio Vargas &#8211; FGV<\/span><\/h6>\n<\/td>\n<td>\n<h6>P\u00f3s-Graduanda em Gest\u00e3o Empresarial<\/h6>\n<\/td>\n<td><\/td>\n<\/tr>\n<tr>\n<td>\n<h3><b>Jamil Ramsi Farkat Di\u00f3genes<\/b><\/h3>\n<h6>Universidade Federal do Rio Grande do Norte &#8211; UFRN<\/h6>\n<\/td>\n<td>\n<h6>Mestrando em Enga. da Produ\u00e7\u00e3o<\/h6>\n<\/td>\n<td>\n<h6>http:\/\/lattes.cnpq.br\/8586145669395690<\/h6>\n<\/td>\n<\/tr>\n<\/tbody>\n<\/table>\n","protected":false},"excerpt":{"rendered":"<p>&nbsp; ACAD\u00caMICO (A) CURSO LATTES Marcelo de Oliveira Basso Universidade Federal de Pelotas &#8211; UFPel Graduando em Administra\u00e7\u00e3o http:\/\/lattes.cnpq.br\/7191058477838800 Paula Medina Tavares Funda\u00e7\u00e3o Get\u00falio Vargas &#8211; FGV P\u00f3s-Graduanda em Gest\u00e3o Empresarial Jamil Ramsi Farkat Di\u00f3genes Universidade Federal do Rio Grande do Norte &#8211; UFRN Mestrando em Enga. da Produ\u00e7\u00e3o http:\/\/lattes.cnpq.br\/8586145669395690<\/p>\n","protected":false},"author":283,"featured_media":0,"parent":10,"menu_order":0,"comment_status":"closed","ping_status":"closed","template":"","meta":{"footnotes":""},"class_list":["post-89","page","type-page","status-publish","hentry","nodate","item-wrap"],"_links":{"self":[{"href":"https:\/\/wp.ufpel.edu.br\/gpfe\/wp-json\/wp\/v2\/pages\/89","targetHints":{"allow":["GET"]}}],"collection":[{"href":"https:\/\/wp.ufpel.edu.br\/gpfe\/wp-json\/wp\/v2\/pages"}],"about":[{"href":"https:\/\/wp.ufpel.edu.br\/gpfe\/wp-json\/wp\/v2\/types\/page"}],"author":[{"embeddable":true,"href":"https:\/\/wp.ufpel.edu.br\/gpfe\/wp-json\/wp\/v2\/users\/283"}],"replies":[{"embeddable":true,"href":"https:\/\/wp.ufpel.edu.br\/gpfe\/wp-json\/wp\/v2\/comments?post=89"}],"version-history":[{"count":24,"href":"https:\/\/wp.ufpel.edu.br\/gpfe\/wp-json\/wp\/v2\/pages\/89\/revisions"}],"predecessor-version":[{"id":131,"href":"https:\/\/wp.ufpel.edu.br\/gpfe\/wp-json\/wp\/v2\/pages\/89\/revisions\/131"}],"up":[{"embeddable":true,"href":"https:\/\/wp.ufpel.edu.br\/gpfe\/wp-json\/wp\/v2\/pages\/10"}],"wp:attachment":[{"href":"https:\/\/wp.ufpel.edu.br\/gpfe\/wp-json\/wp\/v2\/media?parent=89"}],"curies":[{"name":"wp","href":"https:\/\/api.w.org\/{rel}","templated":true}]}}