{"id":56,"date":"2013-07-15T16:42:16","date_gmt":"2013-07-15T19:42:16","guid":{"rendered":"https:\/\/wp.ufpel.edu.br\/gpfe\/?page_id=56"},"modified":"2013-09-19T10:12:38","modified_gmt":"2013-09-19T13:12:38","slug":"nacionais","status":"publish","type":"page","link":"https:\/\/wp.ufpel.edu.br\/gpfe\/eventos\/nacionais\/","title":{"rendered":"Nacionais"},"content":{"rendered":"<p>&nbsp;<\/p>\n<table border=\"0\">\n<tbody>\n<tr id=\"\" style=\"background-color: #33ccff\" align=\"\" valign=\"\" bgcolor=\"\">\n<td style=\"text-align: center\"><span style=\"color: #ffffff\"><strong>Evento<\/strong><\/span><\/td>\n<td style=\"text-align: center\"><span style=\"color: #ffffff\"><strong>Endere\u00e7o Eletr\u00f4nico<\/strong><\/span><\/td>\n<\/tr>\n<tr>\n<td colspan=\"1\">Encontro de Gest\u00e3o de Pessoas e Rela\u00e7\u00f5es de Trabalho &#8211; EnGPR<\/td>\n<td colspan=\"1\">www.anpad.org.br<\/td>\n<\/tr>\n<tr>\n<td colspan=\"1\">Encontro da ANPAD &#8211; EnANPAD<\/td>\n<td colspan=\"1\">www.anpad.org.br<\/td>\n<\/tr>\n<tr>\n<td colspan=\"1\">Encontro da Divis\u00e3o de Marketing da ANPAD &#8211; EMA<\/td>\n<td colspan=\"1\">www.anpad.org.br<\/td>\n<\/tr>\n<tr>\n<td colspan=\"1\">Encontro de Estudos em Estrat\u00e9gia &#8211; 3Es<\/td>\n<td colspan=\"1\">www.anpad.org.br<\/td>\n<\/tr>\n<tr>\n<td colspan=\"1\">Encontro de Ensino e Pesquisa em Administra\u00e7\u00e3o e Contabilidade<\/td>\n<td colspan=\"1\">www.anpad.org.br<\/td>\n<\/tr>\n<tr>\n<td colspan=\"1\">Encontro da Divis\u00e3o de Estudos Organizacionais da ANPAD &#8211; EnEO<\/td>\n<td colspan=\"1\">www.anpad.org.br<\/td>\n<\/tr>\n<tr>\n<td colspan=\"1\">Simp\u00f3sio de Gest\u00e3o da Inova\u00e7\u00e3o Tecnol\u00f3gica da ANPAD<\/td>\n<td colspan=\"1\">www.anpad.org.br<\/td>\n<\/tr>\n<tr>\n<td colspan=\"1\">Encontro da Divis\u00e3o de Administra\u00e7\u00e3o P\u00fablica\/APB da ANPAD &#8211; EnAPG<\/td>\n<td colspan=\"1\">www.anpad.org.br<\/td>\n<\/tr>\n<tr>\n<td colspan=\"1\">Encontro de Administra\u00e7\u00e3o da Informa\u00e7\u00e3o \u2013 EnADI<\/td>\n<td colspan=\"1\">www.anpad.org.br<\/td>\n<\/tr>\n<tr>\n<td colspan=\"1\">Semin\u00e1rios em Administra\u00e7\u00e3o &#8211; FEA\/USP<\/td>\n<td colspan=\"1\">www.semead.com.br<\/td>\n<\/tr>\n<\/tbody>\n<\/table>\n","protected":false},"excerpt":{"rendered":"<p>&nbsp; Evento Endere\u00e7o Eletr\u00f4nico Encontro de Gest\u00e3o de Pessoas e Rela\u00e7\u00f5es de Trabalho &#8211; EnGPR www.anpad.org.br Encontro da ANPAD &#8211; EnANPAD www.anpad.org.br Encontro da Divis\u00e3o de Marketing da ANPAD &#8211; EMA www.anpad.org.br Encontro de Estudos em Estrat\u00e9gia &#8211; 3Es www.anpad.org.br Encontro de Ensino e Pesquisa em Administra\u00e7\u00e3o e Contabilidade www.anpad.org.br Encontro da Divis\u00e3o de Estudos &hellip; <\/p>\n<p><a class=\"more-link btn\" href=\"https:\/\/wp.ufpel.edu.br\/gpfe\/eventos\/nacionais\/\">Continue lendo<\/a><\/p>\n","protected":false},"author":283,"featured_media":0,"parent":14,"menu_order":0,"comment_status":"closed","ping_status":"closed","template":"","meta":{"footnotes":""},"class_list":["post-56","page","type-page","status-publish","hentry","nodate","item-wrap"],"_links":{"self":[{"href":"https:\/\/wp.ufpel.edu.br\/gpfe\/wp-json\/wp\/v2\/pages\/56","targetHints":{"allow":["GET"]}}],"collection":[{"href":"https:\/\/wp.ufpel.edu.br\/gpfe\/wp-json\/wp\/v2\/pages"}],"about":[{"href":"https:\/\/wp.ufpel.edu.br\/gpfe\/wp-json\/wp\/v2\/types\/page"}],"author":[{"embeddable":true,"href":"https:\/\/wp.ufpel.edu.br\/gpfe\/wp-json\/wp\/v2\/users\/283"}],"replies":[{"embeddable":true,"href":"https:\/\/wp.ufpel.edu.br\/gpfe\/wp-json\/wp\/v2\/comments?post=56"}],"version-history":[{"count":9,"href":"https:\/\/wp.ufpel.edu.br\/gpfe\/wp-json\/wp\/v2\/pages\/56\/revisions"}],"predecessor-version":[{"id":205,"href":"https:\/\/wp.ufpel.edu.br\/gpfe\/wp-json\/wp\/v2\/pages\/56\/revisions\/205"}],"up":[{"embeddable":true,"href":"https:\/\/wp.ufpel.edu.br\/gpfe\/wp-json\/wp\/v2\/pages\/14"}],"wp:attachment":[{"href":"https:\/\/wp.ufpel.edu.br\/gpfe\/wp-json\/wp\/v2\/media?parent=56"}],"curies":[{"name":"wp","href":"https:\/\/api.w.org\/{rel}","templated":true}]}}