{"id":970,"date":"2022-02-27T10:02:21","date_gmt":"2022-02-27T13:02:21","guid":{"rendered":"https:\/\/wp.ufpel.edu.br\/gpeia\/?page_id=970"},"modified":"2022-02-27T10:02:21","modified_gmt":"2022-02-27T13:02:21","slug":"redes-rurais-formacao-evolucao-governanca-e-configuracoes","status":"publish","type":"page","link":"https:\/\/wp.ufpel.edu.br\/gpeia\/redes-rurais-formacao-evolucao-governanca-e-configuracoes\/","title":{"rendered":"Redes Rurais: Forma\u00e7\u00e3o, Evolu\u00e7\u00e3o, Governan\u00e7a e Configura\u00e7\u00f5es"},"content":{"rendered":"<p>As redes interorganizacionais s\u00e3o definidas como grupos de organiza\u00e7\u00f5es com interesses comuns, que se unem para a melhoria da competitividade a partir da pr\u00e1tica da coopera\u00e7\u00e3o. Esse conceito \u00e9 aplicado a diferentes configura\u00e7\u00f5es interorganizacionais, como joint ventures, alian\u00e7as estrat\u00e9gicas, rela\u00e7\u00f5es de terceiriza\u00e7\u00e3o e subcontrata\u00e7\u00e3o, distritos industriais e redes sociais (BRAGA, 2010;CROPPER et al., 2014). Esses novos modelos organizacionais, mais horizontalizados e menos hierarquizados, em formato de redes de relacionamento, s\u00e3o necess\u00e1rios para que todos os agentes envolvidos sejam beneficiados no sentido de conquistarem maior participa\u00e7\u00e3o no mercado que j\u00e1 atuam e, at\u00e9 mesmo, atingirem novos (FELDHAUS, PEREIRA e MORAIS, 2012). Conforme apresenta Macedo (2009), s\u00e3o exemplos de redes interorganizacionais no setor da produ\u00e7\u00e3o da carne bovina: Alian\u00e7a Mercadol\u00f3gica; Montana Premium Beef; Programa Carne Angus Certificada. Como exemplos internacionais de redes interorganizacionais entre agentes da ind\u00fastria da carne citam-se: Alianza del Pastizal, programa de fomento \u00e0 pecu\u00e1ria sustent\u00e1vel com atua\u00e7\u00e3o no Pampa Ga\u00facho e \u00e1reas do Uruguai, Argentina e Paraguai; Certified Angus Beef (CAB) arranjo que opera como uma divis\u00e3o da Associa\u00e7\u00e3o Americana de Angus; Rancher\u2019s Renaissance, alian\u00e7a formada por criadores de bovinos, confinadores e empresa frigor\u00edfica, abrangendo regi\u00f5es dos Estados Unidos e Canad\u00e1; Decatur Beef Alliance organiza\u00e7\u00e3o que direciona sua produ\u00e7\u00e3o aos programas de marcas existentes que operam junto ao frigor\u00edfico Excel, tais como &#8211; Angus Beef, Sterling Silver, e Rancher\u2019s Renaissance (SCHROEDER e KOVANDA, 2003).<\/p>\n","protected":false},"excerpt":{"rendered":"<p>As redes interorganizacionais s\u00e3o definidas como grupos de organiza\u00e7\u00f5es com interesses comuns, que se unem para a melhoria da competitividade a partir da pr\u00e1tica da coopera\u00e7\u00e3o. Esse conceito \u00e9 aplicado a diferentes configura\u00e7\u00f5es interorganizacionais, como joint ventures, alian\u00e7as estrat\u00e9gicas, rela\u00e7\u00f5es &hellip; <a href=\"https:\/\/wp.ufpel.edu.br\/gpeia\/redes-rurais-formacao-evolucao-governanca-e-configuracoes\/\">Continue lendo <span class=\"meta-nav\">&rarr;<\/span><\/a><\/p>\n","protected":false},"author":212,"featured_media":0,"parent":0,"menu_order":0,"comment_status":"closed","ping_status":"closed","template":"","meta":{"footnotes":""},"class_list":["post-970","page","type-page","status-publish","hentry"],"_links":{"self":[{"href":"https:\/\/wp.ufpel.edu.br\/gpeia\/wp-json\/wp\/v2\/pages\/970","targetHints":{"allow":["GET"]}}],"collection":[{"href":"https:\/\/wp.ufpel.edu.br\/gpeia\/wp-json\/wp\/v2\/pages"}],"about":[{"href":"https:\/\/wp.ufpel.edu.br\/gpeia\/wp-json\/wp\/v2\/types\/page"}],"author":[{"embeddable":true,"href":"https:\/\/wp.ufpel.edu.br\/gpeia\/wp-json\/wp\/v2\/users\/212"}],"replies":[{"embeddable":true,"href":"https:\/\/wp.ufpel.edu.br\/gpeia\/wp-json\/wp\/v2\/comments?post=970"}],"version-history":[{"count":1,"href":"https:\/\/wp.ufpel.edu.br\/gpeia\/wp-json\/wp\/v2\/pages\/970\/revisions"}],"predecessor-version":[{"id":972,"href":"https:\/\/wp.ufpel.edu.br\/gpeia\/wp-json\/wp\/v2\/pages\/970\/revisions\/972"}],"wp:attachment":[{"href":"https:\/\/wp.ufpel.edu.br\/gpeia\/wp-json\/wp\/v2\/media?parent=970"}],"curies":[{"name":"wp","href":"https:\/\/api.w.org\/{rel}","templated":true}]}}