{"id":888,"date":"2018-01-27T12:25:47","date_gmt":"2018-01-27T14:25:47","guid":{"rendered":"https:\/\/wp.ufpel.edu.br\/gpeia\/?page_id=888"},"modified":"2018-01-27T12:25:47","modified_gmt":"2018-01-27T14:25:47","slug":"inovacao-estrategia-e-sustentabilidade-no-agronegocio","status":"publish","type":"page","link":"https:\/\/wp.ufpel.edu.br\/gpeia\/inovacao-estrategia-e-sustentabilidade-no-agronegocio\/","title":{"rendered":"Inova\u00e7\u00e3o, Estrat\u00e9gia e Sustentabilidade no Agroneg\u00f3cio"},"content":{"rendered":"<p>No setor agroindustrial a discuss\u00e3o sobre sustentabilidade e a necessidade de inova\u00e7\u00f5es acaba por tornar-se bastante evidente, pois por utilizar com muita intensidade os recursos naturais do planeta, sejam eles renov\u00e1veis ou escassos, e ter um importante papel na economia mundial e na qualidade de vida das pessoas, \u00e9 imposs\u00edvel olhar esse setor sob uma \u00f3tica estritamente econ\u00f4mica. Bocquet-Yven (2006) destaca as preocupa\u00e7\u00f5es ambientais e a percep\u00e7\u00e3o de riscos ligadas \u00e0 sa\u00fade dos consumidores, al\u00e9m das quest\u00f5es relacionadas \u00e0 produ\u00e7\u00e3o propriamente dita das cadeias produtivas do setor de alimentos (transporte e gest\u00e3o de embalagens, desenvolvimento de modelos de agricultura menos poluentes), como justificativas para a preocupa\u00e7\u00e3o crescente na atividade desse setor. Para a autora, o setor agroalimentar constitui um campo rico para observa\u00e7\u00e3o da evolu\u00e7\u00e3o da pol\u00edtica ambiental, o papel do conceito de desenvolvimento sustent\u00e1vel e, sobretudo, a evolu\u00e7\u00e3o disto dentro das cadeias produtivas em colabora\u00e7\u00e3o com outros atores.<\/p>\n<p>Na perspectiva de inova\u00e7\u00e3o este projeto que analisar os seguintes elementos te\u00f3ricos associados aos atores que participam do agroneg\u00f3cio:<\/p>\n<p>-Desempenho: Esta categoria agrupa os estudos que se concentram nos resultados e consequ\u00eancias da ecoinova\u00e7\u00e3o, quer no desempenho financeiro, na competitividade, no valor de mercado.<\/p>\n<p>-Drivers: Esta categoria abrange todos os artigos que visam encontrar os antecedentes da ecoinova\u00e7\u00e3o em diferentes n\u00edveis. Estes artigos centram-se principalmente nas motiva\u00e7\u00f5es subjacentes \u00e0 ado\u00e7\u00e3o, desenvolvimento ou implementa\u00e7\u00e3o destas inova\u00e7\u00f5es.<\/p>\n<p>-Processo: Esta categoria inclui artigos que se concentram no processo de desenvolvimento deste tipo de inova\u00e7\u00f5es. Por exemplo, em modelos que conduzem a inova\u00e7\u00e3o ecol\u00f3gica ou dos processos de marketing da ecoinova\u00e7\u00e3o.<\/p>\n<p>-Tipos: Os artigos s\u00e3o inclu\u00eddos nesta categoria quando o objetivo do estudo \u00e9 classificar os diferentes tipos de inova\u00e7\u00f5es ou destacar as especificidades de um tipo de ecoinova\u00e7\u00e3o: servi\u00e7os, design de produto, processo, ecoinova\u00e7\u00e3o urbana.<\/p>\n<p>-Pol\u00edtica: Esta categoria \u00e9 formada por artigos que se concentram em avalia\u00e7\u00e3o de pol\u00edticas, gest\u00e3o de transi\u00e7\u00e3o e como as pol\u00edticas podem ajudar na difus\u00e3o de inova\u00e7\u00f5es ecol\u00f3gicas.<\/p>\n<p>-Outros: Esta categoria agrupa aqueles artigos cujo foco principal n\u00e3o \u00e9 qualquer um dos acima mencionados. Em rela\u00e7\u00e3o a estrat\u00e9gia o foco est\u00e1 na an\u00e1lise de:<\/p>\n<p>&#8211; sistemas agroindustriais sustent\u00e1veis<\/p>\n<p>-Cadeias de suprimentos verdes e sustent\u00e1veis;<\/p>\n<p>-Simbiose agroindustrial;.<\/p>\n","protected":false},"excerpt":{"rendered":"<p>No setor agroindustrial a discuss\u00e3o sobre sustentabilidade e a necessidade de inova\u00e7\u00f5es acaba por tornar-se bastante evidente, pois por utilizar com muita intensidade os recursos naturais do planeta, sejam eles renov\u00e1veis ou escassos, e ter um importante papel na economia &hellip; <a href=\"https:\/\/wp.ufpel.edu.br\/gpeia\/inovacao-estrategia-e-sustentabilidade-no-agronegocio\/\">Continue lendo <span class=\"meta-nav\">&rarr;<\/span><\/a><\/p>\n","protected":false},"author":212,"featured_media":0,"parent":0,"menu_order":0,"comment_status":"closed","ping_status":"closed","template":"","meta":{"footnotes":""},"class_list":["post-888","page","type-page","status-publish","hentry"],"_links":{"self":[{"href":"https:\/\/wp.ufpel.edu.br\/gpeia\/wp-json\/wp\/v2\/pages\/888","targetHints":{"allow":["GET"]}}],"collection":[{"href":"https:\/\/wp.ufpel.edu.br\/gpeia\/wp-json\/wp\/v2\/pages"}],"about":[{"href":"https:\/\/wp.ufpel.edu.br\/gpeia\/wp-json\/wp\/v2\/types\/page"}],"author":[{"embeddable":true,"href":"https:\/\/wp.ufpel.edu.br\/gpeia\/wp-json\/wp\/v2\/users\/212"}],"replies":[{"embeddable":true,"href":"https:\/\/wp.ufpel.edu.br\/gpeia\/wp-json\/wp\/v2\/comments?post=888"}],"version-history":[{"count":1,"href":"https:\/\/wp.ufpel.edu.br\/gpeia\/wp-json\/wp\/v2\/pages\/888\/revisions"}],"predecessor-version":[{"id":890,"href":"https:\/\/wp.ufpel.edu.br\/gpeia\/wp-json\/wp\/v2\/pages\/888\/revisions\/890"}],"wp:attachment":[{"href":"https:\/\/wp.ufpel.edu.br\/gpeia\/wp-json\/wp\/v2\/media?parent=888"}],"curies":[{"name":"wp","href":"https:\/\/api.w.org\/{rel}","templated":true}]}}