{"id":685,"date":"2017-07-20T15:19:15","date_gmt":"2017-07-20T18:19:15","guid":{"rendered":"https:\/\/wp.ufpel.edu.br\/gpeia\/?page_id=685"},"modified":"2022-02-24T11:14:18","modified_gmt":"2022-02-24T14:14:18","slug":"dissertacoes","status":"publish","type":"page","link":"https:\/\/wp.ufpel.edu.br\/gpeia\/dissertacoes\/","title":{"rendered":"Disserta\u00e7\u00f5es"},"content":{"rendered":"<p>GARCEZ, Telmo Lena. SISTEMAS SOCIOTECNOL\u00d3GICOS DE INOVA\u00c7\u00c3O NO AGRONEG\u00d3CIO: An\u00e1lise da evolu\u00e7\u00e3o das fun\u00e7\u00f5es e motores do sistema de produ\u00e7\u00e3o de frangos livres de gaiolas de Pelotas. 2021.<\/p>\n<p>Link para download:<\/p>\n<p>CABRERA, Camila Gomes. Trajet\u00f3ria Sociot\u00e9cnica da Viticultura do Pampa Ga\u00facho:An\u00e1lise combinat\u00f3ria dos fatores multin\u00edvei. 2019.<\/p>\n<p>Link para download:<\/p>\n<p>GOULARTE, Gustavo Neves. Cadeia de Suprimentos Verde: an\u00e1lise qualitativa dos relacionamentos entre os fatores determinantes, pr\u00e1ticas verdes e desempenho no terminal de cont\u00eaineres do Rio Grande. 2018.116f.<\/p>\n<p>Link para download: <a href=\"http:\/\/guaiaca.ufpel.edu.br:8080\/bitstream\/prefix\/4411\/1\/Dissertacao_Gustavo_Neves_Goularte.pdf\">http:\/\/guaiaca.ufpel.edu.br:8080\/bitstream\/prefix\/4411\/1\/Dissertacao_Gustavo_Neves_Goularte.pdf<\/a><\/p>\n<p>Hartwig, Cynthia Pires. A Trajet\u00f3ria das Redes Interorganizacionais: uma an\u00e1lise da din\u00e2mica dos relacionamentos ap\u00f3s a ocorr\u00eancia de eventos no CITE 120 no Rio Grande do Sul. 2018. 95 fls.<\/p>\n<p>Link para download: <a href=\"http:\/\/guaiaca.ufpel.edu.br\/bitstream\/prefix\/4327\/1\/Dissertacao_Cynthia_Pires_Hartwig.pdf\">http:\/\/guaiaca.ufpel.edu.br\/bitstream\/prefix\/4327\/1\/Dissertacao_Cynthia_Pires_Hartwig.pdf<\/a><\/p>\n<p>SOUZA, Juliany Braga. An\u00e1lise Combinat\u00f3ria dos Direcionadores das Ecoinova\u00e7\u00f5es: estudo multicasos em frigor\u00edficos do Rio Grande do Sulda ado\u00e7\u00e3o. 2018. 81f.<\/p>\n<p>Link para download: <a href=\"http:\/\/guaiaca.ufpel.edu.br:8080\/bitstream\/prefix\/4328\/1\/Dissertacao_Juliany_Braga_Souza.pdf\">http:\/\/guaiaca.ufpel.edu.br:8080\/bitstream\/prefix\/4328\/1\/Dissertacao_Juliany_Braga_Souza.pdf<\/a><\/p>\n<p>KOCHHANN, Aline Gonzalez. Governan\u00e7a de Redes de Economia Solid\u00e1ria:<br \/>\nan\u00e1lise dos modos e dimens\u00f5es da governan\u00e7a de redes solid\u00e1rias da regi\u00e3o<br \/>\nSul do Rio Grande do Sul. 2017. 148 fl.<\/p>\n<p>Link para download:\u00a0\u00a0<a href=\"https:\/\/wp.ufpel.edu.br\/gpeia\/files\/2018\/02\/Aline_Kochhann_Governanca_de_redes_de_economia_solid\u00e1ria.pdf\">https:\/\/wp.ufpel.edu.br\/gpeia\/files\/2018\/02\/Aline_Kochhann_Governanca_de_redes_de_economia_solid\u00e1ria.pdf<\/a><\/p>\n<p>SANTOS, Luciana Rochedo Spencer dos. Fatores multin\u00edveis condicionantes da trajet\u00f3ria inovadora da produ\u00e7\u00e3o vitivin\u00edcola na campanha ga\u00facha. 2017. 204f. Disserta\u00e7\u00e3o (Mestrado) \u2013 Programa de P\u00f3s-Gradua\u00e7\u00e3o em Desenvolvimento Territorial e Sistemas Agroindustriais, Faculdade de Administra\u00e7\u00e3o e Turismo e Faculdade de Agronomia Eliseu Maciel, Universidade Federal de Pelotas, Pelotas, 2017.<\/p>\n<p>Link para download:\u00a0<a href=\"https:\/\/wp.ufpel.edu.br\/gpeia\/files\/2018\/04\/Dissertacao_Luciana_Rochedo_Spencer_Santos.pdf\">https:\/\/wp.ufpel.edu.br\/gpeia\/files\/2018\/04\/Dissertacao_Luciana_Rochedo_Spencer_Santos.pdf<\/a><\/p>\n<p>&nbsp;<\/p>\n","protected":false},"excerpt":{"rendered":"<p>GARCEZ, Telmo Lena. SISTEMAS SOCIOTECNOL\u00d3GICOS DE INOVA\u00c7\u00c3O NO AGRONEG\u00d3CIO: An\u00e1lise da evolu\u00e7\u00e3o das fun\u00e7\u00f5es e motores do sistema de produ\u00e7\u00e3o de frangos livres de gaiolas de Pelotas. 2021. Link para download: CABRERA, Camila Gomes. Trajet\u00f3ria Sociot\u00e9cnica da Viticultura do Pampa &hellip; <a href=\"https:\/\/wp.ufpel.edu.br\/gpeia\/dissertacoes\/\">Continue lendo <span class=\"meta-nav\">&rarr;<\/span><\/a><\/p>\n","protected":false},"author":212,"featured_media":0,"parent":0,"menu_order":0,"comment_status":"closed","ping_status":"closed","template":"","meta":{"footnotes":""},"class_list":["post-685","page","type-page","status-publish","hentry"],"_links":{"self":[{"href":"https:\/\/wp.ufpel.edu.br\/gpeia\/wp-json\/wp\/v2\/pages\/685","targetHints":{"allow":["GET"]}}],"collection":[{"href":"https:\/\/wp.ufpel.edu.br\/gpeia\/wp-json\/wp\/v2\/pages"}],"about":[{"href":"https:\/\/wp.ufpel.edu.br\/gpeia\/wp-json\/wp\/v2\/types\/page"}],"author":[{"embeddable":true,"href":"https:\/\/wp.ufpel.edu.br\/gpeia\/wp-json\/wp\/v2\/users\/212"}],"replies":[{"embeddable":true,"href":"https:\/\/wp.ufpel.edu.br\/gpeia\/wp-json\/wp\/v2\/comments?post=685"}],"version-history":[{"count":7,"href":"https:\/\/wp.ufpel.edu.br\/gpeia\/wp-json\/wp\/v2\/pages\/685\/revisions"}],"predecessor-version":[{"id":963,"href":"https:\/\/wp.ufpel.edu.br\/gpeia\/wp-json\/wp\/v2\/pages\/685\/revisions\/963"}],"wp:attachment":[{"href":"https:\/\/wp.ufpel.edu.br\/gpeia\/wp-json\/wp\/v2\/media?parent=685"}],"curies":[{"name":"wp","href":"https:\/\/api.w.org\/{rel}","templated":true}]}}