{"id":40,"date":"2013-01-07T15:13:45","date_gmt":"2013-01-07T17:13:45","guid":{"rendered":"https:\/\/wp.ufpel.edu.br\/gpeia\/?page_id=40"},"modified":"2025-10-29T13:54:51","modified_gmt":"2025-10-29T16:54:51","slug":"fotos","status":"publish","type":"page","link":"https:\/\/wp.ufpel.edu.br\/gpeia\/fotos\/","title":{"rendered":"Eventos \/ Fotos"},"content":{"rendered":"<p style=\"text-align: justify;\">O PPGDTSA participou nos dias 23 de outubro de 2025, do dia de campo da EMBRAPA Pecu\u00e1ria Sul, em Bag\u00e9 RS. A equipe composta pelo prof. Marcelo Dias e o TAE Ladislau Silveira, participou das esta\u00e7\u00f5es pela manh\u00e3 e \u00e0 tarde, de uma reuni\u00e3o entre os pesquisadores da EMBRAPA\u00a0 e um grupo da Pecu\u00e1ria Familiar, sobre a preserva\u00e7\u00e3o dos campos nativos.<\/p>\n<p><img loading=\"lazy\" decoding=\"async\" class=\"alignnone size-full wp-image-1372\" src=\"https:\/\/wp.ufpel.edu.br\/gpeia\/files\/2025\/10\/WhatsApp-Image-2025-10-28-at-08.16.15-1.jpeg\" alt=\"\" width=\"1204\" height=\"1600\" srcset=\"https:\/\/wp.ufpel.edu.br\/gpeia\/files\/2025\/10\/WhatsApp-Image-2025-10-28-at-08.16.15-1.jpeg 1204w, https:\/\/wp.ufpel.edu.br\/gpeia\/files\/2025\/10\/WhatsApp-Image-2025-10-28-at-08.16.15-1-301x400.jpeg 301w, https:\/\/wp.ufpel.edu.br\/gpeia\/files\/2025\/10\/WhatsApp-Image-2025-10-28-at-08.16.15-1-771x1024.jpeg 771w, https:\/\/wp.ufpel.edu.br\/gpeia\/files\/2025\/10\/WhatsApp-Image-2025-10-28-at-08.16.15-1-768x1021.jpeg 768w, https:\/\/wp.ufpel.edu.br\/gpeia\/files\/2025\/10\/WhatsApp-Image-2025-10-28-at-08.16.15-1-1156x1536.jpeg 1156w\" sizes=\"auto, (max-width: 1204px) 100vw, 1204px\" \/> <img loading=\"lazy\" decoding=\"async\" class=\"alignnone size-full wp-image-1373\" src=\"https:\/\/wp.ufpel.edu.br\/gpeia\/files\/2025\/10\/WhatsApp-Image-2025-10-28-at-08.16.19.jpeg\" alt=\"\" width=\"1600\" height=\"1200\" srcset=\"https:\/\/wp.ufpel.edu.br\/gpeia\/files\/2025\/10\/WhatsApp-Image-2025-10-28-at-08.16.19.jpeg 1600w, https:\/\/wp.ufpel.edu.br\/gpeia\/files\/2025\/10\/WhatsApp-Image-2025-10-28-at-08.16.19-400x300.jpeg 400w, https:\/\/wp.ufpel.edu.br\/gpeia\/files\/2025\/10\/WhatsApp-Image-2025-10-28-at-08.16.19-1024x768.jpeg 1024w, https:\/\/wp.ufpel.edu.br\/gpeia\/files\/2025\/10\/WhatsApp-Image-2025-10-28-at-08.16.19-768x576.jpeg 768w, https:\/\/wp.ufpel.edu.br\/gpeia\/files\/2025\/10\/WhatsApp-Image-2025-10-28-at-08.16.19-1536x1152.jpeg 1536w\" sizes=\"auto, (max-width: 1600px) 100vw, 1600px\" \/> <img loading=\"lazy\" decoding=\"async\" class=\"alignnone size-full wp-image-1374\" src=\"https:\/\/wp.ufpel.edu.br\/gpeia\/files\/2025\/10\/WhatsApp-Image-2025-10-28-at-08.16.19-2.jpeg\" alt=\"\" width=\"1600\" height=\"1204\" srcset=\"https:\/\/wp.ufpel.edu.br\/gpeia\/files\/2025\/10\/WhatsApp-Image-2025-10-28-at-08.16.19-2.jpeg 1600w, https:\/\/wp.ufpel.edu.br\/gpeia\/files\/2025\/10\/WhatsApp-Image-2025-10-28-at-08.16.19-2-400x301.jpeg 400w, https:\/\/wp.ufpel.edu.br\/gpeia\/files\/2025\/10\/WhatsApp-Image-2025-10-28-at-08.16.19-2-1024x771.jpeg 1024w, https:\/\/wp.ufpel.edu.br\/gpeia\/files\/2025\/10\/WhatsApp-Image-2025-10-28-at-08.16.19-2-768x578.jpeg 768w, https:\/\/wp.ufpel.edu.br\/gpeia\/files\/2025\/10\/WhatsApp-Image-2025-10-28-at-08.16.19-2-1536x1156.jpeg 1536w\" sizes=\"auto, (max-width: 1600px) 100vw, 1600px\" \/><\/p>\n<p style=\"text-align: justify;\">Ainda no dia 23, \u00e0 noite,\u00a0 o PPGDTSA participou de uma reuni\u00e3o com a Comiss\u00e3o Estadual da Pecu\u00e1ria Familiar, onde foram feitos relatos dos territ\u00f3rios e uma avalia\u00e7\u00e3o sobre a evolu\u00e7\u00e3o do projeto da Pecu\u00e0ria Familiar nesses territ\u00f3rios.<\/p>\n<p>&nbsp;<\/p>\n<p>&nbsp;<\/p>\n<p style=\"text-align: justify;\">Aconteceu no dia 31 de janeiro de 2025, em Pinheiro Machado-RS\u00a0 a reuni\u00e3o sobre a Agenda da Agricultura, realizada pela associa\u00e7\u00e3o Azonasul. O PPGDTSA-PREC-UFPel (Prof. Felipe Hermann e Ladislau Silveira) participou tamb\u00e9m participou da reuni\u00e3o e apresentou um panorama sobre comercializa\u00e7\u00e3o institucional (PAA , PNAE)\u00a0 e o cen\u00e1rio sobre as Agroind\u00fastricas Familiares credenciadas no PEAF (Programa Estadual da Agroind\u00fastria Familiar).<\/p>\n<p><img loading=\"lazy\" decoding=\"async\" class=\"alignnone size-full wp-image-1100\" src=\"https:\/\/wp.ufpel.edu.br\/gpeia\/files\/2025\/02\/convite.jpeg\" alt=\"\" width=\"1080\" height=\"1080\" srcset=\"https:\/\/wp.ufpel.edu.br\/gpeia\/files\/2025\/02\/convite.jpeg 1080w, https:\/\/wp.ufpel.edu.br\/gpeia\/files\/2025\/02\/convite-400x400.jpeg 400w, https:\/\/wp.ufpel.edu.br\/gpeia\/files\/2025\/02\/convite-1024x1024.jpeg 1024w, https:\/\/wp.ufpel.edu.br\/gpeia\/files\/2025\/02\/convite-200x200.jpeg 200w, https:\/\/wp.ufpel.edu.br\/gpeia\/files\/2025\/02\/convite-768x768.jpeg 768w\" sizes=\"auto, (max-width: 1080px) 100vw, 1080px\" \/><\/p>\n<p>&nbsp;<\/p>\n<p style=\"text-align: justify;\">Segundo Workshop sobre governan\u00e7a reflexiva em Lavras do Sul-RS, sobre o projeto Pecu\u00e1ria Familiar, puxado pela FETAG, Embrapa Pecu\u00e1ria Sul e outras entidades. O objetivo da oficina foi auxiliar e dar suporte metodol\u00f3gico aos atores para a constru\u00e7\u00e3o de caminhos para impulsionar o desenvolvimento da Pecu\u00e1ria Familiar na Fronteira Sul.<\/p>\n<p><img loading=\"lazy\" decoding=\"async\" class=\"alignnone size-full wp-image-1075\" src=\"https:\/\/wp.ufpel.edu.br\/gpeia\/files\/2024\/11\/WhatsApp-Image-2024-10-30-at-13.49.59-fetag.jpeg\" alt=\"\" width=\"1280\" height=\"960\" srcset=\"https:\/\/wp.ufpel.edu.br\/gpeia\/files\/2024\/11\/WhatsApp-Image-2024-10-30-at-13.49.59-fetag.jpeg 1280w, https:\/\/wp.ufpel.edu.br\/gpeia\/files\/2024\/11\/WhatsApp-Image-2024-10-30-at-13.49.59-fetag-400x300.jpeg 400w, https:\/\/wp.ufpel.edu.br\/gpeia\/files\/2024\/11\/WhatsApp-Image-2024-10-30-at-13.49.59-fetag-1024x768.jpeg 1024w, https:\/\/wp.ufpel.edu.br\/gpeia\/files\/2024\/11\/WhatsApp-Image-2024-10-30-at-13.49.59-fetag-768x576.jpeg 768w\" sizes=\"auto, (max-width: 1280px) 100vw, 1280px\" \/> <img loading=\"lazy\" decoding=\"async\" class=\"alignnone size-full wp-image-1076\" src=\"https:\/\/wp.ufpel.edu.br\/gpeia\/files\/2024\/11\/WhatsApp-Image-2024-10-30-at-22.15.42.jpeg\" alt=\"\" width=\"1280\" height=\"960\" srcset=\"https:\/\/wp.ufpel.edu.br\/gpeia\/files\/2024\/11\/WhatsApp-Image-2024-10-30-at-22.15.42.jpeg 1280w, https:\/\/wp.ufpel.edu.br\/gpeia\/files\/2024\/11\/WhatsApp-Image-2024-10-30-at-22.15.42-400x300.jpeg 400w, https:\/\/wp.ufpel.edu.br\/gpeia\/files\/2024\/11\/WhatsApp-Image-2024-10-30-at-22.15.42-1024x768.jpeg 1024w, https:\/\/wp.ufpel.edu.br\/gpeia\/files\/2024\/11\/WhatsApp-Image-2024-10-30-at-22.15.42-768x576.jpeg 768w\" sizes=\"auto, (max-width: 1280px) 100vw, 1280px\" \/> <img loading=\"lazy\" decoding=\"async\" class=\"alignnone size-full wp-image-1077\" src=\"https:\/\/wp.ufpel.edu.br\/gpeia\/files\/2024\/11\/WhatsApp-Image-2024-10-31-at-10.03.49-Fetag.jpeg\" alt=\"\" width=\"1200\" height=\"1600\" srcset=\"https:\/\/wp.ufpel.edu.br\/gpeia\/files\/2024\/11\/WhatsApp-Image-2024-10-31-at-10.03.49-Fetag.jpeg 1200w, https:\/\/wp.ufpel.edu.br\/gpeia\/files\/2024\/11\/WhatsApp-Image-2024-10-31-at-10.03.49-Fetag-300x400.jpeg 300w, https:\/\/wp.ufpel.edu.br\/gpeia\/files\/2024\/11\/WhatsApp-Image-2024-10-31-at-10.03.49-Fetag-768x1024.jpeg 768w, https:\/\/wp.ufpel.edu.br\/gpeia\/files\/2024\/11\/WhatsApp-Image-2024-10-31-at-10.03.49-Fetag-1152x1536.jpeg 1152w\" sizes=\"auto, (max-width: 1200px) 100vw, 1200px\" \/><\/p>\n<p>A Escola de Inova\u00e7\u00e3o Transformadora- PPGDTSA-UFPEL realizou um workshop sobre Governan\u00e7a Reflexiva, na Embrapa Clima Temperado no dia 29 de Outubro de 2024.\u00a0 O evento contou com representantes de diversas organiz\u00e7\u00f5es que comp\u00f5em a Rota dos Butiazais. Nesta oficina foram discutidos temas importantes e definidas a\u00e7\u00f5es para uma perspectiva de futuro, referente ao projeto.<\/p>\n<p><img loading=\"lazy\" decoding=\"async\" class=\"alignnone size-full wp-image-1071\" src=\"https:\/\/wp.ufpel.edu.br\/gpeia\/files\/2024\/11\/WhatsApp-Image-2024-10-21-at-14.49.37.jpeg\" sizes=\"auto, (max-width: 1600px) 100vw, 1600px\" srcset=\"https:\/\/wp.ufpel.edu.br\/gpeia\/files\/2024\/11\/WhatsApp-Image-2024-10-21-at-14.49.37.jpeg 1600w, https:\/\/wp.ufpel.edu.br\/gpeia\/files\/2024\/11\/WhatsApp-Image-2024-10-21-at-14.49.37-400x400.jpeg 400w, https:\/\/wp.ufpel.edu.br\/gpeia\/files\/2024\/11\/WhatsApp-Image-2024-10-21-at-14.49.37-1024x1024.jpeg 1024w, https:\/\/wp.ufpel.edu.br\/gpeia\/files\/2024\/11\/WhatsApp-Image-2024-10-21-at-14.49.37-200x200.jpeg 200w, https:\/\/wp.ufpel.edu.br\/gpeia\/files\/2024\/11\/WhatsApp-Image-2024-10-21-at-14.49.37-768x768.jpeg 768w, https:\/\/wp.ufpel.edu.br\/gpeia\/files\/2024\/11\/WhatsApp-Image-2024-10-21-at-14.49.37-1536x1536.jpeg 1536w\" alt=\"\" width=\"1600\" height=\"1600\" \/>\u00a0<img loading=\"lazy\" decoding=\"async\" class=\"alignnone size-full wp-image-1067\" src=\"https:\/\/wp.ufpel.edu.br\/gpeia\/files\/2024\/11\/WhatsApp-Image-2024-10-31-at-11.21.19-1.jpeg\" sizes=\"auto, (max-width: 1600px) 100vw, 1600px\" srcset=\"https:\/\/wp.ufpel.edu.br\/gpeia\/files\/2024\/11\/WhatsApp-Image-2024-10-31-at-11.21.19-1.jpeg 1600w, https:\/\/wp.ufpel.edu.br\/gpeia\/files\/2024\/11\/WhatsApp-Image-2024-10-31-at-11.21.19-1-400x300.jpeg 400w, https:\/\/wp.ufpel.edu.br\/gpeia\/files\/2024\/11\/WhatsApp-Image-2024-10-31-at-11.21.19-1-1024x768.jpeg 1024w, https:\/\/wp.ufpel.edu.br\/gpeia\/files\/2024\/11\/WhatsApp-Image-2024-10-31-at-11.21.19-1-768x576.jpeg 768w, https:\/\/wp.ufpel.edu.br\/gpeia\/files\/2024\/11\/WhatsApp-Image-2024-10-31-at-11.21.19-1-1536x1152.jpeg 1536w\" alt=\"\" width=\"1600\" height=\"1200\" \/>\u00a0<img loading=\"lazy\" decoding=\"async\" class=\"alignnone size-full wp-image-1066\" src=\"https:\/\/wp.ufpel.edu.br\/gpeia\/files\/2024\/11\/WhatsApp-Image-2024-10-31-at-10.03.52-1.jpeg\" sizes=\"auto, (max-width: 1200px) 100vw, 1200px\" srcset=\"https:\/\/wp.ufpel.edu.br\/gpeia\/files\/2024\/11\/WhatsApp-Image-2024-10-31-at-10.03.52-1.jpeg 1200w, https:\/\/wp.ufpel.edu.br\/gpeia\/files\/2024\/11\/WhatsApp-Image-2024-10-31-at-10.03.52-1-300x400.jpeg 300w, https:\/\/wp.ufpel.edu.br\/gpeia\/files\/2024\/11\/WhatsApp-Image-2024-10-31-at-10.03.52-1-768x1024.jpeg 768w, https:\/\/wp.ufpel.edu.br\/gpeia\/files\/2024\/11\/WhatsApp-Image-2024-10-31-at-10.03.52-1-1152x1536.jpeg 1152w\" alt=\"\" width=\"1200\" height=\"1600\" \/><\/p>\n<p>&nbsp;<\/p>\n<div id='gallery-1' class='gallery galleryid-40 gallery-columns-1 gallery-size-full'><dl class='gallery-item'>\n\t\t\t<dt class='gallery-icon landscape'>\n\t\t\t\t<a href='https:\/\/wp.ufpel.edu.br\/gpeia\/files\/2017\/10\/1568aa8a-2593-49c1-9a65-32aae61d7431.jpg'><img loading=\"lazy\" decoding=\"async\" width=\"1280\" height=\"720\" src=\"https:\/\/wp.ufpel.edu.br\/gpeia\/files\/2017\/10\/1568aa8a-2593-49c1-9a65-32aae61d7431.jpg\" class=\"attachment-full size-full\" alt=\"\" aria-describedby=\"gallery-1-866\" srcset=\"https:\/\/wp.ufpel.edu.br\/gpeia\/files\/2017\/10\/1568aa8a-2593-49c1-9a65-32aae61d7431.jpg 1280w, https:\/\/wp.ufpel.edu.br\/gpeia\/files\/2017\/10\/1568aa8a-2593-49c1-9a65-32aae61d7431-400x225.jpg 400w, https:\/\/wp.ufpel.edu.br\/gpeia\/files\/2017\/10\/1568aa8a-2593-49c1-9a65-32aae61d7431-768x432.jpg 768w, https:\/\/wp.ufpel.edu.br\/gpeia\/files\/2017\/10\/1568aa8a-2593-49c1-9a65-32aae61d7431-1024x576.jpg 1024w\" sizes=\"auto, (max-width: 1280px) 100vw, 1280px\" \/><\/a>\n\t\t\t<\/dt>\n\t\t\t\t<dd class='wp-caption-text gallery-caption' id='gallery-1-866'>\n\t\t\t\tPalestra Organiza\u00e7\u00e3o da Cadeia da Carne Bovina e Estrat\u00e9gias Inovadoras de Comercializa\u00e7\u00e3o (26\/10\/2017)\n\n\t\t\t\t<\/dd><\/dl><br style=\"clear: both\" \/><dl class='gallery-item'>\n\t\t\t<dt class='gallery-icon landscape'>\n\t\t\t\t<a href='https:\/\/wp.ufpel.edu.br\/gpeia\/files\/2017\/10\/266e419f-3c3e-478f-be99-09772706ec8e.jpg'><img loading=\"lazy\" decoding=\"async\" width=\"1280\" height=\"720\" src=\"https:\/\/wp.ufpel.edu.br\/gpeia\/files\/2017\/10\/266e419f-3c3e-478f-be99-09772706ec8e.jpg\" class=\"attachment-full size-full\" alt=\"\" aria-describedby=\"gallery-1-865\" srcset=\"https:\/\/wp.ufpel.edu.br\/gpeia\/files\/2017\/10\/266e419f-3c3e-478f-be99-09772706ec8e.jpg 1280w, https:\/\/wp.ufpel.edu.br\/gpeia\/files\/2017\/10\/266e419f-3c3e-478f-be99-09772706ec8e-400x225.jpg 400w, https:\/\/wp.ufpel.edu.br\/gpeia\/files\/2017\/10\/266e419f-3c3e-478f-be99-09772706ec8e-768x432.jpg 768w, https:\/\/wp.ufpel.edu.br\/gpeia\/files\/2017\/10\/266e419f-3c3e-478f-be99-09772706ec8e-1024x576.jpg 1024w\" sizes=\"auto, (max-width: 1280px) 100vw, 1280px\" \/><\/a>\n\t\t\t<\/dt>\n\t\t\t\t<dd class='wp-caption-text gallery-caption' id='gallery-1-865'>\n\t\t\t\tPalestra Organiza\u00e7\u00e3o da Cadeia da Carne Bovina e Estrat\u00e9gias Inovadoras de Comercializa\u00e7\u00e3o (26\/10\/2017)\n\t\t\t\t<\/dd><\/dl><br style=\"clear: both\" \/><dl class='gallery-item'>\n\t\t\t<dt class='gallery-icon landscape'>\n\t\t\t\t<a href='https:\/\/wp.ufpel.edu.br\/gpeia\/files\/2015\/10\/12071855_508914669258159_1198419866_n.jpg'><img loading=\"lazy\" decoding=\"async\" width=\"727\" height=\"405\" src=\"https:\/\/wp.ufpel.edu.br\/gpeia\/files\/2015\/10\/12071855_508914669258159_1198419866_n.jpg\" class=\"attachment-full size-full\" alt=\"\" aria-describedby=\"gallery-1-545\" srcset=\"https:\/\/wp.ufpel.edu.br\/gpeia\/files\/2015\/10\/12071855_508914669258159_1198419866_n.jpg 727w, https:\/\/wp.ufpel.edu.br\/gpeia\/files\/2015\/10\/12071855_508914669258159_1198419866_n-300x167.jpg 300w\" sizes=\"auto, (max-width: 727px) 100vw, 727px\" \/><\/a>\n\t\t\t<\/dt>\n\t\t\t\t<dd class='wp-caption-text gallery-caption' id='gallery-1-545'>\n\t\t\t\tApresenta\u00e7\u00e3o &#8211; Camila Soares Cardoso &#8211; XXIV CIC &#8211; UFPel\n\t\t\t\t<\/dd><\/dl><br style=\"clear: both\" \/><dl class='gallery-item'>\n\t\t\t<dt class='gallery-icon landscape'>\n\t\t\t\t<a href='https:\/\/wp.ufpel.edu.br\/gpeia\/files\/2015\/09\/aaaaaa.jpg'><img loading=\"lazy\" decoding=\"async\" width=\"816\" height=\"459\" src=\"https:\/\/wp.ufpel.edu.br\/gpeia\/files\/2015\/09\/aaaaaa.jpg\" class=\"attachment-full size-full\" alt=\"\" aria-describedby=\"gallery-1-482\" srcset=\"https:\/\/wp.ufpel.edu.br\/gpeia\/files\/2015\/09\/aaaaaa.jpg 816w, https:\/\/wp.ufpel.edu.br\/gpeia\/files\/2015\/09\/aaaaaa-300x169.jpg 300w\" sizes=\"auto, (max-width: 816px) 100vw, 816px\" \/><\/a>\n\t\t\t<\/dt>\n\t\t\t\t<dd class='wp-caption-text gallery-caption' id='gallery-1-482'>\n\t\t\t\tVisita ao Complexo da Embrapa &#8211; Pecu\u00e1ria-Sul (Bag\u00e9, 2015) &#8211; Da Esquerda para a direita: Marcelo Dias, Mauricia Nori, Liliana Scoponi, Ver\u00f3nica Pi\u00f1eiro, Willian Sodr\u00e9 e Camila Cardoso\n\t\t\t\t<\/dd><\/dl><br style=\"clear: both\" \/><dl class='gallery-item'>\n\t\t\t<dt class='gallery-icon landscape'>\n\t\t\t\t<a href='https:\/\/wp.ufpel.edu.br\/gpeia\/files\/2013\/01\/11351343_462374407245519_764965302899259105_n.jpg'><img loading=\"lazy\" decoding=\"async\" width=\"960\" height=\"576\" src=\"https:\/\/wp.ufpel.edu.br\/gpeia\/files\/2013\/01\/11351343_462374407245519_764965302899259105_n.jpg\" class=\"attachment-full size-full\" alt=\"\" aria-describedby=\"gallery-1-529\" srcset=\"https:\/\/wp.ufpel.edu.br\/gpeia\/files\/2013\/01\/11351343_462374407245519_764965302899259105_n.jpg 960w, https:\/\/wp.ufpel.edu.br\/gpeia\/files\/2013\/01\/11351343_462374407245519_764965302899259105_n-300x180.jpg 300w\" sizes=\"auto, (max-width: 960px) 100vw, 960px\" \/><\/a>\n\t\t\t<\/dt>\n\t\t\t\t<dd class='wp-caption-text gallery-caption' id='gallery-1-529'>\n\t\t\t\ttema da palestra: Demandas a Cadeia da Carne Bovina do Corede Sul\n\t\t\t\t<\/dd><\/dl><br style=\"clear: both\" \/><dl class='gallery-item'>\n\t\t\t<dt class='gallery-icon landscape'>\n\t\t\t\t<a href='https:\/\/wp.ufpel.edu.br\/gpeia\/files\/2013\/01\/10687041_893603690684424_8321857030001181205_n.jpg'><img loading=\"lazy\" decoding=\"async\" width=\"960\" height=\"720\" src=\"https:\/\/wp.ufpel.edu.br\/gpeia\/files\/2013\/01\/10687041_893603690684424_8321857030001181205_n.jpg\" class=\"attachment-full size-full\" alt=\"\" aria-describedby=\"gallery-1-457\" srcset=\"https:\/\/wp.ufpel.edu.br\/gpeia\/files\/2013\/01\/10687041_893603690684424_8321857030001181205_n.jpg 960w, https:\/\/wp.ufpel.edu.br\/gpeia\/files\/2013\/01\/10687041_893603690684424_8321857030001181205_n-300x225.jpg 300w\" sizes=\"auto, (max-width: 960px) 100vw, 960px\" \/><\/a>\n\t\t\t<\/dt>\n\t\t\t\t<dd class='wp-caption-text gallery-caption' id='gallery-1-457'>\n\t\t\t\tVisita T\u00e9cnica &#8211; Danby &#8211; Cosulati (29\/11\/2014)\n\t\t\t\t<\/dd><\/dl><br style=\"clear: both\" \/><dl class='gallery-item'>\n\t\t\t<dt class='gallery-icon landscape'>\n\t\t\t\t<a href='https:\/\/wp.ufpel.edu.br\/gpeia\/files\/2013\/01\/2014-11-12-17.39.00.jpg'><img loading=\"lazy\" decoding=\"async\" width=\"1812\" height=\"956\" src=\"https:\/\/wp.ufpel.edu.br\/gpeia\/files\/2013\/01\/2014-11-12-17.39.00.jpg\" class=\"attachment-full size-full\" alt=\"\" aria-describedby=\"gallery-1-460\" srcset=\"https:\/\/wp.ufpel.edu.br\/gpeia\/files\/2013\/01\/2014-11-12-17.39.00.jpg 1812w, https:\/\/wp.ufpel.edu.br\/gpeia\/files\/2013\/01\/2014-11-12-17.39.00-300x158.jpg 300w, https:\/\/wp.ufpel.edu.br\/gpeia\/files\/2013\/01\/2014-11-12-17.39.00-1024x540.jpg 1024w\" sizes=\"auto, (max-width: 1812px) 100vw, 1812px\" \/><\/a>\n\t\t\t<\/dt>\n\t\t\t\t<dd class='wp-caption-text gallery-caption' id='gallery-1-460'>\n\t\t\t\tBruno Ribas &#8211; 2\u00ba Simp\u00f3sio da Ci\u00eancia do Agroneg\u00f3cio (UFRGS &#8211; 2014)\n\t\t\t\t<\/dd><\/dl><br style=\"clear: both\" \/><dl class='gallery-item'>\n\t\t\t<dt class='gallery-icon landscape'>\n\t\t\t\t<a href='https:\/\/wp.ufpel.edu.br\/gpeia\/files\/2013\/01\/SAM_3045.jpg'><img loading=\"lazy\" decoding=\"async\" width=\"4000\" height=\"3000\" src=\"https:\/\/wp.ufpel.edu.br\/gpeia\/files\/2013\/01\/SAM_3045.jpg\" class=\"attachment-full size-full\" alt=\"\" aria-describedby=\"gallery-1-69\" srcset=\"https:\/\/wp.ufpel.edu.br\/gpeia\/files\/2013\/01\/SAM_3045.jpg 4000w, https:\/\/wp.ufpel.edu.br\/gpeia\/files\/2013\/01\/SAM_3045-300x225.jpg 300w, https:\/\/wp.ufpel.edu.br\/gpeia\/files\/2013\/01\/SAM_3045-1024x768.jpg 1024w\" sizes=\"auto, (max-width: 4000px) 100vw, 4000px\" \/><\/a>\n\t\t\t<\/dt>\n\t\t\t\t<dd class='wp-caption-text gallery-caption' id='gallery-1-69'>\n\t\t\t\tGraziela Mota &#8211; apresenta\u00e7\u00e3o do artigo &#8211; Ecoinovar 2012\n\t\t\t\t<\/dd><\/dl><br style=\"clear: both\" \/><dl class='gallery-item'>\n\t\t\t<dt class='gallery-icon landscape'>\n\t\t\t\t<a href='https:\/\/wp.ufpel.edu.br\/gpeia\/files\/2013\/01\/SAM_3069.jpg'><img loading=\"lazy\" decoding=\"async\" width=\"4000\" height=\"3000\" src=\"https:\/\/wp.ufpel.edu.br\/gpeia\/files\/2013\/01\/SAM_3069.jpg\" class=\"attachment-full size-full\" alt=\"\" aria-describedby=\"gallery-1-70\" srcset=\"https:\/\/wp.ufpel.edu.br\/gpeia\/files\/2013\/01\/SAM_3069.jpg 4000w, https:\/\/wp.ufpel.edu.br\/gpeia\/files\/2013\/01\/SAM_3069-300x225.jpg 300w, https:\/\/wp.ufpel.edu.br\/gpeia\/files\/2013\/01\/SAM_3069-1024x768.jpg 1024w\" sizes=\"auto, (max-width: 4000px) 100vw, 4000px\" \/><\/a>\n\t\t\t<\/dt>\n\t\t\t\t<dd class='wp-caption-text gallery-caption' id='gallery-1-70'>\n\t\t\t\tVanessa Monks (GP) \n\t\t\t\t<\/dd><\/dl><br style=\"clear: both\" \/><dl class='gallery-item'>\n\t\t\t<dt class='gallery-icon portrait'>\n\t\t\t\t<a href='https:\/\/wp.ufpel.edu.br\/gpeia\/files\/2013\/01\/SAM_306508202012_1740.jpg'><img loading=\"lazy\" decoding=\"async\" width=\"2941\" height=\"2995\" src=\"https:\/\/wp.ufpel.edu.br\/gpeia\/files\/2013\/01\/SAM_306508202012_1740.jpg\" class=\"attachment-full size-full\" alt=\"\" aria-describedby=\"gallery-1-71\" srcset=\"https:\/\/wp.ufpel.edu.br\/gpeia\/files\/2013\/01\/SAM_306508202012_1740.jpg 2941w, https:\/\/wp.ufpel.edu.br\/gpeia\/files\/2013\/01\/SAM_306508202012_1740-294x300.jpg 294w, https:\/\/wp.ufpel.edu.br\/gpeia\/files\/2013\/01\/SAM_306508202012_1740-1005x1024.jpg 1005w\" sizes=\"auto, (max-width: 2941px) 100vw, 2941px\" \/><\/a>\n\t\t\t<\/dt>\n\t\t\t\t<dd class='wp-caption-text gallery-caption' id='gallery-1-71'>\n\t\t\t\tProf. Marcelo Dias, Graziela Mota (ADM), Vanessa Monks (Gest\u00e3o P\u00fablica) &#8211; Ecoinovar &#8211; 2012 -UFSM\n\t\t\t\t<\/dd><\/dl><br style=\"clear: both\" \/><dl class='gallery-item'>\n\t\t\t<dt class='gallery-icon portrait'>\n\t\t\t\t<a href='https:\/\/wp.ufpel.edu.br\/gpeia\/files\/2013\/01\/SAM_306708202012_1745.jpg'><img loading=\"lazy\" decoding=\"async\" width=\"2369\" height=\"3391\" src=\"https:\/\/wp.ufpel.edu.br\/gpeia\/files\/2013\/01\/SAM_306708202012_1745.jpg\" class=\"attachment-full size-full\" alt=\"\" aria-describedby=\"gallery-1-72\" srcset=\"https:\/\/wp.ufpel.edu.br\/gpeia\/files\/2013\/01\/SAM_306708202012_1745.jpg 2369w, https:\/\/wp.ufpel.edu.br\/gpeia\/files\/2013\/01\/SAM_306708202012_1745-209x300.jpg 209w, https:\/\/wp.ufpel.edu.br\/gpeia\/files\/2013\/01\/SAM_306708202012_1745-715x1024.jpg 715w\" sizes=\"auto, (max-width: 2369px) 100vw, 2369px\" \/><\/a>\n\t\t\t<\/dt>\n\t\t\t\t<dd class='wp-caption-text gallery-caption' id='gallery-1-72'>\n\t\t\t\tGraziela Motta &#8211; ADM 2012\n\t\t\t\t<\/dd><\/dl><br style=\"clear: both\" \/><dl class='gallery-item'>\n\t\t\t<dt class='gallery-icon landscape'>\n\t\t\t\t<a href='https:\/\/wp.ufpel.edu.br\/gpeia\/files\/2013\/01\/SAM_3036.jpg'><img loading=\"lazy\" decoding=\"async\" width=\"4000\" height=\"3000\" src=\"https:\/\/wp.ufpel.edu.br\/gpeia\/files\/2013\/01\/SAM_3036.jpg\" class=\"attachment-full size-full\" alt=\"\" aria-describedby=\"gallery-1-68\" srcset=\"https:\/\/wp.ufpel.edu.br\/gpeia\/files\/2013\/01\/SAM_3036.jpg 4000w, https:\/\/wp.ufpel.edu.br\/gpeia\/files\/2013\/01\/SAM_3036-300x225.jpg 300w, https:\/\/wp.ufpel.edu.br\/gpeia\/files\/2013\/01\/SAM_3036-1024x768.jpg 1024w\" sizes=\"auto, (max-width: 4000px) 100vw, 4000px\" \/><\/a>\n\t\t\t<\/dt>\n\t\t\t\t<dd class='wp-caption-text gallery-caption' id='gallery-1-68'>\n\t\t\t\tVanessa Monks &#8211; apresenta\u00e7\u00e3o artigo selecionado para publica\u00e7\u00e3o Revista de Administra\u00e7\u00e3o &#8211; UFSM\n\t\t\t\t<\/dd><\/dl><br style=\"clear: both\" \/>\n\t\t<\/div>\n\n","protected":false},"excerpt":{"rendered":"<p>O PPGDTSA participou nos dias 23 de outubro de 2025, do dia de campo da EMBRAPA Pecu\u00e1ria Sul, em Bag\u00e9 RS. A equipe composta pelo prof. Marcelo Dias e o TAE Ladislau Silveira, participou das esta\u00e7\u00f5es pela manh\u00e3 e \u00e0 &hellip; <a href=\"https:\/\/wp.ufpel.edu.br\/gpeia\/fotos\/\">Continue lendo <span class=\"meta-nav\">&rarr;<\/span><\/a><\/p>\n","protected":false},"author":212,"featured_media":0,"parent":0,"menu_order":0,"comment_status":"closed","ping_status":"closed","template":"","meta":{"footnotes":""},"class_list":["post-40","page","type-page","status-publish","hentry"],"_links":{"self":[{"href":"https:\/\/wp.ufpel.edu.br\/gpeia\/wp-json\/wp\/v2\/pages\/40","targetHints":{"allow":["GET"]}}],"collection":[{"href":"https:\/\/wp.ufpel.edu.br\/gpeia\/wp-json\/wp\/v2\/pages"}],"about":[{"href":"https:\/\/wp.ufpel.edu.br\/gpeia\/wp-json\/wp\/v2\/types\/page"}],"author":[{"embeddable":true,"href":"https:\/\/wp.ufpel.edu.br\/gpeia\/wp-json\/wp\/v2\/users\/212"}],"replies":[{"embeddable":true,"href":"https:\/\/wp.ufpel.edu.br\/gpeia\/wp-json\/wp\/v2\/comments?post=40"}],"version-history":[{"count":3,"href":"https:\/\/wp.ufpel.edu.br\/gpeia\/wp-json\/wp\/v2\/pages\/40\/revisions"}],"predecessor-version":[{"id":1375,"href":"https:\/\/wp.ufpel.edu.br\/gpeia\/wp-json\/wp\/v2\/pages\/40\/revisions\/1375"}],"wp:attachment":[{"href":"https:\/\/wp.ufpel.edu.br\/gpeia\/wp-json\/wp\/v2\/media?parent=40"}],"curies":[{"name":"wp","href":"https:\/\/api.w.org\/{rel}","templated":true}]}}