{"id":270,"date":"2014-05-26T23:23:16","date_gmt":"2014-05-27T02:23:16","guid":{"rendered":"https:\/\/wp.ufpel.edu.br\/gpeia\/?page_id=270"},"modified":"2014-06-20T01:35:02","modified_gmt":"2014-06-20T04:35:02","slug":"noticias","status":"publish","type":"page","link":"https:\/\/wp.ufpel.edu.br\/gpeia\/noticias\/","title":{"rendered":"Not\u00edcias"},"content":{"rendered":"<p><a href=\"http:\/\/www.anpad.org.br\/evento.php?acao=subsecao&amp;cod_edicao_subsecao=1063&amp;cod_evento_edicao=75\"><img loading=\"lazy\" decoding=\"async\" class=\"alignnone size-full wp-image-322\" src=\"https:\/\/wp.ufpel.edu.br\/gpeia\/files\/2014\/06\/index_r2_c1.jpg\" alt=\"index_r2_c1\" width=\"466\" height=\"88\" srcset=\"https:\/\/wp.ufpel.edu.br\/gpeia\/files\/2014\/06\/index_r2_c1.jpg 466w, https:\/\/wp.ufpel.edu.br\/gpeia\/files\/2014\/06\/index_r2_c1-300x56.jpg 300w\" sizes=\"auto, (max-width: 466px) 100vw, 466px\" \/><\/a><\/p>\n<p>Inscri\u00e7\u00f5es abertas para o 52\u00b0 Congresso da Sociedade Brasileira de Economia, Administra\u00e7\u00e3o e Sociologia e Rural (SOBER), ser\u00e1 realizado no campus da Universidade Federal de Goi\u00e1s (UFG), em Goi\u00e2nia.<!--more--><span id=\"more-270\"><\/span><br \/>\nO evento ocorrer\u00e1 no per\u00edodo de 27 a 30 de julho de 2014 e o tema ser\u00e1 <em>\u201cHeterogeneidade e suas implica\u00e7\u00f5es no rural brasileiro\u201d.<br \/>\n<\/em><\/p>\n<p><a href=\"http:\/\/sober.org.br\/congresso2014\/\">http:\/\/sober.org.br\/congresso2014\/<\/a><\/p>\n<p>A Universidade Federal de Pelotas em conformidade com o Regimento Stricto Sensu da Pr\u00f3-Reitoria de Pesquisa e a Coordena\u00e7\u00e3o do Programa de P\u00f3s-Gradua\u00e7\u00e3o em Desenvolvimento Territorial e Sistemas Agroindustriais tornam p\u00fablico, para conhecimento dos interessados, o processo de sele\u00e7\u00e3o dos candidatos do referido Programa:<\/p>\n<p><a href=\"https:\/\/wp.ufpel.edu.br\/ppgdtsa\/\">https:\/\/wp.ufpel.edu.br\/ppgdtsa\/<\/a><\/p>\n<p>Em breve estar\u00e1 aberta as inscri\u00e7\u00f5es para o 3\u00ba F\u00f3rum Internacional Ecoinovar que \u00e9 uma realiza\u00e7\u00e3o do Departamento de Ci\u00eancias Administrativas do Centro de Ci\u00eancias Sociais e Humanas \u2013 CCSH da Universidade Federal de Santa Maria \u2013 UFSM, atrav\u00e9s do Grupo de Pesquisa em Estrat\u00e9gia, Inova\u00e7\u00e3o e Sustentabilidade, Programa de P\u00f3s Gradua\u00e7\u00e3o em Administra\u00e7\u00e3o \u2013 PPGA e Curso de Administra\u00e7\u00e3o, em parceria com o Programa de Gest\u00e3o Socioambiental \u2013 PROGESA vinculado ao Programa de P\u00f3s Gradua\u00e7\u00e3o em Administra\u00e7\u00e3o da Universidade de S\u00e3o Paulo \u2013 USP.<!--more--><br \/>\nO objetivo do ECOINOVAR consiste em promover o interc\u00e2mbio, a divulga\u00e7\u00e3o e o est\u00edmulo \u00e0 produ\u00e7\u00e3o de conhecimento, propostas e solu\u00e7\u00f5es que contribuam para o desenvolvimento de novas ideias, iniciativas e a constru\u00e7\u00e3o de alian\u00e7as para a inova\u00e7\u00e3o e a sustentabilidade. Neste ano, o evento tem como tem\u00e1tica: \u201c<em>Inova\u00e7\u00e3o sem fronteiras: conectando ideias e solu\u00e7\u00f5es sustent\u00e1veis\u201d<\/em>.<\/p>\n<p><a href=\"http:\/\/ecoinovar.com.br\/\">http:\/\/ecoinovar.com.br\/<\/a><\/p>\n","protected":false},"excerpt":{"rendered":"<p>Inscri\u00e7\u00f5es abertas para o 52\u00b0 Congresso da Sociedade Brasileira de Economia, Administra\u00e7\u00e3o e Sociologia e Rural (SOBER), ser\u00e1 realizado no campus da Universidade Federal de Goi\u00e1s (UFG), em Goi\u00e2nia.<\/p>\n","protected":false},"author":212,"featured_media":0,"parent":0,"menu_order":0,"comment_status":"closed","ping_status":"closed","template":"","meta":{"footnotes":""},"class_list":["post-270","page","type-page","status-publish","hentry"],"_links":{"self":[{"href":"https:\/\/wp.ufpel.edu.br\/gpeia\/wp-json\/wp\/v2\/pages\/270","targetHints":{"allow":["GET"]}}],"collection":[{"href":"https:\/\/wp.ufpel.edu.br\/gpeia\/wp-json\/wp\/v2\/pages"}],"about":[{"href":"https:\/\/wp.ufpel.edu.br\/gpeia\/wp-json\/wp\/v2\/types\/page"}],"author":[{"embeddable":true,"href":"https:\/\/wp.ufpel.edu.br\/gpeia\/wp-json\/wp\/v2\/users\/212"}],"replies":[{"embeddable":true,"href":"https:\/\/wp.ufpel.edu.br\/gpeia\/wp-json\/wp\/v2\/comments?post=270"}],"version-history":[{"count":25,"href":"https:\/\/wp.ufpel.edu.br\/gpeia\/wp-json\/wp\/v2\/pages\/270\/revisions"}],"predecessor-version":[{"id":341,"href":"https:\/\/wp.ufpel.edu.br\/gpeia\/wp-json\/wp\/v2\/pages\/270\/revisions\/341"}],"wp:attachment":[{"href":"https:\/\/wp.ufpel.edu.br\/gpeia\/wp-json\/wp\/v2\/media?parent=270"}],"curies":[{"name":"wp","href":"https:\/\/api.w.org\/{rel}","templated":true}]}}