{"id":221,"date":"2013-05-23T23:53:34","date_gmt":"2013-05-24T02:53:34","guid":{"rendered":"https:\/\/wp.ufpel.edu.br\/gpeia\/?page_id=221"},"modified":"2022-11-15T12:00:51","modified_gmt":"2022-11-15T15:00:51","slug":"componentes","status":"publish","type":"page","link":"https:\/\/wp.ufpel.edu.br\/gpeia\/componentes\/","title":{"rendered":"Componentes"},"content":{"rendered":"<table style=\"width: 638px;\" border=\"0\">\n<tbody>\n<tr>\n<td style=\"width: 560px;\"><strong>Coordenador<\/strong><\/td>\n<td style=\"width: 78px;\"><strong>\u00a0<\/strong><\/td>\n<\/tr>\n<tr>\n<td style=\"width: 560px;\"><strong><span style=\"text-decoration: underline;\"><a href=\"http:\/\/lattes.cnpq.br\/0737658864135054\">Dr.Marcelo Fernandes Pacheco Dias<\/a><\/span><\/strong><\/td>\n<td style=\"width: 78px;\"><strong><span style=\"text-decoration: underline;\"><img decoding=\"async\" src=\"http:\/\/servicosweb.cnpq.br\/wspessoa\/servletrecuperafoto?tipo=1&amp;id=K4797940E9\" \/><\/span><\/strong><\/td>\n<\/tr>\n<\/tbody>\n<\/table>\n<p>&nbsp;<\/p>\n<table style=\"height: 38px;\" border=\"0\" width=\"640\">\n<tbody>\n<tr style=\"height: 24px;\">\n<td style=\"height: 24px; width: 590px;\"><strong>Professores<\/strong><\/td>\n<\/tr>\n<\/tbody>\n<\/table>\n<p><a href=\"http:\/\/lattes.cnpq.br\/0734321648126694\">Eugenio Avila P<\/a><\/p>\n<p><span style=\"text-decoration: underline;\"><a href=\"http:\/\/lattes.cnpq.br\/4693674427102054\">Dr.Tania Nunes<\/a><\/span><\/p>\n<p><span style=\"text-decoration: underline;\"><a href=\"https:\/\/www.servicios.uns.edu.ar\/intrauns\/consultas\/personal\/curriculum\/documentos\/C7666.pdf\">Dr.Liliana Scoponi<\/a><\/span><\/p>\n<p>&nbsp;<\/p>\n<p><strong>Mestrandos<\/strong><\/p>\n<p><a href=\"http:\/\/lattes.cnpq.br\/7430022728976777\">Laura Goncalves Osorio<\/a><\/p>\n<p><a href=\"http:\/\/lattes.cnpq.br\/8384760021666528\">Ladislau Seus<\/a><\/p>\n<p>Aline Mathies<\/p>\n<p>&nbsp;<\/p>\n<p><strong>Inicia\u00e7\u00e3o Cient\u00edfica<\/strong><\/p>\n<p><a href=\"http:\/\/lattes.cnpq.br\/0172852976438358\">Jonatas Oliveira<\/a><\/p>\n<p><a href=\"http:\/\/lattes.cnpq.br\/4861793253273482\">Let\u00edcia Mendes da Costa<\/a><\/p>\n<p>&nbsp;<\/p>\n<p><strong>Egressos<\/strong><\/p>\n<table style=\"border-collapse: collapse; width: 100%; height: 1086px;\" border=\"1\">\n<tbody>\n<tr style=\"height: 24px;\">\n<td style=\"width: 33.3333%; height: 24px;\"><strong>Estudantes<\/strong><\/td>\n<td style=\"width: 33.3333%; height: 24px;\"><\/td>\n<td style=\"width: 33.3333%; height: 24px;\"><\/td>\n<\/tr>\n<tr style=\"height: 48px;\">\n<td style=\"width: 33.3333%; height: 48px;\"><a href=\"http:\/\/lattes.cnpq.br\/3236079256582497\">Bruno Ribas Silveira<\/a><\/td>\n<td style=\"width: 33.3333%; height: 48px;\"><\/td>\n<td style=\"width: 33.3333%; height: 48px;\">2014 &#8211; 2016<\/td>\n<\/tr>\n<tr style=\"height: 24px;\">\n<td style=\"width: 33.3333%; height: 24px;\"><a href=\"http:\/\/lattes.cnpq.br\/1448449825963047\">Camila Cabrera Gomes<\/a><\/td>\n<td style=\"width: 33.3333%; height: 24px;\"><\/td>\n<td style=\"width: 33.3333%; height: 24px;\">2018 &#8211; 2020<\/td>\n<\/tr>\n<tr style=\"height: 24px;\">\n<td style=\"width: 33.3333%; height: 24px;\"><a href=\"http:\/\/lattes.cnpq.br\/3694418361957026\">Eduardo Leite de Souza<\/a><\/td>\n<td style=\"width: 33.3333%; height: 24px;\"><\/td>\n<td style=\"width: 33.3333%; height: 24px;\">2020 &#8211; 2021<\/td>\n<\/tr>\n<tr style=\"height: 24px;\">\n<td style=\"width: 33.3333%; height: 24px;\"><a href=\"http:\/\/lattes.cnpq.br\/2247371613514790\">Graziela Mota Antunes Almeida<\/a><\/td>\n<td style=\"width: 33.3333%; height: 24px;\"><\/td>\n<td style=\"width: 33.3333%; height: 24px;\">&#8211; 2014<\/td>\n<\/tr>\n<tr style=\"height: 104px;\">\n<td style=\"width: 33.3333%; height: 104px;\"><a href=\"http:\/\/lattes.cnpq.br\/0460297169829827\">Gustavo Neves Goularte<\/a><\/td>\n<td style=\"width: 33.3333%; height: 104px;\"><\/td>\n<td style=\"width: 33.3333%; height: 104px;\">2016- 2020<\/td>\n<\/tr>\n<tr style=\"height: 58px;\">\n<td style=\"width: 33.3333%; height: 58px;\"><a href=\"http:\/\/lattes.cnpq.br\/3100039422934730\">Juliany Braga Souza<\/a><\/td>\n<td style=\"width: 33.3333%; height: 58px;\"><\/td>\n<td style=\"width: 33.3333%; height: 58px;\">2016 &#8211; 2020<\/td>\n<\/tr>\n<tr style=\"height: 104px;\">\n<td style=\"width: 33.3333%; height: 104px;\"><a href=\"http:\/\/lattes.cnpq.br\/2747849124921925\">Luciana Rochedo Spencer dos Santos<\/a><\/td>\n<td style=\"width: 33.3333%; height: 104px;\"><\/td>\n<td style=\"width: 33.3333%; height: 104px;\">2016 &#8211; 2018<\/td>\n<\/tr>\n<tr style=\"height: 58px;\">\n<td style=\"width: 33.3333%; height: 58px;\"><a href=\"http:\/\/lattes.cnpq.br\/6858867729921655\">Tanisa Dias Andrade<\/a><\/td>\n<td style=\"width: 33.3333%; height: 58px;\"><\/td>\n<td style=\"width: 33.3333%; height: 58px;\">2021 &#8211; 2022<\/td>\n<\/tr>\n<tr style=\"height: 58px;\">\n<td style=\"width: 33.3333%; height: 58px;\"><a href=\"http:\/\/lattes.cnpq.br\/7460185433058396\">Telmo Lena Garcez<\/a><\/td>\n<td style=\"width: 33.3333%; height: 58px;\"><\/td>\n<td style=\"width: 33.3333%; height: 58px;\">2020 &#8211; 2021<\/td>\n<\/tr>\n<tr style=\"height: 58px;\">\n<td style=\"width: 33.3333%; height: 58px;\">Tiago Catuci Fritsch<\/td>\n<td style=\"width: 33.3333%; height: 58px;\"><\/td>\n<td style=\"width: 33.3333%; height: 58px;\">2011 &#8211; 2014<\/td>\n<\/tr>\n<tr style=\"height: 104px;\">\n<td style=\"width: 33.3333%; height: 104px;\"><a href=\"http:\/\/lattes.cnpq.br\/9297375321606505\">Tupay Tavares Machado<\/a><\/td>\n<td style=\"width: 33.3333%; height: 104px;\"><\/td>\n<td style=\"width: 33.3333%; height: 104px;\">2011 &#8211; 2014<\/td>\n<\/tr>\n<tr style=\"height: 104px;\">\n<td style=\"width: 33.3333%; height: 104px;\"><a href=\"http:\/\/lattes.cnpq.br\/6602026909567875\">Vanessa Monks da Silveira<\/a><\/td>\n<td style=\"width: 33.3333%; height: 104px;\"><\/td>\n<td style=\"width: 33.3333%; height: 104px;\">2011 &#8211; 2014<\/td>\n<\/tr>\n<tr style=\"height: 58px;\">\n<td style=\"width: 33.3333%; height: 58px;\"><a href=\"http:\/\/lattes.cnpq.br\/1554781506791236\">Willian Sodr\u00e9 Leal<\/a><\/td>\n<td style=\"width: 33.3333%; height: 58px;\"><\/td>\n<td style=\"width: 33.3333%; height: 58px;\">2011 &#8211; 2014<\/td>\n<\/tr>\n<\/tbody>\n<\/table>\n<p>&nbsp;<\/p>\n<p>&nbsp;<\/p>\n<p>&nbsp;<\/p>\n","protected":false},"excerpt":{"rendered":"<p>Coordenador \u00a0 Dr.Marcelo Fernandes Pacheco Dias &nbsp; Professores Eugenio Avila P Dr.Tania Nunes Dr.Liliana Scoponi &nbsp; Mestrandos Laura Goncalves Osorio Ladislau Seus Aline Mathies &nbsp; Inicia\u00e7\u00e3o Cient\u00edfica Jonatas Oliveira Let\u00edcia Mendes da Costa &nbsp; Egressos Estudantes Bruno Ribas Silveira 2014 &hellip; <a href=\"https:\/\/wp.ufpel.edu.br\/gpeia\/componentes\/\">Continue lendo <span class=\"meta-nav\">&rarr;<\/span><\/a><\/p>\n","protected":false},"author":212,"featured_media":0,"parent":0,"menu_order":0,"comment_status":"closed","ping_status":"closed","template":"","meta":{"footnotes":""},"class_list":["post-221","page","type-page","status-publish","hentry"],"_links":{"self":[{"href":"https:\/\/wp.ufpel.edu.br\/gpeia\/wp-json\/wp\/v2\/pages\/221","targetHints":{"allow":["GET"]}}],"collection":[{"href":"https:\/\/wp.ufpel.edu.br\/gpeia\/wp-json\/wp\/v2\/pages"}],"about":[{"href":"https:\/\/wp.ufpel.edu.br\/gpeia\/wp-json\/wp\/v2\/types\/page"}],"author":[{"embeddable":true,"href":"https:\/\/wp.ufpel.edu.br\/gpeia\/wp-json\/wp\/v2\/users\/212"}],"replies":[{"embeddable":true,"href":"https:\/\/wp.ufpel.edu.br\/gpeia\/wp-json\/wp\/v2\/comments?post=221"}],"version-history":[{"count":47,"href":"https:\/\/wp.ufpel.edu.br\/gpeia\/wp-json\/wp\/v2\/pages\/221\/revisions"}],"predecessor-version":[{"id":1003,"href":"https:\/\/wp.ufpel.edu.br\/gpeia\/wp-json\/wp\/v2\/pages\/221\/revisions\/1003"}],"wp:attachment":[{"href":"https:\/\/wp.ufpel.edu.br\/gpeia\/wp-json\/wp\/v2\/media?parent=221"}],"curies":[{"name":"wp","href":"https:\/\/api.w.org\/{rel}","templated":true}]}}