{"id":27,"date":"2011-07-21T11:59:14","date_gmt":"2011-07-21T14:59:14","guid":{"rendered":"https:\/\/wp.ufpel.edu.br\/gpdr\/"},"modified":"2011-08-11T21:56:01","modified_gmt":"2011-08-12T00:56:01","slug":"localizacao-do-evento","status":"publish","type":"page","link":"https:\/\/wp.ufpel.edu.br\/gpdr\/localizacao-do-evento\/","title":{"rendered":"Localiza\u00e7\u00e3o do evento"},"content":{"rendered":"<p><strong>Endere\u00e7o:<\/strong><\/p>\n<p>Audit\u00f3rio do 4\u00b0 andar no Campus Porto &#8211; UFPEL.<\/p>\n<p>&#8211; Endere\u00e7o:<\/p>\n<p>Rua Gomes Carneiro, n\u00b0 1, Centro, 96010-610.<\/p>\n<p>Fone:\u00a0053 3921-1401<\/p>\n<p><strong>Confira como chegar ao Audit\u00f3rio do Campus\u00a0Porto &#8211; UFPEL!<\/strong><\/p>\n<p>A partir da Pra\u00e7a Coronel Pedro Os\u00f3rio <span style=\"color: #808080\">(clique no mapa para ampliar)<\/span>:<\/p>\n<p><a href=\"https:\/\/wp.ufpel.edu.br\/gpdr\/files\/2011\/07\/mapa_ufpelporto.jpg\"><img loading=\"lazy\" decoding=\"async\" class=\"alignnone size-medium wp-image-174\" src=\"https:\/\/wp.ufpel.edu.br\/gpdr\/files\/2011\/07\/mapa_ufpelporto-300x240.jpg\" alt=\"\" width=\"300\" height=\"240\" srcset=\"https:\/\/wp.ufpel.edu.br\/gpdr\/files\/2011\/07\/mapa_ufpelporto-300x240.jpg 300w, https:\/\/wp.ufpel.edu.br\/gpdr\/files\/2011\/07\/mapa_ufpelporto.jpg 500w\" sizes=\"auto, (max-width: 300px) 100vw, 300px\" \/><\/a><\/p>\n<p>Voc\u00ea pode visualizar o mapa mais completo e interativo para encontrar a melhor rota para voc\u00ea\u00a0<a href=\"http:\/\/maps.google.com\/maps?saddr=R.+Lobo+da+Costa&amp;daddr=-31.77611,-52.34153+to:Estrada+desconhecida&amp;hl=pt-BR&amp;ll=-31.776775,-52.328868&amp;spn=0.020102,0.042272&amp;sll=-31.774513,-52.328525&amp;sspn=0.020102,0.042272&amp;geocode=FVg4G_4dPFTh_A%3BFZIiG_4d5lTh_CmxvHJIlbURlTFer1Ailjh79w%3BFYISG_4deprh_A&amp;mra=dvme&amp;mrsp=1&amp;sz=15&amp;via=1&amp;z=15\" target=\"_blank\">clicando aqui<\/a>!<\/p>\n","protected":false},"excerpt":{"rendered":"<p>Endere\u00e7o: Audit\u00f3rio do 4\u00b0 andar no Campus Porto &#8211; UFPEL. &#8211; Endere\u00e7o: Rua Gomes Carneiro, n\u00b0 1, Centro, 96010-610. Fone:\u00a0053 3921-1401 Confira como chegar ao Audit\u00f3rio do Campus\u00a0Porto &#8211; UFPEL! A partir da Pra\u00e7a Coronel Pedro Os\u00f3rio (clique no mapa&#8230; <a class=\"more-link\" href=\"https:\/\/wp.ufpel.edu.br\/gpdr\/localizacao-do-evento\/\">Continue lendo &rarr;<\/a><\/p>\n","protected":false},"author":119,"featured_media":0,"parent":0,"menu_order":7,"comment_status":"closed","ping_status":"closed","template":"","meta":{"footnotes":""},"class_list":["post-27","page","type-page","status-publish","hentry"],"_links":{"self":[{"href":"https:\/\/wp.ufpel.edu.br\/gpdr\/wp-json\/wp\/v2\/pages\/27","targetHints":{"allow":["GET"]}}],"collection":[{"href":"https:\/\/wp.ufpel.edu.br\/gpdr\/wp-json\/wp\/v2\/pages"}],"about":[{"href":"https:\/\/wp.ufpel.edu.br\/gpdr\/wp-json\/wp\/v2\/types\/page"}],"author":[{"embeddable":true,"href":"https:\/\/wp.ufpel.edu.br\/gpdr\/wp-json\/wp\/v2\/users\/119"}],"replies":[{"embeddable":true,"href":"https:\/\/wp.ufpel.edu.br\/gpdr\/wp-json\/wp\/v2\/comments?post=27"}],"version-history":[{"count":15,"href":"https:\/\/wp.ufpel.edu.br\/gpdr\/wp-json\/wp\/v2\/pages\/27\/revisions"}],"predecessor-version":[{"id":192,"href":"https:\/\/wp.ufpel.edu.br\/gpdr\/wp-json\/wp\/v2\/pages\/27\/revisions\/192"}],"wp:attachment":[{"href":"https:\/\/wp.ufpel.edu.br\/gpdr\/wp-json\/wp\/v2\/media?parent=27"}],"curies":[{"name":"wp","href":"https:\/\/api.w.org\/{rel}","templated":true}]}}