{"id":201,"date":"2025-06-13T00:00:59","date_gmt":"2025-06-13T03:00:59","guid":{"rendered":"https:\/\/wp.ufpel.edu.br\/gpdclima\/?page_id=201"},"modified":"2026-04-08T12:12:35","modified_gmt":"2026-04-08T15:12:35","slug":"ufpel","status":"publish","type":"page","link":"https:\/\/wp.ufpel.edu.br\/gpdclima\/projetos\/ufpel\/","title":{"rendered":"<p style=\"font-size:18px; font-weight:600; margin-top:1px;\"> Ufpel<\/p>"},"content":{"rendered":"<p><img loading=\"lazy\" decoding=\"async\" class=\"aligncenter wp-image-1857 size-thumbnail\" src=\"https:\/\/wp.ufpel.edu.br\/gpdclima\/files\/2026\/03\/Logo-ufpel-200x200.png\" alt=\"\" width=\"200\" height=\"200\" srcset=\"https:\/\/wp.ufpel.edu.br\/gpdclima\/files\/2026\/03\/Logo-ufpel-200x200.png 200w, https:\/\/wp.ufpel.edu.br\/gpdclima\/files\/2026\/03\/Logo-ufpel-400x400.png 400w, https:\/\/wp.ufpel.edu.br\/gpdclima\/files\/2026\/03\/Logo-ufpel-1024x1024.png 1024w, https:\/\/wp.ufpel.edu.br\/gpdclima\/files\/2026\/03\/Logo-ufpel-768x768.png 768w, https:\/\/wp.ufpel.edu.br\/gpdclima\/files\/2026\/03\/Logo-ufpel-80x80.png 80w, https:\/\/wp.ufpel.edu.br\/gpdclima\/files\/2026\/03\/Logo-ufpel-320x320.png 320w, https:\/\/wp.ufpel.edu.br\/gpdclima\/files\/2026\/03\/Logo-ufpel-216x216.png 216w, https:\/\/wp.ufpel.edu.br\/gpdclima\/files\/2026\/03\/Logo-ufpel.png 1064w\" sizes=\"auto, (max-width: 200px) 100vw, 200px\" \/><\/p>\n<p>&nbsp;<\/p>\n<p><strong>Impactos das mudan\u00e7as clim\u00e1ticas nos direitos sociais.<\/strong><\/p>\n<p>Em uma sociedade em transi\u00e7\u00e3o a causa dos riscos globais da emerg\u00eancia clim\u00e1tica e dos eventos clim\u00e1ticos extremos subsequentes, a pobreza \u00e9 uma externalidade associada, social e negativa. Afinal, os pobres s\u00e3o os mais afetados por esses fen\u00f4menos, especialmente porque t\u00eam acesso limitado aos recursos naturais e vivem em \u00e1reas menos adequadas para o assentamento humano, nas quais os efeitos costumam ser mais severos. A pobreza \u00e9 multidimensional, ou seja, muito mais estendida do que a priva\u00e7\u00e3o de rendimentos (a pobreza como priva\u00e7\u00e3o econ\u00f4mica), embora a m\u00e9trica monet\u00e1ria seja uma medida essencial e inevit\u00e1vel num sistema de capital. Dentre as dimens\u00f5es da pobreza, podemos mencionar a pobreza ambiental causada, entre outros fatores, pelas altera\u00e7\u00f5es clim\u00e1ticas e algumas das suas consequ\u00eancias: migra\u00e7\u00e3o for\u00e7ada, inseguran\u00e7a alimentar, degenera\u00e7\u00e3o dos meios de sobreviv\u00eancia (agricultura e pesca), etc. Em todo o caso, as dimens\u00f5es da pobreza afetam a consagra\u00e7\u00e3o e a realiza\u00e7\u00e3o dos direitos humanos (a pobreza como aus\u00eancia de direitos). Assim as coisas, as correla\u00e7\u00f5es entre a pobreza e as mudan\u00e7as clim\u00e1ticas constituem um obst\u00e1culo ao direito ao desenvolvimento humano e ao gozo e desfrute dos direitos humanos. Nesse sentido, s\u00e3o a causa da n\u00e3o execu\u00e7\u00e3o de diversos direitos sociais, entre eles, \u00e0 alimenta\u00e7\u00e3o, \u00e0 moradia, \u00e0 sa\u00fade e ao trabalho, os quais representam o objeto de estudo deste projeto, isto \u00e9, estudar os impactos das mudan\u00e7as clim\u00e1ticas na consagra\u00e7\u00e3o destes direitos sociais, que t\u00eam como principal causa a pobreza e que, especificamente, inclui: 1) analisar os instrumentos jur\u00eddicos internacionais, regionais e nacionais para a erradica\u00e7\u00e3o da pobreza em raz\u00e3o das mudan\u00e7as clim\u00e1ticas; 2) estudar os impactos das mudan\u00e7as clim\u00e1ticas nos direitos sociais \u00e0 sa\u00fade, alimenta\u00e7\u00e3o, trabalho e moradia, especialmente das comunidades que possuem baixos ingressos (pobres); 3) examinar boas pr\u00e1ticas (nacionais, regionais e internacionais) para a mitiga\u00e7\u00e3o, adapta\u00e7\u00e3o e resili\u00eancia, que promovam a efetiva\u00e7\u00e3o dos direitos sociais analisados; 4) investigar lit\u00edgios clim\u00e1ticos que abarquem a problem\u00e1tica de estudo; e 5) explorar os pressupostos jur\u00eddicos-pol\u00edticos e de a\u00e7\u00e3o da transi\u00e7\u00e3o justa para uma economia mais verde e circular e para a conquista de uma sociedade mais sustent\u00e1vel, como um novo paradigma socioecon\u00f4mico em potencial, capaz de abranger as mudan\u00e7as necess\u00e1rias e apropriadas para a erradica\u00e7\u00e3o da pobreza em raz\u00e3o das mudan\u00e7as clim\u00e1ticas e a consequente execu\u00e7\u00e3o dos direitos sociais estudados.<\/p>\n<p>&nbsp;<\/p>\n<p>&nbsp;<\/p>\n<p>&nbsp;<\/p>\n<p>&nbsp;<\/p>\n<p>&nbsp;<\/p>\n<div class=\"pattern-footer\"><img decoding=\"async\" src=\"https:\/\/wp.ufpel.edu.br\/gpdclima\/files\/2026\/04\/pattern3.png\" alt=\"\" \/><\/div>\n","protected":false},"excerpt":{"rendered":"<p>&nbsp; Impactos das mudan\u00e7as clim\u00e1ticas nos direitos sociais. Em uma sociedade em transi\u00e7\u00e3o a causa dos riscos globais da emerg\u00eancia clim\u00e1tica e dos eventos clim\u00e1ticos extremos subsequentes, a pobreza \u00e9 uma externalidade associada, social&#46;&#46;&#46;<\/p>\n","protected":false},"author":1465,"featured_media":0,"parent":27,"menu_order":0,"comment_status":"closed","ping_status":"closed","template":"","meta":{"footnotes":""},"class_list":["post-201","page","type-page","status-publish","hentry"],"_links":{"self":[{"href":"https:\/\/wp.ufpel.edu.br\/gpdclima\/wp-json\/wp\/v2\/pages\/201","targetHints":{"allow":["GET"]}}],"collection":[{"href":"https:\/\/wp.ufpel.edu.br\/gpdclima\/wp-json\/wp\/v2\/pages"}],"about":[{"href":"https:\/\/wp.ufpel.edu.br\/gpdclima\/wp-json\/wp\/v2\/types\/page"}],"author":[{"embeddable":true,"href":"https:\/\/wp.ufpel.edu.br\/gpdclima\/wp-json\/wp\/v2\/users\/1465"}],"replies":[{"embeddable":true,"href":"https:\/\/wp.ufpel.edu.br\/gpdclima\/wp-json\/wp\/v2\/comments?post=201"}],"version-history":[{"count":4,"href":"https:\/\/wp.ufpel.edu.br\/gpdclima\/wp-json\/wp\/v2\/pages\/201\/revisions"}],"predecessor-version":[{"id":2308,"href":"https:\/\/wp.ufpel.edu.br\/gpdclima\/wp-json\/wp\/v2\/pages\/201\/revisions\/2308"}],"up":[{"embeddable":true,"href":"https:\/\/wp.ufpel.edu.br\/gpdclima\/wp-json\/wp\/v2\/pages\/27"}],"wp:attachment":[{"href":"https:\/\/wp.ufpel.edu.br\/gpdclima\/wp-json\/wp\/v2\/media?parent=201"}],"curies":[{"name":"wp","href":"https:\/\/api.w.org\/{rel}","templated":true}]}}