{"id":77,"date":"2018-05-24T19:32:17","date_gmt":"2018-05-24T22:32:17","guid":{"rendered":"https:\/\/wp.ufpel.edu.br\/gpcie\/?page_id=77"},"modified":"2022-04-01T09:31:46","modified_gmt":"2022-04-01T12:31:46","slug":"videos","status":"publish","type":"page","link":"https:\/\/wp.ufpel.edu.br\/gpcie\/videos\/","title":{"rendered":"videos"},"content":{"rendered":"<h1 class=\"title style-scope ytd-video-primary-info-renderer\"><a href=\"https:\/\/www.youtube.com\/watch?v=Bsa71z1XJr0\">V\u00eddeo divulga\u00e7\u00e3o Projeto Macriasul<\/a><\/h1>\n<p>MACRIASUL \u00e9 um projeto de mapeamento arqueol\u00f3gico e cultural dos objetos, lugares, manifesta\u00e7\u00f5es e pessoas de refer\u00eancia \u00e0s sociedades tradicionais ind\u00edgenas e afro-brasileiras na regi\u00e3o sul do Estado do Rio Grande do Sul. LAMINA \u2013 ICH &#8211; UFPEL &#8211; O v\u00eddeo apresenta imagens de alguns locais de investiga\u00e7\u00e3o do Projeto MACRIASUL, um programa de mapeamento que identifica s\u00edtios de valor inestim\u00e1vel para reapresenta\u00e7\u00e3o da hist\u00f3ria da ocupa\u00e7\u00e3o humana na regi\u00e3o, indica tamb\u00e9m outros pesquisadores e n\u00facleos de trabalho, em interlocu\u00e7\u00e3o com a ampla \u00e1rea de atua\u00e7\u00e3o. Produ\u00e7\u00e3o Cl\u00e1udio Carle, mar\u00e7o de 2022.<\/p>\n<p><a href=\"https:\/\/www.youtube.com\/watch?v=EOescjAcabA\"><span style=\"font-size: 18pt;\">Document\u00e1rio Mestre Cl\u00e1udio Nascimento em Pelotas e a Dan\u00e7a Afro<\/span><\/a><\/p>\n<p>Document\u00e1rio sobre Dan\u00e7a Afro, desenvolvida e ensinada pelo Mestre de Capoeira Angola Cl\u00e1udio Nascimento, do Rio de Janeiro, (mestre da Pernada Carioca). O Mestre Cl\u00e1udio esteve em Pelotas em Novembro de 2019 e ensinou aos angoleiros a arte da Dan\u00e7a Afro. O processo se desenvolveu nas depend\u00eancias do Centro de Artes do Curso de Dan\u00e7a da Universidade Federal de Pelotas. Estavam presentes o mestre Cl\u00e1udio, Mestre Ratinho (Anselmo Accurso) do ACCARA e o professor Cabeleira (Cristian da Cunha) dos Amigos da capoeira Angola de Pelotas. Produ\u00e7\u00e3o e execu\u00e7\u00e3o Cl\u00e1udio Carle (2022).<\/p>\n<p>&nbsp;<\/p>\n<p><a href=\"https:\/\/youtu.be\/3Z8FF_8AP4I\"><span style=\"font-size: 18pt;\">Document\u00e1rio &#8211; VI Vadia\u00e7\u00e3o em Pelotas &#8211; Mestre Ratinho e Contra Mestre Loah (ACCARA)<\/span><\/a><\/p>\n<p>Document\u00e1rio sobre o Encontro de capoeiristas da Cidade de Rio Grande, Pelotas e Porto Alegre, realizado em 2019, na Cidade de Pelotas\/RS. O Mestre Ratinho, o Contra-Mestre Loah, os dois do ACCARA, o Professor Cabeleira dos Amigos da Capoeira Angola, e muitos outros capoeiristas se encontraram para aprender mais sobre a arte da capoeira, suas hist\u00f3rias, seus desdobramentos culturais e pol\u00edticos na sociedade. Produ\u00e7\u00e3o e execu\u00e7\u00e3o Cl\u00e1udio Carle (GPCIE-UFPel), realiza\u00e7\u00e3o Grupo Tat\u00e1 (Maria Falkenbach), com apoio UFPel.<\/p>\n<p>&nbsp;<\/p>\n<p><span style=\"font-family: arial, helvetica, sans-serif; font-size: 18pt;\"><a href=\"https:\/\/www.youtube.com\/watch?v=ksJoOWEILKU&amp;t=17s\"><span style=\"color: #000000;\"><strong>As Memorias Educativas dos(as) Prof. (as) Negros(as) do IFSul nos Campi Pelotas e Pelotas-Visconde da Gra\u00e7a &#8211; YouTube &#8211; William Machado<\/strong><\/span><\/a><\/span><\/p>\n<p>O document\u00e1rio apresentado acima refere-se ao Produto Educacional da disserta\u00e7\u00e3o de mestrado intitulada &#8220;As Mem\u00f3rias Educativas dos(as) Professores(as) Negros(as) do Instituto Federal Sul-Rio-Grandense nos Campi Pelotas e Pelotas-Visconde da Gra\u00e7a&#8221;, do mestrando William Machado, do Programa de P\u00f3s Gradua\u00e7\u00e3o em Ci\u00eancias e Tecnologias na Educa\u00e7\u00e3o Mestrado Profissional em Ci\u00eancias e Tecnologias na Educa\u00e7\u00e3o (PPGCiTeD) do IFSul Campus CaVG, sob a orienta\u00e7\u00e3o da Prof.\u00aa Dr.\u00aa Angelita Hentges.<\/p>\n<p>&nbsp;<\/p>\n<p><span style=\"color: #000000;\"><a style=\"color: #000000;\" href=\"https:\/\/www.youtube.com\/watch?v=lCQXNpw0IBI\"><span style=\"font-size: 18pt; font-family: arial, helvetica, sans-serif;\">Document\u00e1rio <em><strong>Semana Com Ci\u00eancia Negra<\/strong><\/em> (Jornalista William Machado) &#8211; Novembro de 2019 GPCIE\/IFSUL-CAVG\/Tata-C.Arte-UFPEL\/Canto de Conex\u00e3o.<\/span><\/a><\/span><\/p>\n<p>&nbsp;<\/p>\n<p><span style=\"color: #000000;\"><a style=\"color: #000000;\" href=\"https:\/\/www.youtube.com\/watch?v=tWOa8s6zhjo\"><span style=\"font-size: 18pt; font-family: arial, helvetica, sans-serif;\"><span style=\"font-size: 14pt;\">Novo Document\u00e1rio<\/span>\u00a0<em><strong>Semana Com Ci\u00eancia Negr<\/strong>a<\/em> (Cria\u00e7\u00e3o Hentges e Carle) &#8211; Novembro de 2019 GPCIE\/IFSUL-CAVG\/Tata-CArte-UFPEL\/Canto de Conex\u00e3o.<\/span><\/a><\/span><\/p>\n<p><span style=\"font-size: 18pt;\"><a href=\"https:\/\/www.facebook.com\/vital.okra\/videos\/2761150587264321\/?t=30\"><span style=\"font-family: arial, helvetica, sans-serif;\"><span style=\"background-color: #000000;\"><span style=\"background-color: #ffffff; color: #000000;\">Mestre Cl\u00e1udio Nascimento e Mestre Ratinho em Pelotas 2019 <\/span><\/span><\/span><\/a><a href=\"https:\/\/www.facebook.com\/vital.okra\/videos\/2761150587264321\/?t=30\"><span style=\"font-family: arial, helvetica, sans-serif;\"><span style=\"background-color: #000000;\"><span style=\"background-color: #ffffff; color: #000000;\"><span style=\"font-size: 12pt;\">(produ\u00e7\u00e3o Vitalino Dias Neto)<\/span><\/span><\/span><\/span><\/a><\/span><\/p>\n<p>&nbsp;<\/p>\n<p><span style=\"color: #000000; font-family: arial, helvetica, sans-serif; font-size: 18pt;\"><a style=\"color: #000000;\" href=\"https:\/\/www.youtube.com\/watch?v=N9daD9kxdJU\">Mestre Moa &#8211; Presente!<\/a><\/span><\/p>\n<p>&nbsp;<\/p>\n<p><a href=\"https:\/\/www.youtube.com\/watch?v=CZSkDLC0njg\"><span style=\"font-size: 18pt; color: #000000;\">Mestre Moa do Katend\u00ea &#8211; Int\u00e9rprete Caetano Veloso<\/span><\/a><\/p>\n<p>&nbsp;<\/p>\n<p><span style=\"font-family: arial, helvetica, sans-serif; font-size: 18pt;\"><a href=\"https:\/\/www.youtube.com\/watch?v=ScywtvLSxqI\"><span style=\"color: #000000;\">Capoeira Angola &#8211; PoA: Mestre Ratinho<\/span><\/a><\/span><\/p>\n<p>&nbsp;<\/p>\n<p><span style=\"font-family: arial, helvetica, sans-serif; font-size: 18pt;\"><a href=\"https:\/\/www.youtube.com\/watch?v=VQnZ5eFYkt0\"><span style=\"color: #000000;\">Capoeira Angola &#8211; PoA: Mestre Jaburu<\/span><\/a><\/span><\/p>\n<p>&nbsp;<\/p>\n<p><span style=\"font-size: 18pt; font-family: arial, helvetica, sans-serif; color: #000000;\">Imagin\u00e1rios fermentadores de educa\u00e7\u00e3o nas rodas de capoeira angola do ACCARA<\/span><\/p>\n<p><iframe loading=\"lazy\" title=\"Imagin\u00e1rios fermentadores de educa\u00e7\u00e3o nas rodas de capoeira angola do ACCARA\" width=\"676\" height=\"507\" src=\"https:\/\/www.youtube.com\/embed\/9AWpRmREBuc?feature=oembed\" frameborder=\"0\" allow=\"accelerometer; autoplay; clipboard-write; encrypted-media; gyroscope; picture-in-picture\" allowfullscreen><\/iframe><\/p>\n<div id=\"related\" class=\"style-scope ytd-watch\">\n<div id=\"items\" class=\"style-scope ytd-watch-next-secondary-results-renderer\">\n<div id=\"dismissable\" class=\"style-scope ytd-compact-video-renderer\">\n<div id=\"related\" class=\"style-scope ytd-watch\">\n<div id=\"items\" class=\"style-scope ytd-watch-next-secondary-results-renderer\">\n<h1><\/h1>\n<h1 class=\"entry-title\"><span style=\"font-size: 18pt; font-family: arial, helvetica, sans-serif; color: #000000;\">Bachelard: Espa\u00e7os Po\u00e9ticos<\/span><\/h1>\n<\/div>\n<\/div>\n<div id=\"info\" class=\"style-scope ytd-watch\">\n<div id=\"info-contents\" class=\"style-scope ytd-watch\">\n<div id=\"container\" class=\"style-scope ytd-video-primary-info-renderer\">\n<p><iframe loading=\"lazy\" title=\"Espa\u00e7os Po\u00e9ticos de Bachelard \/ Espaces Po\u00e9tiques de Bachelard\" width=\"676\" height=\"507\" src=\"https:\/\/www.youtube.com\/embed\/c0nqF7SgiWo?feature=oembed\" frameborder=\"0\" allow=\"accelerometer; autoplay; clipboard-write; encrypted-media; gyroscope; picture-in-picture\" allowfullscreen><\/iframe><\/p>\n<div id=\"info\" class=\"style-scope ytd-watch\">\n<div id=\"info-contents\" class=\"style-scope ytd-watch\">\n<h1><\/h1>\n<h1 class=\"title style-scope ytd-video-primary-info-renderer\"><span style=\"font-size: 18pt; font-family: arial, helvetica, sans-serif; color: #000000;\">Os sonhos e a terapia &#8211; Jung<\/span><\/h1>\n<p><iframe loading=\"lazy\" title=\"Os Sonhos e a Terapia (Legendado) -  C  G  Jung\" width=\"676\" height=\"380\" src=\"https:\/\/www.youtube.com\/embed\/jiirdGrxQUs?feature=oembed\" frameborder=\"0\" allow=\"accelerometer; autoplay; clipboard-write; encrypted-media; gyroscope; picture-in-picture\" allowfullscreen><\/iframe><\/p>\n<p>&nbsp;<\/p>\n<p><span style=\"font-size: 18pt; font-family: arial, helvetica, sans-serif; color: #000000;\">MANDINGA &#8211; Mestre Russo em Pelotas &#8211; Graxaim V\u00eddeos<\/span><\/p>\n<p><iframe loading=\"lazy\" title=\"MANDINGA - Mestre Russo\" width=\"676\" height=\"380\" src=\"https:\/\/www.youtube.com\/embed\/xPjVcpKwFhw?feature=oembed\" frameborder=\"0\" allow=\"accelerometer; autoplay; clipboard-write; encrypted-media; gyroscope; picture-in-picture\" allowfullscreen><\/iframe><\/p>\n<p>&nbsp;<\/p>\n<p><span style=\"font-size: 18pt; font-family: arial, helvetica, sans-serif; color: #000000;\">Entrevista RADIOCOM &#8211; Antropologia Audiovisual<\/span><\/p>\n<p><iframe loading=\"lazy\" title=\"GRAXAIM ENTREVISTA - RADIOCOM 30\/01\/2019\" width=\"676\" height=\"380\" src=\"https:\/\/www.youtube.com\/embed\/HxeGM7oLKpY?feature=oembed\" frameborder=\"0\" allow=\"accelerometer; autoplay; clipboard-write; encrypted-media; gyroscope; picture-in-picture\" allowfullscreen><\/iframe><\/p>\n<h1><\/h1>\n<p class=\"title style-scope ytd-video-primary-info-renderer\"><span style=\"font-family: arial, helvetica, sans-serif; font-size: 18pt; color: #000000; background-color: #ffffff;\">Mestre Moa do Katend\u00ea &#8211; A primeira v\u00edtima &#8211; Carlos Pronzato<\/span><\/p>\n<p><iframe loading=\"lazy\" title=\"Mestre Moa do Katend\u00ea - A primeira v\u00edtima - Carlos Pronzato\" width=\"676\" height=\"380\" src=\"https:\/\/www.youtube.com\/embed\/-iV7RQ_oc5U?feature=oembed\" frameborder=\"0\" allow=\"accelerometer; autoplay; clipboard-write; encrypted-media; gyroscope; picture-in-picture\" allowfullscreen><\/iframe><\/p>\n<\/div>\n<\/div>\n<\/div>\n<\/div>\n<\/div>\n<\/div>\n<\/div>\n<\/div>\n","protected":false},"excerpt":{"rendered":"<p>V\u00eddeo divulga\u00e7\u00e3o Projeto Macriasul MACRIASUL \u00e9 um projeto de mapeamento arqueol\u00f3gico e cultural dos objetos, lugares, manifesta\u00e7\u00f5es e pessoas de refer\u00eancia \u00e0s sociedades tradicionais ind\u00edgenas e afro-brasileiras na regi\u00e3o sul do Estado do Rio Grande do Sul. LAMINA \u2013 ICH&#8230; <a class=\"more-link\" href=\"https:\/\/wp.ufpel.edu.br\/gpcie\/videos\/\">Continue lendo &rarr;<\/a><\/p>\n","protected":false},"author":841,"featured_media":0,"parent":0,"menu_order":0,"comment_status":"closed","ping_status":"closed","template":"","meta":{"footnotes":""},"class_list":["post-77","page","type-page","status-publish","hentry"],"jetpack_sharing_enabled":true,"_links":{"self":[{"href":"https:\/\/wp.ufpel.edu.br\/gpcie\/wp-json\/wp\/v2\/pages\/77","targetHints":{"allow":["GET"]}}],"collection":[{"href":"https:\/\/wp.ufpel.edu.br\/gpcie\/wp-json\/wp\/v2\/pages"}],"about":[{"href":"https:\/\/wp.ufpel.edu.br\/gpcie\/wp-json\/wp\/v2\/types\/page"}],"author":[{"embeddable":true,"href":"https:\/\/wp.ufpel.edu.br\/gpcie\/wp-json\/wp\/v2\/users\/841"}],"replies":[{"embeddable":true,"href":"https:\/\/wp.ufpel.edu.br\/gpcie\/wp-json\/wp\/v2\/comments?post=77"}],"version-history":[{"count":40,"href":"https:\/\/wp.ufpel.edu.br\/gpcie\/wp-json\/wp\/v2\/pages\/77\/revisions"}],"predecessor-version":[{"id":80,"href":"https:\/\/wp.ufpel.edu.br\/gpcie\/wp-json\/wp\/v2\/pages\/77\/revisions\/80"}],"wp:attachment":[{"href":"https:\/\/wp.ufpel.edu.br\/gpcie\/wp-json\/wp\/v2\/media?parent=77"}],"curies":[{"name":"wp","href":"https:\/\/api.w.org\/{rel}","templated":true}]}}