{"id":20,"date":"2019-03-06T14:27:08","date_gmt":"2019-03-06T17:27:08","guid":{"rendered":"https:\/\/wp.ufpel.edu.br\/gp2ve\/?page_id=20"},"modified":"2019-12-26T06:53:10","modified_gmt":"2019-12-26T09:53:10","slug":"equipe","status":"publish","type":"page","link":"https:\/\/wp.ufpel.edu.br\/gp2ve\/equipe\/","title":{"rendered":"Equipe"},"content":{"rendered":"<p>Os integrantes do grupo s\u00e3o alunos do Mestrado em educa\u00e7\u00e3o Matem\u00e1tica e\u00a0 professores e pesquisadores da \u00e1rea de produ\u00e7\u00e3o de v\u00eddeo estudantil.<\/p>\n<p><strong>Integrantes do Grupo <\/strong><\/p>\n<p>Josias Pereira &#8211; Professor e Pesquisador<\/p>\n<p>Viviane\u00a0 Lino &#8211; Professora e Pesquisadora<\/p>\n<p>Daniela Pedra Mattos &#8211; Professora e Pesquisadora<\/p>\n<p>Josiane Moraes de Brignol\u00a0 &#8211; Professora e Pesquisadora<\/p>\n<p>Cintia In\u00eas Boll &#8211; Professora e Pesquisadora<\/p>\n<p>Eliane Candido &#8211; Mestranda e Pesquisadora<\/p>\n<p>Maria Jeane Candido &#8211; Mestranda e Pesquisadora<\/p>\n<p>Daniela Antunes &#8211; Mestranda e Pesquisadora<\/p>\n<p>Jaqueline Antunes Silva &#8211; Professora e Pesquisadora<\/p>\n<p>Rita Martins Vilela &#8211; Aluna do Curso de Cinema e Anima\u00e7\u00e3o<\/p>\n<p>Maickol B. Dilelio &#8211; Aluno do Curso de Cinema e Audiovisual<\/p>\n<p>&nbsp;<\/p>\n","protected":false},"excerpt":{"rendered":"<p>Os integrantes do grupo s\u00e3o alunos do Mestrado em educa\u00e7\u00e3o Matem\u00e1tica e\u00a0 professores e pesquisadores da \u00e1rea de produ\u00e7\u00e3o de v\u00eddeo estudantil. Integrantes do Grupo Josias Pereira &#8211; Professor e Pesquisador Viviane\u00a0 Lino &#8211; Professora e Pesquisadora Daniela Pedra Mattos &#8211; Professora e Pesquisadora Josiane Moraes de Brignol\u00a0 &#8211; Professora e Pesquisadora Cintia In\u00eas Boll [&hellip;]<\/p>\n","protected":false},"author":578,"featured_media":0,"parent":0,"menu_order":0,"comment_status":"closed","ping_status":"closed","template":"","meta":{"footnotes":""},"class_list":["post-20","page","type-page","status-publish","hentry","post"],"jetpack-related-posts":[],"jetpack_sharing_enabled":true,"_links":{"self":[{"href":"https:\/\/wp.ufpel.edu.br\/gp2ve\/wp-json\/wp\/v2\/pages\/20","targetHints":{"allow":["GET"]}}],"collection":[{"href":"https:\/\/wp.ufpel.edu.br\/gp2ve\/wp-json\/wp\/v2\/pages"}],"about":[{"href":"https:\/\/wp.ufpel.edu.br\/gp2ve\/wp-json\/wp\/v2\/types\/page"}],"author":[{"embeddable":true,"href":"https:\/\/wp.ufpel.edu.br\/gp2ve\/wp-json\/wp\/v2\/users\/578"}],"replies":[{"embeddable":true,"href":"https:\/\/wp.ufpel.edu.br\/gp2ve\/wp-json\/wp\/v2\/comments?post=20"}],"version-history":[{"count":6,"href":"https:\/\/wp.ufpel.edu.br\/gp2ve\/wp-json\/wp\/v2\/pages\/20\/revisions"}],"predecessor-version":[{"id":108,"href":"https:\/\/wp.ufpel.edu.br\/gp2ve\/wp-json\/wp\/v2\/pages\/20\/revisions\/108"}],"wp:attachment":[{"href":"https:\/\/wp.ufpel.edu.br\/gp2ve\/wp-json\/wp\/v2\/media?parent=20"}],"curies":[{"name":"wp","href":"https:\/\/api.w.org\/{rel}","templated":true}]}}