{"id":127,"date":"2020-08-14T06:03:31","date_gmt":"2020-08-14T09:03:31","guid":{"rendered":"https:\/\/wp.ufpel.edu.br\/gp2ve\/?page_id=127"},"modified":"2020-10-12T09:40:09","modified_gmt":"2020-10-12T12:40:09","slug":"tese","status":"publish","type":"page","link":"https:\/\/wp.ufpel.edu.br\/gp2ve\/tese\/","title":{"rendered":"Tese"},"content":{"rendered":"<p>Aqui voc\u00ea encontra as Teses sobre Produ\u00e7\u00e3o de V\u00eddeo Estudantil<\/p>\n<p><a href=\"https:\/\/www.lume.ufrgs.br\/bitstream\/handle\/10183\/70596\/000876934.pdf?sequence=1\" target=\"_blank\" rel=\"noopener noreferrer\">A Enuncia\u00e7\u00e3o Est\u00e9tica Juvenil em V\u00eddeos Escolares no You Tube<\/a> &#8211; Cintia Ines Boll<\/p>\n<p><a href=\"https:\/\/goo.gl\/koivt5\" target=\"_blank\" rel=\"noopener noreferrer\">A produ\u00e7\u00e3o de v\u00eddeo estudantil na pr\u00e1tica docente: uma forma de ensinar<\/a> &#8211; Josias Pereira<\/p>\n<p><a href=\"http:\/\/repositorio.unb.br\/handle\/10482\/14589\" target=\"_blank\" rel=\"noopener noreferrer\">Cine com ci\u00eancia: luz, c\u00e2mera &#8211; educa\u00e7\u00e3o!<\/a> Erizaldo Cavalcanti Borges Pimentel<\/p>\n<p><a href=\"https:\/\/drive.google.com\/file\/d\/1Siha17vsb6sWJ9R4Ke6deMgV54N1zzmd\/view?usp=sharing\" target=\"_blank\" rel=\"noopener noreferrer\">Cine-geografar a Escola : um curr\u00edculo geogr\u00e1fico a partir do lugar<\/a> &#8211; D\u00e9bora Schardosin Ferreira\/UFRGS<\/p>\n<p><a href=\"https:\/\/wp.ufpel.edu.br\/producaodevideo\/files\/2018\/09\/oechsler_v_dr_rcla.pdf\">Comunica\u00e7\u00e3o Multimodal: produ\u00e7\u00e3o de v\u00eddeos em aula de matem\u00e1tica<\/a> &#8211; Vanessa Oechsler<\/p>\n<p><a href=\"http:\/\/repositorio.unicamp.br\/jspui\/bitstream\/REPOSIP\/254141\/1\/Lanza_Renata_D.pdf\">Conjun\u00e7\u00f5es Entre Escola e Cinema: pesquisa-interven\u00e7\u00e3o em duas Escolas da Rede Municipal de Ensino de Campinas<\/a> &#8211; Renata Lanza<\/p>\n<p><a href=\"https:\/\/www.academia.edu\/42652726\/FILMEDUCA%C3%87%C3%83O_UM_CINEMA_POSS%C3%8DVEL_NA_ESCOLA_CONTEMPOR%C3%82NEA?email_work_card=view-paper\" target=\"_blank\" rel=\"noopener noreferrer\">FILMEDUCA\u00c7\u00c3O: UM CINEMA POSS\u00cdVEL NA ESCOLA CONTEMPOR\u00c2NEA<\/a> &#8211; Pamela de Bortoli Machado\/UniCamp, 2019<\/p>\n<div class=\"js-author-card--tooltip swp-sidebar--stat-bubble u-mr1x\" title=\"AuthorRank\" data-toggle=\"tooltip\"><\/div>\n","protected":false},"excerpt":{"rendered":"<p>Aqui voc\u00ea encontra as Teses sobre Produ\u00e7\u00e3o de V\u00eddeo Estudantil A Enuncia\u00e7\u00e3o Est\u00e9tica Juvenil em V\u00eddeos Escolares no You Tube &#8211; Cintia Ines Boll A produ\u00e7\u00e3o de v\u00eddeo estudantil na pr\u00e1tica docente: uma forma de ensinar &#8211; Josias Pereira Cine com ci\u00eancia: luz, c\u00e2mera &#8211; educa\u00e7\u00e3o! Erizaldo Cavalcanti Borges Pimentel Cine-geografar a Escola : um [&hellip;]<\/p>\n","protected":false},"author":578,"featured_media":0,"parent":0,"menu_order":0,"comment_status":"closed","ping_status":"closed","template":"","meta":{"footnotes":""},"class_list":["post-127","page","type-page","status-publish","hentry","post"],"jetpack-related-posts":[],"jetpack_sharing_enabled":true,"_links":{"self":[{"href":"https:\/\/wp.ufpel.edu.br\/gp2ve\/wp-json\/wp\/v2\/pages\/127","targetHints":{"allow":["GET"]}}],"collection":[{"href":"https:\/\/wp.ufpel.edu.br\/gp2ve\/wp-json\/wp\/v2\/pages"}],"about":[{"href":"https:\/\/wp.ufpel.edu.br\/gp2ve\/wp-json\/wp\/v2\/types\/page"}],"author":[{"embeddable":true,"href":"https:\/\/wp.ufpel.edu.br\/gp2ve\/wp-json\/wp\/v2\/users\/578"}],"replies":[{"embeddable":true,"href":"https:\/\/wp.ufpel.edu.br\/gp2ve\/wp-json\/wp\/v2\/comments?post=127"}],"version-history":[{"count":4,"href":"https:\/\/wp.ufpel.edu.br\/gp2ve\/wp-json\/wp\/v2\/pages\/127\/revisions"}],"predecessor-version":[{"id":218,"href":"https:\/\/wp.ufpel.edu.br\/gp2ve\/wp-json\/wp\/v2\/pages\/127\/revisions\/218"}],"wp:attachment":[{"href":"https:\/\/wp.ufpel.edu.br\/gp2ve\/wp-json\/wp\/v2\/media?parent=127"}],"curies":[{"name":"wp","href":"https:\/\/api.w.org\/{rel}","templated":true}]}}