{"id":542,"date":"2025-04-26T17:23:35","date_gmt":"2025-04-26T20:23:35","guid":{"rendered":"https:\/\/wp.ufpel.edu.br\/godec\/?page_id=542"},"modified":"2025-07-05T18:57:13","modified_gmt":"2025-07-05T21:57:13","slug":"tratamentos-efetivos-para-alivio-da-hipersensibilidade-dentiaria","status":"publish","type":"page","link":"https:\/\/wp.ufpel.edu.br\/godec\/tratamentos-efetivos-para-alivio-da-hipersensibilidade-dentiaria\/","title":{"rendered":"Tratamentos efetivos para al\u00edvio da hipersensibilidade denti\u00e1ria"},"content":{"rendered":"\n<p>Coordenador: Prof. Dr. Rafael Ratto de Moraes<\/p>\n\n\n\n<p>Painel de especialistas: Fabiana Chiapinotto, Sabrina Kohlrausch, Livia F\u00e1varo Zeola, F\u00e1bio Andr\u00e9 Santos, Ana Cec\u00edlia Aranha, Paulo Vin\u00edcius Soares, Amanda Pinto Bandeira de Sousa Marques, Nicole Aim\u00e9e Rodrigues Jos\u00e9.<\/p>\n\n\n\n<p>INTRODU\u00c7\u00c3O:<\/p>\n\n\n\n<p>A hipersensibilidade dentin\u00e1ria (HD) pode ser definida como um processo patol\u00f3gico de etiologia multifatorial, que envolve a combina\u00e7\u00e3o de mecanismos de tens\u00e3o, fric\u00e7\u00e3o e corros\u00e3o, e que desencadeia uma dor com sintomatologia aguda, de intensidade leve a moderada, de curta dura\u00e7\u00e3o. A HD depende de est\u00edmulos t\u00e9rmicos, t\u00e1teis, osm\u00f3ticos e\/ou qu\u00edmicos e n\u00e3o pode ser atribu\u00edda a outras condi\u00e7\u00f5es bucais com t\u00fabulos dentin\u00e1rios expostos supragengivais, subgengivais e abaixo de defeitos estruturais e trincas de esmalte (HOLLAND et al., 1997; ZEOLA et al., 2019; MARTINS et al., 2020; SOARES e MACHADO,<br>2020).<\/p>\n\n\n\n<p>A preval\u00eancia da HD reportada em estudos varia de 1% a 92% (ZEOLA et al., 2019), variabilidade que sugere imprecis\u00e3o nos meios diagn\u00f3sticos. O diagn\u00f3stico normalmente envolve coleta de informa\u00e7\u00f5es autorrelatadas na anamnese, exame cl\u00ednico dent\u00e1rio e periodontal, al\u00e9m da avalia\u00e7\u00e3o de resposta dentin\u00e1ria a est\u00edmulos.  Um estudo no Brasil indicou que, independentemente da experi\u00eancia cl\u00ednica, cirurgi\u00f5es-dentistas ainda consideram o manejo da HD um desafio em sua pr\u00e1tica di\u00e1ria, sugerindo que diretrizes devem ser desenvolvidas para ajudar os processos de tomada de decis\u00e3o entre os profissionais (ZEOLA et al., 2020).<\/p>\n\n\n\n<p><strong>Assim, o objetivo desta diretriz <\/strong>para a pr\u00e1tica cl\u00ednica odontol\u00f3gica \u00e9 fornecer recomenda\u00e7\u00f5es para auxiliar o atendimento de usu\u00e1rios adultos ou adolescentes na Aten\u00e7\u00e3o Prim\u00e1ria \u00e0 Sa\u00fade envolvendo o manejo da hipersensibilidade dentin\u00e1ria.<\/p>\n\n\n\n<p><a href=\"https:\/\/www.gov.br\/saude\/pt-br\/acesso-a-informacao\/participacao-social\/consultas-publicas\/2023\/consulta-publica-diretriz-para-a-pratica-clinica-odontologica-na-atencao-primaria-a-saude-manejo-da-hipersensibilidade-dentinaria\/diretriz-manejo-hd.pdf\">Acesse aqui a vers\u00e3o preliminar<\/a><\/p>\n\n\n\n<p><\/p>\n","protected":false},"excerpt":{"rendered":"<p>Coordenador: Prof. Dr. Rafael Ratto de Moraes Painel de especialistas: Fabiana Chiapinotto, Sabrina Kohlrausch, Livia F\u00e1varo Zeola, F\u00e1bio Andr\u00e9 Santos, Ana Cec\u00edlia Aranha, Paulo Vin\u00edcius Soares, Amanda Pinto Bandeira de Sousa Marques, Nicole Aim\u00e9e Rodrigues Jos\u00e9. INTRODU\u00c7\u00c3O: A hipersensibilidade dentin\u00e1ria (HD) pode ser definida como um processo patol\u00f3gico de etiologia multifatorial, que envolve a combina\u00e7\u00e3o &hellip; <\/p>\n<p><a class=\"more-link btn\" href=\"https:\/\/wp.ufpel.edu.br\/godec\/tratamentos-efetivos-para-alivio-da-hipersensibilidade-dentiaria\/\">Continue lendo<\/a><\/p>\n","protected":false},"author":995,"featured_media":0,"parent":0,"menu_order":0,"comment_status":"closed","ping_status":"closed","template":"","meta":{"footnotes":""},"class_list":["post-542","page","type-page","status-publish","hentry","nodate","item-wrap"],"jetpack_sharing_enabled":true,"jetpack-related-posts":[{"id":544,"url":"https:\/\/wp.ufpel.edu.br\/godec\/restauracao-de-lesoes-cervicais-nao-cariosas-diretriz-para-a-pratica-clinica\/","url_meta":{"origin":542,"position":0},"title":"Restaura\u00e7\u00e3o de les\u00f5es cervicais n\u00e3o-cariosas: diretriz para a pr\u00e1tica cl\u00ednica.","author":"godec","date":"26\/04\/2025","format":false,"excerpt":"Coordenador: Prof. Dr. Rafael Ratto de Moraes Painel de especialistas: Talita Arrais Daniel Mendes, Lucas Brum Cleff, Alessandro Dourado Loguercio,Alexandre Coelho Machado, Maximiliano S\u00e9rgio Cenci, Nicole Aim\u00e9e, BetinaSuziellen Gomes da Silva. INTRODU\u00c7\u00c3O: As LCNCs se referem \u00e0 perda de tecido dent\u00e1rio causada por processos que n\u00e3o envolvem diretamente microrganismos. O\u2026","rel":"","context":"Post similar","block_context":{"text":"Post similar","link":""},"img":{"alt_text":"","src":"","width":0,"height":0},"classes":[]},{"id":539,"url":"https:\/\/wp.ufpel.edu.br\/godec\/prevencao-de-carie-na-primeira-infancia\/","url_meta":{"origin":542,"position":1},"title":"Preven\u00e7\u00e3o de c\u00e1rie na primeira inf\u00e2ncia","author":"godec","date":"28\/04\/2025","format":false,"excerpt":"Coordenadora: Prof(a). Dr(a). Anelise Fernandes Montagner Painel de especialistas: Ana Paula Pires dos Santos, Cassiana Neves Mello, Carlos Alberto Feldens, Eug\u00eania Carrera Malh\u00e3o, Fabian Calixto Fraiz, Fausto Medeiros Mendes, Fran\u00e7oise Helene Van de Sande, Lucas Brum Cleff, Mar\u00edlia Le\u00e3o Goettems, Mariana Cadermatori, Maximiliano S\u00e9rgio Cenci, Tamara Kerber Tedesco, Mariana Minatel\u2026","rel":"","context":"Post similar","block_context":{"text":"Post similar","link":""},"img":{"alt_text":"","src":"","width":0,"height":0},"classes":[]},{"id":538,"url":"https:\/\/wp.ufpel.edu.br\/godec\/manejo-de-lesoes-de-carie-radicular-diretriz-para-a-pratica-clinica\/","url_meta":{"origin":542,"position":2},"title":"Manejo de les\u00f5es de c\u00e1rie radicular: diretriz para a pr\u00e1tica cl\u00ednica.","author":"godec","date":"25\/05\/2025","format":false,"excerpt":"Coordenadora: Prof(a). Dr(a). Giana da Silveira Lima Painel de especialistas: Cec\u00edlia de Brito Barbosa, Cinthia Studzinski dos Santos, Eduardo Dickie de Castilhos, Fran\u00e7oise H\u00e9l\u00e8ne van der Sande, Giana da Silveira Lima, Juliana Jobim, Julianne Bartz Maass, Maximiliano Sergio Cenci, Nail\u00ea Dam\u00e9 Teixeira, Nicole Aime\u0301e Rodrigues Jos\u00e9 e Sinval Adalberto Rodrigues\u2026","rel":"","context":"Post similar","block_context":{"text":"Post similar","link":""},"img":{"alt_text":"","src":"","width":0,"height":0},"classes":[]},{"id":548,"url":"https:\/\/wp.ufpel.edu.br\/godec\/traumatismo-alveolodentario-em-dentes-permanentes\/","url_meta":{"origin":542,"position":3},"title":"Traumatismo alveolodent\u00e1rio em dentes permanentes","author":"godec","date":"30\/05\/2022","format":false,"excerpt":"Coordenadora: Profa. Dra. Helena Silveira Schuch. Painel de especialistas: \u00c2ndrea Daneris, Bruna Vetromilla, Celso Caldeira, Cristina Braga Xavier, Deisi Lane Rodrigues, Francine Cardozo Madruga, Helena Silveira Schuch, Let\u00edcia Regina Morello Sartori, Lucianne Cople Maia, Mar\u00edlia Le\u00e3o Goettems, Marina Sousa Azevedo, Maximiliano S\u00e9rgio Cenci, Paulo Floriani Kramer, Renato Taqueo Placeres Ishigame,\u2026","rel":"","context":"Post similar","block_context":{"text":"Post similar","link":""},"img":{"alt_text":"","src":"","width":0,"height":0},"classes":[]},{"id":543,"url":"https:\/\/wp.ufpel.edu.br\/godec\/avaliacao-clinica-de-restauracoes-quando-reparar-substituir\/","url_meta":{"origin":542,"position":4},"title":"Reparo versus substitui\u00e7\u00e3o de restaura\u00e7\u00f5es","author":"godec","date":"28\/04\/2025","format":false,"excerpt":"Coordenador: Prof(a). Dr(a). Giana da Silveira Lima Painel de especialistas: Andr\u00e9 Lu\u00eds Faria e Silva, Cinthia Studzinski dos Santos, C\u00e1cia SignoriFl\u00e1vio Fernando Demarco, Julianne Bartz Maass, Maximiliano Sergio Cenci, Marcos Britto Corr\u00eaa, Nicole Aim\u00e9e Rodrigues Jos\u00e9 e Rafael Ratto de Moraes. INTRODU\u00c7\u00c3O Restaura\u00e7\u00f5es s\u00e3o procedimentos presentes na pr\u00e1tica cl\u00ednica di\u00e1ria\u2026","rel":"","context":"Post similar","block_context":{"text":"Post similar","link":""},"img":{"alt_text":"","src":"","width":0,"height":0},"classes":[]},{"id":545,"url":"https:\/\/wp.ufpel.edu.br\/godec\/tratamento-da-periodontite-estagio-i-iii-diretriz-para-a-pratica-clinica\/","url_meta":{"origin":542,"position":5},"title":"Tratamento da periodontite est\u00e1gio I-III: diretriz para a pr\u00e1tica cl\u00ednica.","author":"godec","date":"28\/04\/2025","format":false,"excerpt":"Coordenador: Prof. Dr. Francisco Wilker Mustafa Gomes Muniz Painel de especialistas: \u00c2ndrea Daneris, Caroline Fernandes e Silva, Cassiano Kuchenbecker R\u00f6sing, Eduardo Dickie de Castilhos, Fabricio Batistin Zanatta, Ma\u00edsa Casarin, Maria Lanuse Davila Gadelha de Oliveira, Nat\u00e1lia Marcumini Pola, Ricardo Souza Martins, Yasmim Nobre. INTRODU\u00c7\u00c3O: A periodontite \u00e9 considerada uma doen\u00e7a\u2026","rel":"","context":"Post similar","block_context":{"text":"Post similar","link":""},"img":{"alt_text":"","src":"","width":0,"height":0},"classes":[]}],"_links":{"self":[{"href":"https:\/\/wp.ufpel.edu.br\/godec\/wp-json\/wp\/v2\/pages\/542","targetHints":{"allow":["GET"]}}],"collection":[{"href":"https:\/\/wp.ufpel.edu.br\/godec\/wp-json\/wp\/v2\/pages"}],"about":[{"href":"https:\/\/wp.ufpel.edu.br\/godec\/wp-json\/wp\/v2\/types\/page"}],"author":[{"embeddable":true,"href":"https:\/\/wp.ufpel.edu.br\/godec\/wp-json\/wp\/v2\/users\/995"}],"replies":[{"embeddable":true,"href":"https:\/\/wp.ufpel.edu.br\/godec\/wp-json\/wp\/v2\/comments?post=542"}],"version-history":[{"count":3,"href":"https:\/\/wp.ufpel.edu.br\/godec\/wp-json\/wp\/v2\/pages\/542\/revisions"}],"predecessor-version":[{"id":2953,"href":"https:\/\/wp.ufpel.edu.br\/godec\/wp-json\/wp\/v2\/pages\/542\/revisions\/2953"}],"wp:attachment":[{"href":"https:\/\/wp.ufpel.edu.br\/godec\/wp-json\/wp\/v2\/media?parent=542"}],"curies":[{"name":"wp","href":"https:\/\/api.w.org\/{rel}","templated":true}]}}