{"id":539,"date":"2025-04-28T22:47:13","date_gmt":"2025-04-29T01:47:13","guid":{"rendered":"https:\/\/wp.ufpel.edu.br\/godec\/?page_id=539"},"modified":"2025-07-05T18:56:50","modified_gmt":"2025-07-05T21:56:50","slug":"prevencao-de-carie-na-primeira-infancia","status":"publish","type":"page","link":"https:\/\/wp.ufpel.edu.br\/godec\/prevencao-de-carie-na-primeira-infancia\/","title":{"rendered":"Preven\u00e7\u00e3o de c\u00e1rie na primeira inf\u00e2ncia"},"content":{"rendered":"\n<p>Coordenadora: Prof(a). Dr(a). Anelise Fernandes Montagner<\/p>\n\n\n\n<p>Painel de especialistas: Ana Paula Pires dos Santos, Cassiana Neves Mello, Carlos Alberto Feldens, Eug\u00eania Carrera Malh\u00e3o, Fabian Calixto Fraiz, Fausto Medeiros Mendes, Fran\u00e7oise Helene Van de Sande, Lucas Brum Cleff, Mar\u00edlia Le\u00e3o Goettems, Mariana Cadermatori, Maximiliano S\u00e9rgio Cenci, Tamara Kerber Tedesco, Mariana Minatel Braga, Paula dos Santos Leffa, Priscila Olin Silva e Renata S\u00e1 Rocha.<\/p>\n\n\n\n<p>INTRODU\u00c7\u00c3O:<\/p>\n\n\n\n<p>A doen\u00e7a c\u00e1rie afeta mais de 600 milh\u00f5es de crian\u00e7as pelo mundo, sendo a doen\u00e7a preven\u00edvel mais prevalente e, al\u00e9m disso, compartilha fatores de risco com outras doen\u00e7as associadas ao consumo excessivo de a\u00e7\u00facar, como obesidade infantil, doen\u00e7as cardiovasculares e diabetes (PITTS et al., 2019). V\u00e1rios termos foram sugeridos para definir a doen\u00e7a c\u00e1rie em crian\u00e7as pr\u00e9-escolares \u2013 menores de 6 anos de idade \u2013 e atualmente o termo empregado \u00e9 c\u00e1rie na primeira inf\u00e2ncia &#8211; CPI (TINANOFF et al., 2019). CPI \u00e9 a presen\u00e7a de uma ou mais superf\u00edcies cariadas (les\u00f5es n\u00e3o cavitadas ou cavitadas), perdidas ou restauradas (devido \u00e0 doen\u00e7a c\u00e1rie) em qualquer dente dec\u00edduo de uma crian\u00e7a com menos de seis anos de idade (AAPD, 2017). A CPI n\u00e3o representa apenas um problema de sa\u00fade p\u00fablica, mas tamb\u00e9m um problema social, visto que pode interferir na alimenta\u00e7\u00e3o, h\u00e1bitos de sono, desempenho escolar, e outras atividades di\u00e1rias das crian\u00e7as, podendo afetar o desenvolvimento da denti\u00e7\u00e3o permanente e at\u00e9 mesmo comprometer o crescimento e desenvolvimento da crian\u00e7a (PAHEL et al., 2007; TESCH et al., 2007; HEINRICH-WELTZEIN et al., 2012).<\/p>\n\n\n\n<p>Dessa forma, <strong> o objetivo<\/strong> do desenvolvimento desta diretriz para a pr\u00e1tica cl\u00ednica \u00e9 fornecer recomenda\u00e7\u00f5es para preven\u00e7\u00e3o e controle da doen\u00e7a c\u00e1rie em crian\u00e7as na primeira inf\u00e2ncia, a fim de auxiliar as eSB na tomada de decis\u00f5es baseada em evid\u00eancias.<\/p>\n\n\n\n<p><a href=\"https:\/\/1drv.ms\/w\/c\/58d7e2daf0e011b2\/EeIC_t1zfvBMv1ZbZ8onaX4Bx5U5pDRFAcC1bf4Bo-fbAw?e=uRZZuc\">Acesse aqui a vers\u00e3o preliminar<\/a><\/p>\n\n\n\n<p><a href=\"https:\/\/wp.ufpel.edu.br\/godec\/prevencao-de-carie-na-primeira-infancia-2\/\">Acesse aqui os ap\u00eandices<\/a><\/p>\n\n\n\n<p><\/p>\n","protected":false},"excerpt":{"rendered":"<p>Coordenadora: Prof(a). Dr(a). Anelise Fernandes Montagner Painel de especialistas: Ana Paula Pires dos Santos, Cassiana Neves Mello, Carlos Alberto Feldens, Eug\u00eania Carrera Malh\u00e3o, Fabian Calixto Fraiz, Fausto Medeiros Mendes, Fran\u00e7oise Helene Van de Sande, Lucas Brum Cleff, Mar\u00edlia Le\u00e3o Goettems, Mariana Cadermatori, Maximiliano S\u00e9rgio Cenci, Tamara Kerber Tedesco, Mariana Minatel Braga, Paula dos Santos Leffa, &hellip; <\/p>\n<p><a class=\"more-link btn\" href=\"https:\/\/wp.ufpel.edu.br\/godec\/prevencao-de-carie-na-primeira-infancia\/\">Continue lendo<\/a><\/p>\n","protected":false},"author":995,"featured_media":0,"parent":0,"menu_order":0,"comment_status":"closed","ping_status":"closed","template":"","meta":{"footnotes":""},"class_list":["post-539","page","type-page","status-publish","hentry","nodate","item-wrap"],"jetpack_sharing_enabled":true,"jetpack-related-posts":[{"id":533,"url":"https:\/\/wp.ufpel.edu.br\/godec\/higiene-bucal-na-infancia\/","url_meta":{"origin":539,"position":0},"title":"Higiene Bucal na Inf\u00e2ncia","author":"godec","date":"18\/05\/2022","format":false,"excerpt":"Coordenadora: Profa. Dra. Marina Azevedo. Painel de especialistas: Amanda Pinto Bandeira Rodrigues de Sousa, Amanda Souza Moura, Ariane Tiago Bernardo de Matos, Branca Heloisa de Oliveira, Fabiana Vieira Santos Azevedo, Gabriel Tilli Politano, Jaime Aparecido Cury, Lucas Agustinho Fernandes, Mariana Minatel Braga, Nicole Aim\u00e9e Rodrigues Jos\u00e9, Paula dos Santos Leffa,\u2026","rel":"","context":"Post similar","block_context":{"text":"Post similar","link":""},"img":{"alt_text":"","src":"","width":0,"height":0},"classes":[]},{"id":615,"url":"https:\/\/wp.ufpel.edu.br\/godec\/tratamentos-conservadores-da-polpa-em-dentes-deciduos\/","url_meta":{"origin":539,"position":1},"title":"Tratamentos conservadores da polpa em dentes dec\u00edduos","author":"godec","date":"30\/05\/2022","format":false,"excerpt":"Coordenadora: Profa. Dra. Fran\u00e7oise H\u00e9l\u00e8ne van de Sande Leite\u00a0. Painel de especialistas: Carine Weber Pires, Mariana Minatel Braga, Marina Sousa Azevedo, Nicole Aim\u00e9e Rodrigues Jos\u00e9, Rachel de Oliveira Rocha, Soraya Coelho Leal, Tatiana Albuquerque Porsella Flores Padula, Tathiane Larissa Lenzi. INTRODU\u00c7\u00c3O: O objetivo da remo\u00e7\u00e3o seletiva do tecido cariado em\u2026","rel":"","context":"Post similar","block_context":{"text":"Post similar","link":""},"img":{"alt_text":"","src":"","width":0,"height":0},"classes":[]},{"id":552,"url":"https:\/\/wp.ufpel.edu.br\/godec\/tecnica-de-tratamento-restaurador-atraumatico-criterios-de-elegibilidade-do-tratamento-e-etapas-clinicas-em-adultos-e-criancas\/","url_meta":{"origin":539,"position":2},"title":"T\u00e9cnica de Tratamento Restaurador Atraum\u00e1tico &#8211; Crit\u00e9rios de elegibilidade do tratamento e etapas cl\u00ednicas em adultos e crian\u00e7as","author":"godec","date":"28\/04\/2025","format":false,"excerpt":"Coordenador: Prof. Dr. Ot\u00e1vio Pereira D\u2019Avila Painel de especialistas: Alcir Jos\u00e9 de Oliveira Junior, Amanda Pinto Bandeira de Sousa Marques, Gustavo Vinicius do Nascimento Ribeiro, Mauro Cardoso Ribeiro e Eduardo Dickie de Castilhos INTRODU\u00c7\u00c3O O TRA \u00e9 uma abordagem minimamente invasiva que simultaneamente previne a c\u00e1rie dent\u00e1ria e impede a\u2026","rel":"","context":"Post similar","block_context":{"text":"Post similar","link":""},"img":{"alt_text":"","src":"","width":0,"height":0},"classes":[]},{"id":530,"url":"https:\/\/wp.ufpel.edu.br\/godec\/lesoes-profundas-de-carie\/","url_meta":{"origin":539,"position":3},"title":"Les\u00f5es profundas de c\u00e1rie","author":"godec","date":"18\/05\/2022","format":false,"excerpt":"Coordenadora: Profa. Dra. Fran\u00e7oise H\u00e9l\u00e8ne van de Sande Leite\u00a0\u00a0 Painel de especialistas: Ana Paula Pires dos Santos, Anelise Fernandes Montagner, Carla Moreira Pitoni. Daniela Proc\u00e1cia Raggio, Fabio Carneiro Martins, Fran\u00e7oise H\u00e9l\u00e8ne van de Sande Leite, Juliana Jobim Jardim, Leandro Augusto Hilgert, Lidiany Karla Azevedo Rodrigues, Luana Severo Alves, Nathalia Gudolle\u2026","rel":"","context":"Post similar","block_context":{"text":"Post similar","link":""},"img":{"alt_text":"","src":"","width":0,"height":0},"classes":[]},{"id":2912,"url":"https:\/\/wp.ufpel.edu.br\/godec\/prevencao-de-carie-na-primeira-infancia-2\/","url_meta":{"origin":539,"position":4},"title":"Preven\u00e7\u00e3o de c\u00e1rie na primeira inf\u00e2ncia","author":"micheleneumann","date":"03\/07\/2025","format":false,"excerpt":"Ap\u00eandice 1: Apendices_Prevencao de carie primeira infanciaBaixar","rel":"","context":"Post similar","block_context":{"text":"Post similar","link":""},"img":{"alt_text":"","src":"","width":0,"height":0},"classes":[]},{"id":538,"url":"https:\/\/wp.ufpel.edu.br\/godec\/manejo-de-lesoes-de-carie-radicular-diretriz-para-a-pratica-clinica\/","url_meta":{"origin":539,"position":5},"title":"Manejo de les\u00f5es de c\u00e1rie radicular: diretriz para a pr\u00e1tica cl\u00ednica.","author":"godec","date":"25\/05\/2025","format":false,"excerpt":"Coordenadora: Prof(a). Dr(a). Giana da Silveira Lima Painel de especialistas: Cec\u00edlia de Brito Barbosa, Cinthia Studzinski dos Santos, Eduardo Dickie de Castilhos, Fran\u00e7oise H\u00e9l\u00e8ne van der Sande, Giana da Silveira Lima, Juliana Jobim, Julianne Bartz Maass, Maximiliano Sergio Cenci, Nail\u00ea Dam\u00e9 Teixeira, Nicole Aime\u0301e Rodrigues Jos\u00e9 e Sinval Adalberto Rodrigues\u2026","rel":"","context":"Post similar","block_context":{"text":"Post similar","link":""},"img":{"alt_text":"","src":"","width":0,"height":0},"classes":[]}],"_links":{"self":[{"href":"https:\/\/wp.ufpel.edu.br\/godec\/wp-json\/wp\/v2\/pages\/539","targetHints":{"allow":["GET"]}}],"collection":[{"href":"https:\/\/wp.ufpel.edu.br\/godec\/wp-json\/wp\/v2\/pages"}],"about":[{"href":"https:\/\/wp.ufpel.edu.br\/godec\/wp-json\/wp\/v2\/types\/page"}],"author":[{"embeddable":true,"href":"https:\/\/wp.ufpel.edu.br\/godec\/wp-json\/wp\/v2\/users\/995"}],"replies":[{"embeddable":true,"href":"https:\/\/wp.ufpel.edu.br\/godec\/wp-json\/wp\/v2\/comments?post=539"}],"version-history":[{"count":6,"href":"https:\/\/wp.ufpel.edu.br\/godec\/wp-json\/wp\/v2\/pages\/539\/revisions"}],"predecessor-version":[{"id":2951,"href":"https:\/\/wp.ufpel.edu.br\/godec\/wp-json\/wp\/v2\/pages\/539\/revisions\/2951"}],"wp:attachment":[{"href":"https:\/\/wp.ufpel.edu.br\/godec\/wp-json\/wp\/v2\/media?parent=539"}],"curies":[{"name":"wp","href":"https:\/\/api.w.org\/{rel}","templated":true}]}}