{"id":2906,"date":"2025-07-03T18:39:47","date_gmt":"2025-07-03T21:39:47","guid":{"rendered":"https:\/\/wp.ufpel.edu.br\/godec\/?page_id=2906"},"modified":"2025-07-05T18:14:24","modified_gmt":"2025-07-05T21:14:24","slug":"apendices-gengivite-induzida-por-biofilme-em-adultos","status":"publish","type":"page","link":"https:\/\/wp.ufpel.edu.br\/godec\/apendices-gengivite-induzida-por-biofilme-em-adultos\/","title":{"rendered":"Tratamento da gengivite induzida por biofilme em adultos"},"content":{"rendered":"\n<p>Ap\u00eandice 1:<\/p>\n\n\n\n<div data-wp-interactive=\"core\/file\" class=\"wp-block-file\"><object data-wp-bind--hidden=\"!state.hasPdfPreview\" hidden class=\"wp-block-file__embed\" data=\"https:\/\/wp.ufpel.edu.br\/godec\/files\/2025\/07\/Material-suplementar-Guia-gengivite.pdf\" type=\"application\/pdf\" style=\"width:100%;height:600px\" aria-label=\"Incorporado de Material suplementar - Guia gengivite.\"><\/object><a id=\"wp-block-file--media-dedbdae7-534a-40aa-ba9d-8d2548462eb0\" href=\"https:\/\/wp.ufpel.edu.br\/godec\/files\/2025\/07\/Material-suplementar-Guia-gengivite.pdf\">Material suplementar &#8211; Guia gengivite<\/a><a href=\"https:\/\/wp.ufpel.edu.br\/godec\/files\/2025\/07\/Material-suplementar-Guia-gengivite.pdf\" class=\"wp-block-file__button wp-element-button\" download aria-describedby=\"wp-block-file--media-dedbdae7-534a-40aa-ba9d-8d2548462eb0\">Baixar<\/a><\/div>\n","protected":false},"excerpt":{"rendered":"<p>Ap\u00eandice 1:<\/p>\n","protected":false},"author":1424,"featured_media":0,"parent":0,"menu_order":0,"comment_status":"closed","ping_status":"closed","template":"","meta":{"footnotes":""},"class_list":["post-2906","page","type-page","status-publish","hentry","nodate","item-wrap"],"jetpack_sharing_enabled":true,"jetpack-related-posts":[{"id":546,"url":"https:\/\/wp.ufpel.edu.br\/godec\/tratamento-de-gengivite-em-adultos\/","url_meta":{"origin":2906,"position":0},"title":"Tratamento de Gengivite induzida por biofilme em adultos","author":"godec","date":"30\/05\/2022","format":false,"excerpt":"Coordenador: Prof. Dr. Francisco Wilker Mustafa Gomes Muniz. Painel de especialistas: \u00c2ndrea Daneris, Anelise Fernandes Montagner ,Carlos Heitor Cunha Moreira, Francisco Wilker Mustafa Gomes Muniz, Juliano Cavagni, Lilia Maia Aguiar ,Mariana da Silva Mu\u00f1oz, Rodrigo Ot\u00e1vio Rego, Taciane Menezes da Silveira, Tal\u00edcia Cruz Vidal, Thiago Marchi Martins, Yasmim Nobre Gon\u00e7alves\u2026","rel":"","context":"Post similar","block_context":{"text":"Post similar","link":""},"img":{"alt_text":"","src":"","width":0,"height":0},"classes":[]},{"id":2935,"url":"https:\/\/wp.ufpel.edu.br\/godec\/2935-2\/","url_meta":{"origin":2906,"position":1},"title":"Tratamento da gengivite induzida por biofilme em adultos","author":"micheleneumann","date":"05\/07\/2025","format":false,"excerpt":"Tratamento da gengivite induzida por biofilme em adultos (vers\u00e3o estendida)Baixar","rel":"","context":"Post similar","block_context":{"text":"Post similar","link":""},"img":{"alt_text":"","src":"","width":0,"height":0},"classes":[]},{"id":552,"url":"https:\/\/wp.ufpel.edu.br\/godec\/tecnica-de-tratamento-restaurador-atraumatico-criterios-de-elegibilidade-do-tratamento-e-etapas-clinicas-em-adultos-e-criancas\/","url_meta":{"origin":2906,"position":2},"title":"T\u00e9cnica de Tratamento Restaurador Atraum\u00e1tico &#8211; Crit\u00e9rios de elegibilidade do tratamento e etapas cl\u00ednicas em adultos e crian\u00e7as","author":"godec","date":"28\/04\/2025","format":false,"excerpt":"Coordenador: Prof. Dr. Ot\u00e1vio Pereira D\u2019Avila Painel de especialistas: Alcir Jos\u00e9 de Oliveira Junior, Amanda Pinto Bandeira de Sousa Marques, Gustavo Vinicius do Nascimento Ribeiro, Mauro Cardoso Ribeiro e Eduardo Dickie de Castilhos INTRODU\u00c7\u00c3O O TRA \u00e9 uma abordagem minimamente invasiva que simultaneamente previne a c\u00e1rie dent\u00e1ria e impede a\u2026","rel":"","context":"Post similar","block_context":{"text":"Post similar","link":""},"img":{"alt_text":"","src":"","width":0,"height":0},"classes":[]},{"id":610,"url":"https:\/\/wp.ufpel.edu.br\/godec\/apendices-pacientes-oncologicos\/","url_meta":{"origin":2906,"position":3},"title":"Tratamento odontol\u00f3gico em pacientes oncol\u00f3gicos submetidos a radioterapia de cabe\u00e7a e pesco\u00e7o e\/ou quimioterapia","author":"godec","date":"07\/08\/2022","format":false,"excerpt":"Ap\u00eandice 1: ApendicesBaixar","rel":"","context":"Post similar","block_context":{"text":"Post similar","link":""},"img":{"alt_text":"","src":"","width":0,"height":0},"classes":[]},{"id":213,"url":"https:\/\/wp.ufpel.edu.br\/godec\/diretrizes\/","url_meta":{"origin":2906,"position":4},"title":"Diretrizes","author":"godec","date":"01\/09\/2020","format":false,"excerpt":"Um dos objetivos principais do GODeC \u00e9 desenvolver, disseminar e proporcionar acesso gratuito a recomenda\u00e7\u00f5es baseadas em evid\u00eancia para promover as melhores decis\u00f5es de tratamento aos dentistas, por meio de\u00a0 diretrizes para a pr\u00e1tica cl\u00ednica Odontol\u00f3gica, assim como fornecer informa\u00e7\u00e3o de qualidade aos pacientes. Nesse contexto, um dos principais eixos\u2026","rel":"","context":"Post similar","block_context":{"text":"Post similar","link":""},"img":{"alt_text":"","src":"","width":0,"height":0},"classes":[]},{"id":617,"url":"https:\/\/wp.ufpel.edu.br\/godec\/apendices-de-tratamentos-conservadores-da-polpa\/","url_meta":{"origin":2906,"position":5},"title":"Ap\u00eandices de tratamentos conservadores da polpa.","author":"godec","date":"07\/08\/2022","format":false,"excerpt":"Apendices-tratamentos-conservadores-da-polpa-em-deciduosBaixar","rel":"","context":"Post similar","block_context":{"text":"Post similar","link":""},"img":{"alt_text":"","src":"","width":0,"height":0},"classes":[]}],"_links":{"self":[{"href":"https:\/\/wp.ufpel.edu.br\/godec\/wp-json\/wp\/v2\/pages\/2906","targetHints":{"allow":["GET"]}}],"collection":[{"href":"https:\/\/wp.ufpel.edu.br\/godec\/wp-json\/wp\/v2\/pages"}],"about":[{"href":"https:\/\/wp.ufpel.edu.br\/godec\/wp-json\/wp\/v2\/types\/page"}],"author":[{"embeddable":true,"href":"https:\/\/wp.ufpel.edu.br\/godec\/wp-json\/wp\/v2\/users\/1424"}],"replies":[{"embeddable":true,"href":"https:\/\/wp.ufpel.edu.br\/godec\/wp-json\/wp\/v2\/comments?post=2906"}],"version-history":[{"count":3,"href":"https:\/\/wp.ufpel.edu.br\/godec\/wp-json\/wp\/v2\/pages\/2906\/revisions"}],"predecessor-version":[{"id":2926,"href":"https:\/\/wp.ufpel.edu.br\/godec\/wp-json\/wp\/v2\/pages\/2906\/revisions\/2926"}],"wp:attachment":[{"href":"https:\/\/wp.ufpel.edu.br\/godec\/wp-json\/wp\/v2\/media?parent=2906"}],"curies":[{"name":"wp","href":"https:\/\/api.w.org\/{rel}","templated":true}]}}