{"id":224,"date":"2020-09-01T15:10:09","date_gmt":"2020-09-01T18:10:09","guid":{"rendered":"https:\/\/wp.ufpel.edu.br\/godec\/?page_id=224"},"modified":"2025-07-02T20:55:48","modified_gmt":"2025-07-02T23:55:48","slug":"autor-corporativo","status":"publish","type":"page","link":"https:\/\/wp.ufpel.edu.br\/godec\/sobre\/autor-corporativo\/","title":{"rendered":"Autor Corporativo"},"content":{"rendered":"\n<div class=\"wp-block-columns are-vertically-aligned-bottom is-layout-flex wp-container-core-columns-is-layout-9d6595d7 wp-block-columns-is-layout-flex\">\n<div class=\"wp-block-column is-vertically-aligned-bottom is-layout-flow wp-block-column-is-layout-flow\" style=\"flex-basis:100%\">\n<p>The Global Observatory for Dental Care Initiative<br>Federal University of Pelotas<\/p>\n\n\n\n<div class=\"wp-block-group\" style=\"line-height:1\"><div class=\"wp-block-group__inner-container is-layout-constrained wp-block-group-is-layout-constrained\">\n<div class=\"wp-block-group is-vertical is-layout-flex wp-container-core-group-is-layout-8cf370e7 wp-block-group-is-layout-flex\" style=\"font-size:14px;line-height:1\">\n<p><a href=\"http:\/\/lattes.cnpq.br\/6383558391333457\">Marina Sousa Azevedo (Researcher)<\/a><\/p>\n\n\n\n<p><a href=\"http:\/\/lattes.cnpq.br\/5959225175655875\">\u00c2ndrea Pires Daneris (Undergraduate Student)<\/a><\/p>\n\n\n\n<p><a href=\"http:\/\/lattes.cnpq.br\/4315779250591626\">Morgana Favetti (PhD Candidate)<\/a><\/p>\n\n\n\n<p><a href=\"http:\/\/lattes.cnpq.br\/0895802007121548\">Mar\u00edlia Le\u00e3o Goettems (Researcher)<\/a><\/p>\n\n\n\n<p><a href=\"http:\/\/lattes.cnpq.br\/3203728107229860\">Yasmim Nobre Gon\u00e7alves (Undergraduate Student)<\/a><\/p>\n\n\n\n<p><a href=\"http:\/\/lattes.cnpq.br\/3857752875749027\">Giana da Silveira Lima (Researcher)<\/a><\/p>\n\n\n\n<p><a href=\"http:\/\/lattes.cnpq.br\/7002526052329236\">Tamires Timm Maske (Post-Doctoral Fellow)<\/a><\/p>\n\n\n\n<p><a href=\"http:\/\/lattes.cnpq.br\/4006814275736562\">Thais Mazzetti (Graduate Student)<\/a><\/p>\n\n\n\n<p><a href=\"http:\/\/lattes.cnpq.br\/6217846985830016\">Tatiana Pereira-Cenci (Researcher)<\/a><\/p>\n\n\n\n<p><a href=\"http:\/\/lattes.cnpq.br\/6034837564260743\">C\u00ednthia Studzinski (PhD Candidate)<\/a><\/p>\n\n\n\n<p><a href=\"http:\/\/lattes.cnpq.br\/5749997130092050\">Fran\u00e7oise H\u00e9l\u00e8ne van de Sande (Researcher)<\/a><\/p>\n\n\n\n<p><a href=\"http:\/\/lattes.cnpq.br\/0919422652232704\">Helena Silveira Schuch (Post-Doctoral Fellow)<\/a><\/p>\n\n\n\n<p><a href=\"http:\/\/lattes.cnpq.br\/0604610189174180\">Bruna Muhlinberg Vetromilla (Post-Doctoral Fellow)<\/a><\/p>\n\n\n\n<p><a href=\"http:\/\/lattes.cnpq.br\/4313918234580023\">C\u00e9sar Dalmolin Bergoli (Researcher)<\/a><\/p>\n\n\n\n<p><a href=\"http:\/\/lattes.cnpq.br\/1006318914677074\">Eduardo Dickie de Castilhos (Researcher)<\/a><\/p>\n\n\n\n<p><a href=\"http:\/\/lattes.cnpq.br\/5249173891748640\">Jaisson Cenci (PhD Candidate)<\/a><\/p>\n\n\n\n<p><a href=\"http:\/\/lattes.cnpq.br\/9213734590954928\">Maximiliano S\u00e9rgio Cenci (Researcher)<\/a><\/p>\n\n\n\n<p><a href=\"http:\/\/lattes.cnpq.br\/2964823666813554\">Marcos Britto Corr\u00eaa (Researcher)<\/a><\/p>\n\n\n\n<p><a href=\"http:\/\/lattes.cnpq.br\/7911647596492565\">Rafael Ratto de Moraes (Researcher)<\/a><\/p>\n\n\n\n<p><a href=\"http:\/\/lattes.cnpq.br\/1960767604096982\">Francisco Wilker Mustafa Gomes Muniz (Researcher)<\/a><\/p>\n\n\n\n<p><a href=\"https:\/\/buscatextual.cnpq.br\/buscatextual\/visualizacv.do\">Ot\u00e1vio Pereira D\u2019\u00e1vila (Researcher)<\/a><\/p>\n\n\n\n<p><a href=\"https:\/\/buscatextual.cnpq.br\/buscatextual\/visualizacv.do;jsessionid=F09BC7F47977129BE399AD058EDBA612.buscatextual_0\">Anelise Fernandes Montagner(Researcher)<\/a><\/p>\n<\/div>\n<\/div><\/div>\n<\/div>\n<\/div>\n\n\n\n<p>A colabora\u00e7\u00e3o dos autores ser\u00e1 anual. <\/p>\n\n\n\n<p>2020 GODeC &#8211; Authors are listed by name and gender order. The GODeC Initiative supports all gender equity initiatives.<\/p>\n","protected":false},"excerpt":{"rendered":"<p>The Global Observatory for Dental Care InitiativeFederal University of Pelotas Marina Sousa Azevedo (Researcher) \u00c2ndrea Pires Daneris (Undergraduate Student) Morgana Favetti (PhD Candidate) Mar\u00edlia Le\u00e3o Goettems (Researcher) Yasmim Nobre Gon\u00e7alves (Undergraduate Student) Giana da Silveira Lima (Researcher) Tamires Timm Maske (Post-Doctoral Fellow) Thais Mazzetti (Graduate Student) Tatiana Pereira-Cenci (Researcher) C\u00ednthia Studzinski (PhD Candidate) Fran\u00e7oise H\u00e9l\u00e8ne &hellip; <\/p>\n<p><a class=\"more-link btn\" href=\"https:\/\/wp.ufpel.edu.br\/godec\/sobre\/autor-corporativo\/\">Continue lendo<\/a><\/p>\n","protected":false},"author":995,"featured_media":0,"parent":250,"menu_order":5,"comment_status":"closed","ping_status":"closed","template":"","meta":{"footnotes":""},"class_list":["post-224","page","type-page","status-publish","hentry","nodate","item-wrap"],"jetpack_sharing_enabled":false,"jetpack-related-posts":[],"_links":{"self":[{"href":"https:\/\/wp.ufpel.edu.br\/godec\/wp-json\/wp\/v2\/pages\/224","targetHints":{"allow":["GET"]}}],"collection":[{"href":"https:\/\/wp.ufpel.edu.br\/godec\/wp-json\/wp\/v2\/pages"}],"about":[{"href":"https:\/\/wp.ufpel.edu.br\/godec\/wp-json\/wp\/v2\/types\/page"}],"author":[{"embeddable":true,"href":"https:\/\/wp.ufpel.edu.br\/godec\/wp-json\/wp\/v2\/users\/995"}],"replies":[{"embeddable":true,"href":"https:\/\/wp.ufpel.edu.br\/godec\/wp-json\/wp\/v2\/comments?post=224"}],"version-history":[{"count":25,"href":"https:\/\/wp.ufpel.edu.br\/godec\/wp-json\/wp\/v2\/pages\/224\/revisions"}],"predecessor-version":[{"id":2892,"href":"https:\/\/wp.ufpel.edu.br\/godec\/wp-json\/wp\/v2\/pages\/224\/revisions\/2892"}],"up":[{"embeddable":true,"href":"https:\/\/wp.ufpel.edu.br\/godec\/wp-json\/wp\/v2\/pages\/250"}],"wp:attachment":[{"href":"https:\/\/wp.ufpel.edu.br\/godec\/wp-json\/wp\/v2\/media?parent=224"}],"curies":[{"name":"wp","href":"https:\/\/api.w.org\/{rel}","templated":true}]}}

<div class="wp-block-columns are-vertically-aligned-bottom is-layout-flex wp-container-core-columns-is-layout-9d6595d7 wp-block-columns-is-layout-flex">
<div class="wp-block-column is-vertically-aligned-bottom is-layout-flow wp-block-column-is-layout-flow" style="flex-basis:100%">
<p>The Global Observatory for Dental Care Initiative<br>Federal University of Pelotas</p>



<div class="wp-block-group" style="line-height:1"><div class="wp-block-group__inner-container is-layout-constrained wp-block-group-is-layout-constrained">
<div class="wp-block-group is-vertical is-layout-flex wp-container-core-group-is-layout-8cf370e7 wp-block-group-is-layout-flex" style="font-size:14px;line-height:1">
<p><a href="http://lattes.cnpq.br/6383558391333457">Marina Sousa Azevedo (Researcher)</a></p>



<p><a href="http://lattes.cnpq.br/5959225175655875">Ândrea Pires Daneris (Undergraduate Student)</a></p>



<p><a href="http://lattes.cnpq.br/4315779250591626">Morgana Favetti (PhD Candidate)</a></p>



<p><a href="http://lattes.cnpq.br/0895802007121548">Marília Leão Goettems (Researcher)</a></p>



<p><a href="http://lattes.cnpq.br/3203728107229860">Yasmim Nobre Gonçalves (Undergraduate Student)</a></p>



<p><a href="http://lattes.cnpq.br/3857752875749027">Giana da Silveira Lima (Researcher)</a></p>



<p><a href="http://lattes.cnpq.br/7002526052329236">Tamires Timm Maske (Post-Doctoral Fellow)</a></p>



<p><a href="http://lattes.cnpq.br/4006814275736562">Thais Mazzetti (Graduate Student)</a></p>



<p><a href="http://lattes.cnpq.br/6217846985830016">Tatiana Pereira-Cenci (Researcher)</a></p>



<p><a href="http://lattes.cnpq.br/6034837564260743">Cínthia Studzinski (PhD Candidate)</a></p>



<p><a href="http://lattes.cnpq.br/5749997130092050">Françoise Hélène van de Sande (Researcher)</a></p>



<p><a href="http://lattes.cnpq.br/0919422652232704">Helena Silveira Schuch (Post-Doctoral Fellow)</a></p>



<p><a href="http://lattes.cnpq.br/0604610189174180">Bruna Muhlinberg Vetromilla (Post-Doctoral Fellow)</a></p>



<p><a href="http://lattes.cnpq.br/4313918234580023">César Dalmolin Bergoli (Researcher)</a></p>



<p><a href="http://lattes.cnpq.br/1006318914677074">Eduardo Dickie de Castilhos (Researcher)</a></p>



<p><a href="http://lattes.cnpq.br/5249173891748640">Jaisson Cenci (PhD Candidate)</a></p>



<p><a href="http://lattes.cnpq.br/9213734590954928">Maximiliano Sérgio Cenci (Researcher)</a></p>



<p><a href="http://lattes.cnpq.br/2964823666813554">Marcos Britto Corrêa (Researcher)</a></p>



<p><a href="http://lattes.cnpq.br/7911647596492565">Rafael Ratto de Moraes (Researcher)</a></p>



<p><a href="http://lattes.cnpq.br/1960767604096982">Francisco Wilker Mustafa Gomes Muniz (Researcher)</a></p>



<p><a href="https://buscatextual.cnpq.br/buscatextual/visualizacv.do">Otávio Pereira D’ávila (Researcher)</a></p>



<p><a href="https://buscatextual.cnpq.br/buscatextual/visualizacv.do;jsessionid=F09BC7F47977129BE399AD058EDBA612.buscatextual_0">Anelise Fernandes Montagner(Researcher)</a></p>
</div>
</div></div>
</div>
</div>



<p>A colaboração dos autores será anual. </p>



<p>2020 GODeC &#8211; Authors are listed by name and gender order. The GODeC Initiative supports all gender equity initiatives.</p>

<p>The Global Observatory for Dental Care InitiativeFederal University of Pelotas Marina Sousa Azevedo (Researcher) Ândrea Pires Daneris (Undergraduate Student) Morgana Favetti (PhD Candidate) Marília Leão Goettems (Researcher) Yasmim Nobre Gonçalves (Undergraduate Student) Giana da Silveira Lima (Researcher) Tamires Timm Maske (Post-Doctoral Fellow) Thais Mazzetti (Graduate Student) Tatiana Pereira-Cenci (Researcher) Cínthia Studzinski (PhD Candidate) Françoise Hélène &hellip; </p>
<p><a class="more-link btn" href="https://wp.ufpel.edu.br/godec/sobre/autor-corporativo/">Continue lendo</a></p>
