{"id":415,"date":"2017-11-12T15:14:54","date_gmt":"2017-11-12T17:14:54","guid":{"rendered":"https:\/\/wp.ufpel.edu.br\/gipnals\/?page_id=415"},"modified":"2017-11-12T15:23:09","modified_gmt":"2017-11-12T17:23:09","slug":"i-forum-internacional-de-contadores-de-historias-catadores-e-contra-dores","status":"publish","type":"page","link":"https:\/\/wp.ufpel.edu.br\/gipnals\/eventos\/i-forum-internacional-de-contadores-de-historias-catadores-e-contra-dores\/","title":{"rendered":"I F\u00f3rum Internacional de Contadores de Hist\u00f3rias: Catadores e Contra-dores"},"content":{"rendered":"<p>&nbsp;<\/p>\n<p style=\"text-align: justify\">A proposta do<a href=\"https:\/\/wp.ufpel.edu.br\/nals\/?page_id=207\">\u00a0I\u00a0F\u00f3rum Internacional de Contadores de Hist\u00f3rias: Catadores e Contra-dores<\/a> parte da necessidade de experimentar a constru\u00e7\u00e3o de outros espa\u00e7os-viv\u00eancias da mem\u00f3ria enquanto narrativas. Sustenta-se em dois elementos conceituais, de lugares e tempos distintos: O Teatro da mem\u00f3ria de Giulio Camillo (It\u00e1lia, 1550) e os Parangol\u00e9s de H\u00e9lio de Oiticica (Brasil, 1960 \u2013 1970).<\/p>\n<p style=\"text-align: justify\">O Teatro da Mem\u00f3ria era um tipo de anfiteatro onde o espectador, ao desbravar, poderia entrar em contato com diferentes tipos de materiais, entre estes, textos e imagens sobre as mais diferentes \u00e1reas do conhecimento e da arte.<\/p>\n<p style=\"text-align: justify\">A id\u00e9ia era que o espectador pudesse percorrer com toda a liberdade os diferentes caminhos que possibilitariam os textos e as imagens, o itiner\u00e1rio era mut\u00e1vel de acordo com a rede estabelecida pelo espectador no di\u00e1logo com a obra e sua multiplicidade de significa\u00e7\u00f5es.<\/p>\n<p style=\"text-align: justify\">Neste processo interativo a passagem pelo teatro modifica tanto a obra, como quem com ela estabelece algum tipo de interlocu\u00e7\u00e3o.\u00a0 Na proposta de Giulio Camillo encontra-se a origem de conceitos e concep\u00e7\u00f5es utilizados na contemporaneidade como rede e arte interativa.<\/p>\n<p style=\"text-align: justify\">Os\u00a0<em>Parangol\u00e9s<\/em>\u00a0de H\u00e9lio Oiticica s\u00e3o capas, tendas ou estandartes que incorporam as influ\u00eancias da favela e do samba brasileiros, e foram produzidos para serem vestidos e de prefer\u00eancia para serem dan\u00e7ados pelo participador. Oiticica defendia que o corpo do participador n\u00e3o poderia ser visto como um suporte da obra, mas sim como a sua incorpora\u00e7\u00e3o, a \u201cincorpora\u00e7\u00e3o do corpo na obra e da obra no corpo\u201d.<\/p>\n<p style=\"text-align: justify\">Ao adotar a m\u00fasica como fio condutor da hist\u00f3ria, somos levados a concordar com Nietzsche que \u201ca vida sem m\u00fasica \u00e9 simplesmente um erro, uma tarefa cansativa, um ex\u00edlio\u201d, a m\u00fasica dionis\u00edaca, nesta mesma leitura, \u00e9 a tradu\u00e7\u00e3o do querer, enquanto prazer e enquanto dor. \u00c9 a m\u00fasica que conduz, possibilita, estabelece, ou que \u00e9 a pr\u00f3pria via de acesso a Vontade.\u00a0 Ser\u00e1 a m\u00fasica, portanto, nesse f\u00f3rum, que guiar\u00e1 a experimenta\u00e7\u00e3o da mem\u00f3ria.<\/p>\n<p style=\"text-align: justify\">Considerando que a mem\u00f3ria tem sido uma das quest\u00f5es mais presentes e atuais nos estudos acad\u00eamicos, nos propusemos, no entanto a um tratamento espec\u00edfico da mem\u00f3ria, na interface da mem\u00f3ria com as identidades, elegemos as narrativas populares como foco e buscamos o \u201cpassado em n\u00f3s\u201d, ou seja, a constru\u00e7\u00e3o de um espa\u00e7o de celebra\u00e7\u00e3o da mem\u00f3ria pelo presente e pelo que este exige de a\u00e7\u00e3o e interven\u00e7\u00e3o ativa.<\/p>\n\n\t\t<style type=\"text\/css\">\n\t\t\t#gallery-1 {\n\t\t\t\tmargin: auto;\n\t\t\t}\n\t\t\t#gallery-1 .gallery-item {\n\t\t\t\tfloat: left;\n\t\t\t\tmargin-top: 10px;\n\t\t\t\ttext-align: center;\n\t\t\t\twidth: 50%;\n\t\t\t}\n\t\t\t#gallery-1 img {\n\t\t\t\tborder: 2px solid #cfcfcf;\n\t\t\t}\n\t\t\t#gallery-1 .gallery-caption {\n\t\t\t\tmargin-left: 0;\n\t\t\t}\n\t\t\t\/* see gallery_shortcode() in wp-includes\/media.php *\/\n\t\t<\/style>\n\t\t<div id='gallery-1' class='gallery galleryid-415 gallery-columns-2 gallery-size-full'><dl class='gallery-item'>\n\t\t\t<dt class='gallery-icon landscape'>\n\t\t\t\t<a href='https:\/\/wp.ufpel.edu.br\/gipnals\/eventos\/i-forum-internacional-de-contadores-de-historias-catadores-e-contra-dores\/1-forum-internacional-de-contadores-de-historias-catadores-e-contra-dores\/'><img loading=\"lazy\" decoding=\"async\" width=\"1024\" height=\"672\" src=\"https:\/\/wp.ufpel.edu.br\/gipnals\/files\/2017\/11\/1\u00b0-F\u00f3rum-Internacional-de-Contadores-de-Hist\u00f3rias-Catadores-e-Contra-dores.jpg\" class=\"attachment-full size-full\" alt=\"\" srcset=\"https:\/\/wp.ufpel.edu.br\/gipnals\/files\/2017\/11\/1\u00b0-F\u00f3rum-Internacional-de-Contadores-de-Hist\u00f3rias-Catadores-e-Contra-dores.jpg 1024w, https:\/\/wp.ufpel.edu.br\/gipnals\/files\/2017\/11\/1\u00b0-F\u00f3rum-Internacional-de-Contadores-de-Hist\u00f3rias-Catadores-e-Contra-dores-212x139.jpg 212w, https:\/\/wp.ufpel.edu.br\/gipnals\/files\/2017\/11\/1\u00b0-F\u00f3rum-Internacional-de-Contadores-de-Hist\u00f3rias-Catadores-e-Contra-dores-424x278.jpg 424w, https:\/\/wp.ufpel.edu.br\/gipnals\/files\/2017\/11\/1\u00b0-F\u00f3rum-Internacional-de-Contadores-de-Hist\u00f3rias-Catadores-e-Contra-dores-768x504.jpg 768w, https:\/\/wp.ufpel.edu.br\/gipnals\/files\/2017\/11\/1\u00b0-F\u00f3rum-Internacional-de-Contadores-de-Hist\u00f3rias-Catadores-e-Contra-dores-457x300.jpg 457w\" sizes=\"auto, (max-width: 1024px) 100vw, 1024px\" \/><\/a>\n\t\t\t<\/dt><\/dl><dl class='gallery-item'>\n\t\t\t<dt class='gallery-icon landscape'>\n\t\t\t\t<a href='https:\/\/wp.ufpel.edu.br\/gipnals\/eventos\/i-forum-internacional-de-contadores-de-historias-catadores-e-contra-dores\/hex1-1024x666\/'><img loading=\"lazy\" decoding=\"async\" width=\"1024\" height=\"666\" src=\"https:\/\/wp.ufpel.edu.br\/gipnals\/files\/2017\/11\/hex1-1024x666.jpg\" class=\"attachment-full size-full\" alt=\"\" srcset=\"https:\/\/wp.ufpel.edu.br\/gipnals\/files\/2017\/11\/hex1-1024x666.jpg 1024w, https:\/\/wp.ufpel.edu.br\/gipnals\/files\/2017\/11\/hex1-1024x666-212x138.jpg 212w, https:\/\/wp.ufpel.edu.br\/gipnals\/files\/2017\/11\/hex1-1024x666-424x276.jpg 424w, https:\/\/wp.ufpel.edu.br\/gipnals\/files\/2017\/11\/hex1-1024x666-768x500.jpg 768w, https:\/\/wp.ufpel.edu.br\/gipnals\/files\/2017\/11\/hex1-1024x666-461x300.jpg 461w\" sizes=\"auto, (max-width: 1024px) 100vw, 1024px\" \/><\/a>\n\t\t\t<\/dt><\/dl><br style=\"clear: both\" \/><dl class='gallery-item'>\n\t\t\t<dt class='gallery-icon landscape'>\n\t\t\t\t<a href='https:\/\/wp.ufpel.edu.br\/gipnals\/eventos\/i-forum-internacional-de-contadores-de-historias-catadores-e-contra-dores\/hex2-1024x677\/'><img loading=\"lazy\" decoding=\"async\" width=\"1024\" height=\"677\" src=\"https:\/\/wp.ufpel.edu.br\/gipnals\/files\/2017\/11\/hex2-1024x677.jpg\" class=\"attachment-full size-full\" alt=\"\" srcset=\"https:\/\/wp.ufpel.edu.br\/gipnals\/files\/2017\/11\/hex2-1024x677.jpg 1024w, https:\/\/wp.ufpel.edu.br\/gipnals\/files\/2017\/11\/hex2-1024x677-212x140.jpg 212w, https:\/\/wp.ufpel.edu.br\/gipnals\/files\/2017\/11\/hex2-1024x677-424x280.jpg 424w, https:\/\/wp.ufpel.edu.br\/gipnals\/files\/2017\/11\/hex2-1024x677-768x508.jpg 768w, https:\/\/wp.ufpel.edu.br\/gipnals\/files\/2017\/11\/hex2-1024x677-454x300.jpg 454w\" sizes=\"auto, (max-width: 1024px) 100vw, 1024px\" \/><\/a>\n\t\t\t<\/dt><\/dl><dl class='gallery-item'>\n\t\t\t<dt class='gallery-icon landscape'>\n\t\t\t\t<a href='https:\/\/wp.ufpel.edu.br\/gipnals\/eventos\/i-forum-internacional-de-contadores-de-historias-catadores-e-contra-dores\/hex3-1024x652\/'><img loading=\"lazy\" decoding=\"async\" width=\"1024\" height=\"652\" src=\"https:\/\/wp.ufpel.edu.br\/gipnals\/files\/2017\/11\/hex3-1024x652.jpg\" class=\"attachment-full size-full\" alt=\"\" srcset=\"https:\/\/wp.ufpel.edu.br\/gipnals\/files\/2017\/11\/hex3-1024x652.jpg 1024w, https:\/\/wp.ufpel.edu.br\/gipnals\/files\/2017\/11\/hex3-1024x652-212x135.jpg 212w, https:\/\/wp.ufpel.edu.br\/gipnals\/files\/2017\/11\/hex3-1024x652-424x270.jpg 424w, https:\/\/wp.ufpel.edu.br\/gipnals\/files\/2017\/11\/hex3-1024x652-768x489.jpg 768w, https:\/\/wp.ufpel.edu.br\/gipnals\/files\/2017\/11\/hex3-1024x652-471x300.jpg 471w\" sizes=\"auto, (max-width: 1024px) 100vw, 1024px\" \/><\/a>\n\t\t\t<\/dt><\/dl><br style=\"clear: both\" \/>\n\t\t<\/div>\n\n<p>&nbsp;<\/p>\n","protected":false},"excerpt":{"rendered":"<p>&nbsp; A proposta do\u00a0I\u00a0F\u00f3rum Internacional de Contadores de Hist\u00f3rias: Catadores e Contra-dores parte da necessidade de experimentar a constru\u00e7\u00e3o de outros espa\u00e7os-viv\u00eancias da mem\u00f3ria enquanto narrativas. Sustenta-se em dois elementos conceituais, de lugares e tempos distintos: O Teatro da mem\u00f3ria &hellip; <a href=\"https:\/\/wp.ufpel.edu.br\/gipnals\/eventos\/i-forum-internacional-de-contadores-de-historias-catadores-e-contra-dores\/\">Continue lendo <span class=\"meta-nav\">&rarr;<\/span><\/a><\/p>\n","protected":false},"author":691,"featured_media":0,"parent":28,"menu_order":0,"comment_status":"closed","ping_status":"closed","template":"","meta":{"footnotes":""},"class_list":["post-415","page","type-page","status-publish","hentry"],"jetpack_sharing_enabled":true,"_links":{"self":[{"href":"https:\/\/wp.ufpel.edu.br\/gipnals\/wp-json\/wp\/v2\/pages\/415","targetHints":{"allow":["GET"]}}],"collection":[{"href":"https:\/\/wp.ufpel.edu.br\/gipnals\/wp-json\/wp\/v2\/pages"}],"about":[{"href":"https:\/\/wp.ufpel.edu.br\/gipnals\/wp-json\/wp\/v2\/types\/page"}],"author":[{"embeddable":true,"href":"https:\/\/wp.ufpel.edu.br\/gipnals\/wp-json\/wp\/v2\/users\/691"}],"replies":[{"embeddable":true,"href":"https:\/\/wp.ufpel.edu.br\/gipnals\/wp-json\/wp\/v2\/comments?post=415"}],"version-history":[{"count":4,"href":"https:\/\/wp.ufpel.edu.br\/gipnals\/wp-json\/wp\/v2\/pages\/415\/revisions"}],"predecessor-version":[{"id":425,"href":"https:\/\/wp.ufpel.edu.br\/gipnals\/wp-json\/wp\/v2\/pages\/415\/revisions\/425"}],"up":[{"embeddable":true,"href":"https:\/\/wp.ufpel.edu.br\/gipnals\/wp-json\/wp\/v2\/pages\/28"}],"wp:attachment":[{"href":"https:\/\/wp.ufpel.edu.br\/gipnals\/wp-json\/wp\/v2\/media?parent=415"}],"curies":[{"name":"wp","href":"https:\/\/api.w.org\/{rel}","templated":true}]}}