{"id":300,"date":"2017-10-18T14:35:31","date_gmt":"2017-10-18T16:35:31","guid":{"rendered":"https:\/\/wp.ufpel.edu.br\/gipnals\/?page_id=300"},"modified":"2017-10-18T14:40:25","modified_gmt":"2017-10-18T16:40:25","slug":"reunioes-de-orientacao","status":"publish","type":"page","link":"https:\/\/wp.ufpel.edu.br\/gipnals\/videos-e-fotografias\/reunioes-de-orientacao\/","title":{"rendered":"Reuni\u00f5es de Orienta\u00e7\u00e3o"},"content":{"rendered":"\n\t\t<style type=\"text\/css\">\n\t\t\t#gallery-1 {\n\t\t\t\tmargin: auto;\n\t\t\t}\n\t\t\t#gallery-1 .gallery-item {\n\t\t\t\tfloat: left;\n\t\t\t\tmargin-top: 10px;\n\t\t\t\ttext-align: center;\n\t\t\t\twidth: 33%;\n\t\t\t}\n\t\t\t#gallery-1 img {\n\t\t\t\tborder: 2px solid #cfcfcf;\n\t\t\t}\n\t\t\t#gallery-1 .gallery-caption {\n\t\t\t\tmargin-left: 0;\n\t\t\t}\n\t\t\t\/* see gallery_shortcode() in wp-includes\/media.php *\/\n\t\t<\/style>\n\t\t<div id='gallery-1' class='gallery galleryid-300 gallery-columns-3 gallery-size-thumbnail'><dl class='gallery-item'>\n\t\t\t<dt class='gallery-icon landscape'>\n\t\t\t\t<a href='https:\/\/wp.ufpel.edu.br\/gipnals\/videos-e-fotografias\/tese-poeticas-das-infancias-em-videoarte-krischna-duarte\/cropped-1185796_673290549367194_1560039338_n-png\/'><img loading=\"lazy\" decoding=\"async\" width=\"159\" height=\"159\" src=\"https:\/\/wp.ufpel.edu.br\/gipnals\/files\/2017\/03\/cropped-1185796_673290549367194_1560039338_n-159x159.png\" class=\"attachment-thumbnail size-thumbnail\" alt=\"\" srcset=\"https:\/\/wp.ufpel.edu.br\/gipnals\/files\/2017\/03\/cropped-1185796_673290549367194_1560039338_n-159x159.png 159w, https:\/\/wp.ufpel.edu.br\/gipnals\/files\/2017\/03\/cropped-1185796_673290549367194_1560039338_n-318x318.png 318w, https:\/\/wp.ufpel.edu.br\/gipnals\/files\/2017\/03\/cropped-1185796_673290549367194_1560039338_n-300x300.png 300w, https:\/\/wp.ufpel.edu.br\/gipnals\/files\/2017\/03\/cropped-1185796_673290549367194_1560039338_n-270x270.png 270w, https:\/\/wp.ufpel.edu.br\/gipnals\/files\/2017\/03\/cropped-1185796_673290549367194_1560039338_n-192x192.png 192w, https:\/\/wp.ufpel.edu.br\/gipnals\/files\/2017\/03\/cropped-1185796_673290549367194_1560039338_n-180x180.png 180w, https:\/\/wp.ufpel.edu.br\/gipnals\/files\/2017\/03\/cropped-1185796_673290549367194_1560039338_n-32x32.png 32w, https:\/\/wp.ufpel.edu.br\/gipnals\/files\/2017\/03\/cropped-1185796_673290549367194_1560039338_n.png 512w\" sizes=\"auto, (max-width: 159px) 100vw, 159px\" \/><\/a>\n\t\t\t<\/dt><\/dl><dl class='gallery-item'>\n\t\t\t<dt class='gallery-icon landscape'>\n\t\t\t\t<a href='https:\/\/wp.ufpel.edu.br\/gipnals\/videos-e-fotografias\/11267748_1050274781668767_8022195265698128715_n\/'><img loading=\"lazy\" decoding=\"async\" width=\"212\" height=\"119\" src=\"https:\/\/wp.ufpel.edu.br\/gipnals\/files\/2017\/03\/11267748_1050274781668767_8022195265698128715_n-212x119.jpg\" class=\"attachment-thumbnail size-thumbnail\" alt=\"\" srcset=\"https:\/\/wp.ufpel.edu.br\/gipnals\/files\/2017\/03\/11267748_1050274781668767_8022195265698128715_n-212x119.jpg 212w, https:\/\/wp.ufpel.edu.br\/gipnals\/files\/2017\/03\/11267748_1050274781668767_8022195265698128715_n-424x239.jpg 424w, https:\/\/wp.ufpel.edu.br\/gipnals\/files\/2017\/03\/11267748_1050274781668767_8022195265698128715_n-768x432.jpg 768w, https:\/\/wp.ufpel.edu.br\/gipnals\/files\/2017\/03\/11267748_1050274781668767_8022195265698128715_n-500x281.jpg 500w, https:\/\/wp.ufpel.edu.br\/gipnals\/files\/2017\/03\/11267748_1050274781668767_8022195265698128715_n.jpg 960w\" sizes=\"auto, (max-width: 212px) 100vw, 212px\" \/><\/a>\n\t\t\t<\/dt><\/dl><dl class='gallery-item'>\n\t\t\t<dt class='gallery-icon portrait'>\n\t\t\t\t<a href='https:\/\/wp.ufpel.edu.br\/gipnals\/videos-e-fotografias\/reunioes-de-orientacao\/13907084_10206812954909127_4079584443941978548_n\/'><img loading=\"lazy\" decoding=\"async\" width=\"95\" height=\"159\" src=\"https:\/\/wp.ufpel.edu.br\/gipnals\/files\/2017\/10\/13907084_10206812954909127_4079584443941978548_n-95x159.jpg\" class=\"attachment-thumbnail size-thumbnail\" alt=\"\" srcset=\"https:\/\/wp.ufpel.edu.br\/gipnals\/files\/2017\/10\/13907084_10206812954909127_4079584443941978548_n-95x159.jpg 95w, https:\/\/wp.ufpel.edu.br\/gipnals\/files\/2017\/10\/13907084_10206812954909127_4079584443941978548_n-191x318.jpg 191w, https:\/\/wp.ufpel.edu.br\/gipnals\/files\/2017\/10\/13907084_10206812954909127_4079584443941978548_n-180x300.jpg 180w, https:\/\/wp.ufpel.edu.br\/gipnals\/files\/2017\/10\/13907084_10206812954909127_4079584443941978548_n.jpg 576w\" sizes=\"auto, (max-width: 95px) 100vw, 95px\" \/><\/a>\n\t\t\t<\/dt><\/dl><br style=\"clear: both\" \/><dl class='gallery-item'>\n\t\t\t<dt class='gallery-icon landscape'>\n\t\t\t\t<a href='https:\/\/wp.ufpel.edu.br\/gipnals\/videos-e-fotografias\/16904795_1056644337773549_7898409880945290478_o\/'><img loading=\"lazy\" decoding=\"async\" width=\"212\" height=\"159\" src=\"https:\/\/wp.ufpel.edu.br\/gipnals\/files\/2017\/03\/16904795_1056644337773549_7898409880945290478_o-212x159.jpg\" class=\"attachment-thumbnail size-thumbnail\" alt=\"\" srcset=\"https:\/\/wp.ufpel.edu.br\/gipnals\/files\/2017\/03\/16904795_1056644337773549_7898409880945290478_o-212x159.jpg 212w, https:\/\/wp.ufpel.edu.br\/gipnals\/files\/2017\/03\/16904795_1056644337773549_7898409880945290478_o-424x318.jpg 424w, https:\/\/wp.ufpel.edu.br\/gipnals\/files\/2017\/03\/16904795_1056644337773549_7898409880945290478_o-768x576.jpg 768w, https:\/\/wp.ufpel.edu.br\/gipnals\/files\/2017\/03\/16904795_1056644337773549_7898409880945290478_o-400x300.jpg 400w, https:\/\/wp.ufpel.edu.br\/gipnals\/files\/2017\/03\/16904795_1056644337773549_7898409880945290478_o.jpg 1632w\" sizes=\"auto, (max-width: 212px) 100vw, 212px\" \/><\/a>\n\t\t\t<\/dt><\/dl><dl class='gallery-item'>\n\t\t\t<dt class='gallery-icon portrait'>\n\t\t\t\t<a href='https:\/\/wp.ufpel.edu.br\/gipnals\/videos-e-fotografias\/reunioes-de-orientacao\/13921035_10206812954149108_5811698997212968795_n-2\/'><img loading=\"lazy\" decoding=\"async\" width=\"95\" height=\"159\" src=\"https:\/\/wp.ufpel.edu.br\/gipnals\/files\/2017\/10\/13921035_10206812954149108_5811698997212968795_n-95x159.jpg\" class=\"attachment-thumbnail size-thumbnail\" alt=\"\" srcset=\"https:\/\/wp.ufpel.edu.br\/gipnals\/files\/2017\/10\/13921035_10206812954149108_5811698997212968795_n-95x159.jpg 95w, https:\/\/wp.ufpel.edu.br\/gipnals\/files\/2017\/10\/13921035_10206812954149108_5811698997212968795_n-191x318.jpg 191w, https:\/\/wp.ufpel.edu.br\/gipnals\/files\/2017\/10\/13921035_10206812954149108_5811698997212968795_n-180x300.jpg 180w, https:\/\/wp.ufpel.edu.br\/gipnals\/files\/2017\/10\/13921035_10206812954149108_5811698997212968795_n.jpg 576w\" sizes=\"auto, (max-width: 95px) 100vw, 95px\" \/><\/a>\n\t\t\t<\/dt><\/dl><dl class='gallery-item'>\n\t\t\t<dt class='gallery-icon landscape'>\n\t\t\t\t<a href='https:\/\/wp.ufpel.edu.br\/gipnals\/videos-e-fotografias\/reunioes-de-orientacao\/17098443_1256732667739530_5802581879633055253_n-2\/'><img loading=\"lazy\" decoding=\"async\" width=\"212\" height=\"119\" src=\"https:\/\/wp.ufpel.edu.br\/gipnals\/files\/2017\/10\/17098443_1256732667739530_5802581879633055253_n-212x119.jpg\" class=\"attachment-thumbnail size-thumbnail\" alt=\"\" srcset=\"https:\/\/wp.ufpel.edu.br\/gipnals\/files\/2017\/10\/17098443_1256732667739530_5802581879633055253_n-212x119.jpg 212w, https:\/\/wp.ufpel.edu.br\/gipnals\/files\/2017\/10\/17098443_1256732667739530_5802581879633055253_n-424x239.jpg 424w, https:\/\/wp.ufpel.edu.br\/gipnals\/files\/2017\/10\/17098443_1256732667739530_5802581879633055253_n-768x432.jpg 768w, https:\/\/wp.ufpel.edu.br\/gipnals\/files\/2017\/10\/17098443_1256732667739530_5802581879633055253_n-500x281.jpg 500w, https:\/\/wp.ufpel.edu.br\/gipnals\/files\/2017\/10\/17098443_1256732667739530_5802581879633055253_n.jpg 960w\" sizes=\"auto, (max-width: 212px) 100vw, 212px\" \/><\/a>\n\t\t\t<\/dt><\/dl><br style=\"clear: both\" \/><dl class='gallery-item'>\n\t\t\t<dt class='gallery-icon portrait'>\n\t\t\t\t<a href='https:\/\/wp.ufpel.edu.br\/gipnals\/videos-e-fotografias\/reunioes-de-orientacao\/16797558_1056644291106887_2609834230107622955_o-2\/'><img loading=\"lazy\" decoding=\"async\" width=\"119\" height=\"159\" src=\"https:\/\/wp.ufpel.edu.br\/gipnals\/files\/2017\/10\/16797558_1056644291106887_2609834230107622955_o-119x159.jpg\" class=\"attachment-thumbnail size-thumbnail\" alt=\"\" srcset=\"https:\/\/wp.ufpel.edu.br\/gipnals\/files\/2017\/10\/16797558_1056644291106887_2609834230107622955_o-119x159.jpg 119w, https:\/\/wp.ufpel.edu.br\/gipnals\/files\/2017\/10\/16797558_1056644291106887_2609834230107622955_o-239x318.jpg 239w, https:\/\/wp.ufpel.edu.br\/gipnals\/files\/2017\/10\/16797558_1056644291106887_2609834230107622955_o-768x1024.jpg 768w, https:\/\/wp.ufpel.edu.br\/gipnals\/files\/2017\/10\/16797558_1056644291106887_2609834230107622955_o-225x300.jpg 225w, https:\/\/wp.ufpel.edu.br\/gipnals\/files\/2017\/10\/16797558_1056644291106887_2609834230107622955_o.jpg 918w\" sizes=\"auto, (max-width: 119px) 100vw, 119px\" \/><\/a>\n\t\t\t<\/dt><\/dl><dl class='gallery-item'>\n\t\t\t<dt class='gallery-icon landscape'>\n\t\t\t\t<a href='https:\/\/wp.ufpel.edu.br\/gipnals\/videos-e-fotografias\/reunioes-de-orientacao\/16904795_1056644337773549_7898409880945290478_o-2\/'><img loading=\"lazy\" decoding=\"async\" width=\"212\" height=\"159\" src=\"https:\/\/wp.ufpel.edu.br\/gipnals\/files\/2017\/10\/16904795_1056644337773549_7898409880945290478_o-212x159.jpg\" class=\"attachment-thumbnail size-thumbnail\" alt=\"\" srcset=\"https:\/\/wp.ufpel.edu.br\/gipnals\/files\/2017\/10\/16904795_1056644337773549_7898409880945290478_o-212x159.jpg 212w, https:\/\/wp.ufpel.edu.br\/gipnals\/files\/2017\/10\/16904795_1056644337773549_7898409880945290478_o-424x318.jpg 424w, https:\/\/wp.ufpel.edu.br\/gipnals\/files\/2017\/10\/16904795_1056644337773549_7898409880945290478_o-768x576.jpg 768w, https:\/\/wp.ufpel.edu.br\/gipnals\/files\/2017\/10\/16904795_1056644337773549_7898409880945290478_o-400x300.jpg 400w, https:\/\/wp.ufpel.edu.br\/gipnals\/files\/2017\/10\/16904795_1056644337773549_7898409880945290478_o.jpg 1632w\" sizes=\"auto, (max-width: 212px) 100vw, 212px\" \/><\/a>\n\t\t\t<\/dt><\/dl><dl class='gallery-item'>\n\t\t\t<dt class='gallery-icon landscape'>\n\t\t\t\t<a href='https:\/\/wp.ufpel.edu.br\/gipnals\/videos-e-fotografias\/reunioes-de-orientacao\/16939164_1256732534406210_5682905285520048562_n-2\/'><img loading=\"lazy\" decoding=\"async\" width=\"212\" height=\"119\" src=\"https:\/\/wp.ufpel.edu.br\/gipnals\/files\/2017\/10\/16939164_1256732534406210_5682905285520048562_n-212x119.jpg\" class=\"attachment-thumbnail size-thumbnail\" alt=\"\" srcset=\"https:\/\/wp.ufpel.edu.br\/gipnals\/files\/2017\/10\/16939164_1256732534406210_5682905285520048562_n-212x119.jpg 212w, https:\/\/wp.ufpel.edu.br\/gipnals\/files\/2017\/10\/16939164_1256732534406210_5682905285520048562_n-424x239.jpg 424w, https:\/\/wp.ufpel.edu.br\/gipnals\/files\/2017\/10\/16939164_1256732534406210_5682905285520048562_n-768x432.jpg 768w, https:\/\/wp.ufpel.edu.br\/gipnals\/files\/2017\/10\/16939164_1256732534406210_5682905285520048562_n-500x281.jpg 500w, https:\/\/wp.ufpel.edu.br\/gipnals\/files\/2017\/10\/16939164_1256732534406210_5682905285520048562_n.jpg 960w\" sizes=\"auto, (max-width: 212px) 100vw, 212px\" \/><\/a>\n\t\t\t<\/dt><\/dl><br style=\"clear: both\" \/><dl class='gallery-item'>\n\t\t\t<dt class='gallery-icon landscape'>\n\t\t\t\t<a href='https:\/\/wp.ufpel.edu.br\/gipnals\/videos-e-fotografias\/reunioes-de-orientacao\/18278579_10206934168151759_4523875616697134697_o\/'><img loading=\"lazy\" decoding=\"async\" width=\"212\" height=\"159\" src=\"https:\/\/wp.ufpel.edu.br\/gipnals\/files\/2017\/10\/18278579_10206934168151759_4523875616697134697_o-212x159.jpg\" class=\"attachment-thumbnail size-thumbnail\" alt=\"\" srcset=\"https:\/\/wp.ufpel.edu.br\/gipnals\/files\/2017\/10\/18278579_10206934168151759_4523875616697134697_o-212x159.jpg 212w, https:\/\/wp.ufpel.edu.br\/gipnals\/files\/2017\/10\/18278579_10206934168151759_4523875616697134697_o-424x318.jpg 424w, https:\/\/wp.ufpel.edu.br\/gipnals\/files\/2017\/10\/18278579_10206934168151759_4523875616697134697_o-768x576.jpg 768w, https:\/\/wp.ufpel.edu.br\/gipnals\/files\/2017\/10\/18278579_10206934168151759_4523875616697134697_o-400x300.jpg 400w, https:\/\/wp.ufpel.edu.br\/gipnals\/files\/2017\/10\/18278579_10206934168151759_4523875616697134697_o.jpg 2048w\" sizes=\"auto, (max-width: 212px) 100vw, 212px\" \/><\/a>\n\t\t\t<\/dt><\/dl>\n\t\t\t<br style='clear: both' \/>\n\t\t<\/div>\n\n","protected":false},"excerpt":{"rendered":"","protected":false},"author":691,"featured_media":0,"parent":20,"menu_order":0,"comment_status":"closed","ping_status":"closed","template":"","meta":{"footnotes":""},"class_list":["post-300","page","type-page","status-publish","hentry"],"jetpack_sharing_enabled":true,"_links":{"self":[{"href":"https:\/\/wp.ufpel.edu.br\/gipnals\/wp-json\/wp\/v2\/pages\/300","targetHints":{"allow":["GET"]}}],"collection":[{"href":"https:\/\/wp.ufpel.edu.br\/gipnals\/wp-json\/wp\/v2\/pages"}],"about":[{"href":"https:\/\/wp.ufpel.edu.br\/gipnals\/wp-json\/wp\/v2\/types\/page"}],"author":[{"embeddable":true,"href":"https:\/\/wp.ufpel.edu.br\/gipnals\/wp-json\/wp\/v2\/users\/691"}],"replies":[{"embeddable":true,"href":"https:\/\/wp.ufpel.edu.br\/gipnals\/wp-json\/wp\/v2\/comments?post=300"}],"version-history":[{"count":2,"href":"https:\/\/wp.ufpel.edu.br\/gipnals\/wp-json\/wp\/v2\/pages\/300\/revisions"}],"predecessor-version":[{"id":311,"href":"https:\/\/wp.ufpel.edu.br\/gipnals\/wp-json\/wp\/v2\/pages\/300\/revisions\/311"}],"up":[{"embeddable":true,"href":"https:\/\/wp.ufpel.edu.br\/gipnals\/wp-json\/wp\/v2\/pages\/20"}],"wp:attachment":[{"href":"https:\/\/wp.ufpel.edu.br\/gipnals\/wp-json\/wp\/v2\/media?parent=300"}],"curies":[{"name":"wp","href":"https:\/\/api.w.org\/{rel}","templated":true}]}}