{"id":296,"date":"2017-10-18T14:32:02","date_gmt":"2017-10-18T16:32:02","guid":{"rendered":"https:\/\/wp.ufpel.edu.br\/gipnals\/?page_id=296"},"modified":"2017-11-01T14:56:08","modified_gmt":"2017-11-01T16:56:08","slug":"tese-poeticas-das-infancias-em-videoarte-krischna-duarte","status":"publish","type":"page","link":"https:\/\/wp.ufpel.edu.br\/gipnals\/videos-e-fotografias\/tese-poeticas-das-infancias-em-videoarte-krischna-duarte\/","title":{"rendered":"Tese: Po\u00e9ticas das inf\u00e2ncias em v\u00eddeoarte &#8211; Dr\u00aa. Krischna Duarte"},"content":{"rendered":"<p>&nbsp;<\/p>\n\n\t\t<style type=\"text\/css\">\n\t\t\t#gallery-1 {\n\t\t\t\tmargin: auto;\n\t\t\t}\n\t\t\t#gallery-1 .gallery-item {\n\t\t\t\tfloat: left;\n\t\t\t\tmargin-top: 10px;\n\t\t\t\ttext-align: center;\n\t\t\t\twidth: 33%;\n\t\t\t}\n\t\t\t#gallery-1 img {\n\t\t\t\tborder: 2px solid #cfcfcf;\n\t\t\t}\n\t\t\t#gallery-1 .gallery-caption {\n\t\t\t\tmargin-left: 0;\n\t\t\t}\n\t\t\t\/* see gallery_shortcode() in wp-includes\/media.php *\/\n\t\t<\/style>\n\t\t<div id='gallery-1' class='gallery galleryid-296 gallery-columns-3 gallery-size-thumbnail'><dl class='gallery-item'>\n\t\t\t<dt class='gallery-icon landscape'>\n\t\t\t\t<a href='https:\/\/wp.ufpel.edu.br\/gipnals\/videos-e-fotografias\/tese-poeticas-das-infancias-em-videoarte-krischna-duarte\/cropped-1185796_673290549367194_1560039338_n-png\/'><img loading=\"lazy\" decoding=\"async\" width=\"159\" height=\"159\" src=\"https:\/\/wp.ufpel.edu.br\/gipnals\/files\/2017\/03\/cropped-1185796_673290549367194_1560039338_n-159x159.png\" class=\"attachment-thumbnail size-thumbnail\" alt=\"\" srcset=\"https:\/\/wp.ufpel.edu.br\/gipnals\/files\/2017\/03\/cropped-1185796_673290549367194_1560039338_n-159x159.png 159w, https:\/\/wp.ufpel.edu.br\/gipnals\/files\/2017\/03\/cropped-1185796_673290549367194_1560039338_n-318x318.png 318w, https:\/\/wp.ufpel.edu.br\/gipnals\/files\/2017\/03\/cropped-1185796_673290549367194_1560039338_n-300x300.png 300w, https:\/\/wp.ufpel.edu.br\/gipnals\/files\/2017\/03\/cropped-1185796_673290549367194_1560039338_n-270x270.png 270w, https:\/\/wp.ufpel.edu.br\/gipnals\/files\/2017\/03\/cropped-1185796_673290549367194_1560039338_n-192x192.png 192w, https:\/\/wp.ufpel.edu.br\/gipnals\/files\/2017\/03\/cropped-1185796_673290549367194_1560039338_n-180x180.png 180w, https:\/\/wp.ufpel.edu.br\/gipnals\/files\/2017\/03\/cropped-1185796_673290549367194_1560039338_n-32x32.png 32w, https:\/\/wp.ufpel.edu.br\/gipnals\/files\/2017\/03\/cropped-1185796_673290549367194_1560039338_n.png 512w\" sizes=\"auto, (max-width: 159px) 100vw, 159px\" \/><\/a>\n\t\t\t<\/dt><\/dl><dl class='gallery-item'>\n\t\t\t<dt class='gallery-icon portrait'>\n\t\t\t\t<a href='https:\/\/wp.ufpel.edu.br\/gipnals\/videos-e-fotografias\/tese-poeticas-das-infancias-em-videoarte-krischna-duarte\/18699544_1342699772478855_4946906184327988073_o\/'><img loading=\"lazy\" decoding=\"async\" width=\"119\" height=\"159\" src=\"https:\/\/wp.ufpel.edu.br\/gipnals\/files\/2017\/10\/18699544_1342699772478855_4946906184327988073_o-119x159.jpg\" class=\"attachment-thumbnail size-thumbnail\" alt=\"\" srcset=\"https:\/\/wp.ufpel.edu.br\/gipnals\/files\/2017\/10\/18699544_1342699772478855_4946906184327988073_o-119x159.jpg 119w, https:\/\/wp.ufpel.edu.br\/gipnals\/files\/2017\/10\/18699544_1342699772478855_4946906184327988073_o-239x318.jpg 239w, https:\/\/wp.ufpel.edu.br\/gipnals\/files\/2017\/10\/18699544_1342699772478855_4946906184327988073_o-768x1024.jpg 768w, https:\/\/wp.ufpel.edu.br\/gipnals\/files\/2017\/10\/18699544_1342699772478855_4946906184327988073_o-225x300.jpg 225w, https:\/\/wp.ufpel.edu.br\/gipnals\/files\/2017\/10\/18699544_1342699772478855_4946906184327988073_o.jpg 1536w\" sizes=\"auto, (max-width: 119px) 100vw, 119px\" \/><\/a>\n\t\t\t<\/dt><\/dl><dl class='gallery-item'>\n\t\t\t<dt class='gallery-icon landscape'>\n\t\t\t\t<a href='https:\/\/wp.ufpel.edu.br\/gipnals\/videos-e-fotografias\/18921003_1154056908032291_8162418229743624191_o\/'><img loading=\"lazy\" decoding=\"async\" width=\"212\" height=\"141\" src=\"https:\/\/wp.ufpel.edu.br\/gipnals\/files\/2017\/03\/18921003_1154056908032291_8162418229743624191_o-212x141.jpg\" class=\"attachment-thumbnail size-thumbnail\" alt=\"\" srcset=\"https:\/\/wp.ufpel.edu.br\/gipnals\/files\/2017\/03\/18921003_1154056908032291_8162418229743624191_o-212x141.jpg 212w, https:\/\/wp.ufpel.edu.br\/gipnals\/files\/2017\/03\/18921003_1154056908032291_8162418229743624191_o-424x282.jpg 424w, https:\/\/wp.ufpel.edu.br\/gipnals\/files\/2017\/03\/18921003_1154056908032291_8162418229743624191_o-768x511.jpg 768w, https:\/\/wp.ufpel.edu.br\/gipnals\/files\/2017\/03\/18921003_1154056908032291_8162418229743624191_o-451x300.jpg 451w, https:\/\/wp.ufpel.edu.br\/gipnals\/files\/2017\/03\/18921003_1154056908032291_8162418229743624191_o.jpg 2048w\" sizes=\"auto, (max-width: 212px) 100vw, 212px\" \/><\/a>\n\t\t\t<\/dt><\/dl><br style=\"clear: both\" \/><dl class='gallery-item'>\n\t\t\t<dt class='gallery-icon landscape'>\n\t\t\t\t<a href='https:\/\/wp.ufpel.edu.br\/gipnals\/videos-e-fotografias\/18879901_1154056954698953_3387020374579774481_o\/'><img loading=\"lazy\" decoding=\"async\" width=\"212\" height=\"141\" src=\"https:\/\/wp.ufpel.edu.br\/gipnals\/files\/2017\/03\/18879901_1154056954698953_3387020374579774481_o-212x141.jpg\" class=\"attachment-thumbnail size-thumbnail\" alt=\"\" srcset=\"https:\/\/wp.ufpel.edu.br\/gipnals\/files\/2017\/03\/18879901_1154056954698953_3387020374579774481_o-212x141.jpg 212w, https:\/\/wp.ufpel.edu.br\/gipnals\/files\/2017\/03\/18879901_1154056954698953_3387020374579774481_o-424x282.jpg 424w, https:\/\/wp.ufpel.edu.br\/gipnals\/files\/2017\/03\/18879901_1154056954698953_3387020374579774481_o-768x511.jpg 768w, https:\/\/wp.ufpel.edu.br\/gipnals\/files\/2017\/03\/18879901_1154056954698953_3387020374579774481_o-451x300.jpg 451w, https:\/\/wp.ufpel.edu.br\/gipnals\/files\/2017\/03\/18879901_1154056954698953_3387020374579774481_o.jpg 2048w\" sizes=\"auto, (max-width: 212px) 100vw, 212px\" \/><\/a>\n\t\t\t<\/dt><\/dl><dl class='gallery-item'>\n\t\t\t<dt class='gallery-icon landscape'>\n\t\t\t\t<a href='https:\/\/wp.ufpel.edu.br\/gipnals\/videos-e-fotografias\/18921033_1154057124698936_7495669158990533525_o\/'><img loading=\"lazy\" decoding=\"async\" width=\"212\" height=\"141\" src=\"https:\/\/wp.ufpel.edu.br\/gipnals\/files\/2017\/03\/18921033_1154057124698936_7495669158990533525_o-212x141.jpg\" class=\"attachment-thumbnail size-thumbnail\" alt=\"\" srcset=\"https:\/\/wp.ufpel.edu.br\/gipnals\/files\/2017\/03\/18921033_1154057124698936_7495669158990533525_o-212x141.jpg 212w, https:\/\/wp.ufpel.edu.br\/gipnals\/files\/2017\/03\/18921033_1154057124698936_7495669158990533525_o-424x282.jpg 424w, https:\/\/wp.ufpel.edu.br\/gipnals\/files\/2017\/03\/18921033_1154057124698936_7495669158990533525_o-768x511.jpg 768w, https:\/\/wp.ufpel.edu.br\/gipnals\/files\/2017\/03\/18921033_1154057124698936_7495669158990533525_o-451x300.jpg 451w, https:\/\/wp.ufpel.edu.br\/gipnals\/files\/2017\/03\/18921033_1154057124698936_7495669158990533525_o.jpg 2048w\" sizes=\"auto, (max-width: 212px) 100vw, 212px\" \/><\/a>\n\t\t\t<\/dt><\/dl><dl class='gallery-item'>\n\t\t\t<dt class='gallery-icon landscape'>\n\t\t\t\t<a href='https:\/\/wp.ufpel.edu.br\/gipnals\/videos-e-fotografias\/18891682_1154058294698819_6611916051119121951_o\/'><img loading=\"lazy\" decoding=\"async\" width=\"212\" height=\"141\" src=\"https:\/\/wp.ufpel.edu.br\/gipnals\/files\/2017\/03\/18891682_1154058294698819_6611916051119121951_o-212x141.jpg\" class=\"attachment-thumbnail size-thumbnail\" alt=\"\" srcset=\"https:\/\/wp.ufpel.edu.br\/gipnals\/files\/2017\/03\/18891682_1154058294698819_6611916051119121951_o-212x141.jpg 212w, https:\/\/wp.ufpel.edu.br\/gipnals\/files\/2017\/03\/18891682_1154058294698819_6611916051119121951_o-424x282.jpg 424w, https:\/\/wp.ufpel.edu.br\/gipnals\/files\/2017\/03\/18891682_1154058294698819_6611916051119121951_o-768x511.jpg 768w, https:\/\/wp.ufpel.edu.br\/gipnals\/files\/2017\/03\/18891682_1154058294698819_6611916051119121951_o-451x300.jpg 451w, https:\/\/wp.ufpel.edu.br\/gipnals\/files\/2017\/03\/18891682_1154058294698819_6611916051119121951_o.jpg 2048w\" sizes=\"auto, (max-width: 212px) 100vw, 212px\" \/><\/a>\n\t\t\t<\/dt><\/dl><br style=\"clear: both\" \/><dl class='gallery-item'>\n\t\t\t<dt class='gallery-icon portrait'>\n\t\t\t\t<a href='https:\/\/wp.ufpel.edu.br\/gipnals\/videos-e-fotografias\/18891626_1352441728171326_757859952657022757_o\/'><img loading=\"lazy\" decoding=\"async\" width=\"80\" height=\"159\" src=\"https:\/\/wp.ufpel.edu.br\/gipnals\/files\/2017\/03\/18891626_1352441728171326_757859952657022757_o-80x159.jpg\" class=\"attachment-thumbnail size-thumbnail\" alt=\"\" srcset=\"https:\/\/wp.ufpel.edu.br\/gipnals\/files\/2017\/03\/18891626_1352441728171326_757859952657022757_o-80x159.jpg 80w, https:\/\/wp.ufpel.edu.br\/gipnals\/files\/2017\/03\/18891626_1352441728171326_757859952657022757_o-160x318.jpg 160w, https:\/\/wp.ufpel.edu.br\/gipnals\/files\/2017\/03\/18891626_1352441728171326_757859952657022757_o-151x300.jpg 151w, https:\/\/wp.ufpel.edu.br\/gipnals\/files\/2017\/03\/18891626_1352441728171326_757859952657022757_o.jpg 557w\" sizes=\"auto, (max-width: 80px) 100vw, 80px\" \/><\/a>\n\t\t\t<\/dt><\/dl><dl class='gallery-item'>\n\t\t\t<dt class='gallery-icon landscape'>\n\t\t\t\t<a href='https:\/\/wp.ufpel.edu.br\/gipnals\/videos-e-fotografias\/18954720_1351676288247870_6554211467736356605_o\/'><img loading=\"lazy\" decoding=\"async\" width=\"212\" height=\"159\" src=\"https:\/\/wp.ufpel.edu.br\/gipnals\/files\/2017\/03\/18954720_1351676288247870_6554211467736356605_o-212x159.jpg\" class=\"attachment-thumbnail size-thumbnail\" alt=\"\" srcset=\"https:\/\/wp.ufpel.edu.br\/gipnals\/files\/2017\/03\/18954720_1351676288247870_6554211467736356605_o-212x159.jpg 212w, https:\/\/wp.ufpel.edu.br\/gipnals\/files\/2017\/03\/18954720_1351676288247870_6554211467736356605_o-424x318.jpg 424w, https:\/\/wp.ufpel.edu.br\/gipnals\/files\/2017\/03\/18954720_1351676288247870_6554211467736356605_o-768x576.jpg 768w, https:\/\/wp.ufpel.edu.br\/gipnals\/files\/2017\/03\/18954720_1351676288247870_6554211467736356605_o-400x300.jpg 400w, https:\/\/wp.ufpel.edu.br\/gipnals\/files\/2017\/03\/18954720_1351676288247870_6554211467736356605_o.jpg 2048w\" sizes=\"auto, (max-width: 212px) 100vw, 212px\" \/><\/a>\n\t\t\t<\/dt><\/dl><dl class='gallery-item'>\n\t\t\t<dt class='gallery-icon landscape'>\n\t\t\t\t<a href='https:\/\/wp.ufpel.edu.br\/gipnals\/videos-e-fotografias\/18953338_1351676281581204_8260886044408069813_o\/'><img loading=\"lazy\" decoding=\"async\" width=\"212\" height=\"159\" src=\"https:\/\/wp.ufpel.edu.br\/gipnals\/files\/2017\/03\/18953338_1351676281581204_8260886044408069813_o-212x159.jpg\" class=\"attachment-thumbnail size-thumbnail\" alt=\"\" srcset=\"https:\/\/wp.ufpel.edu.br\/gipnals\/files\/2017\/03\/18953338_1351676281581204_8260886044408069813_o-212x159.jpg 212w, https:\/\/wp.ufpel.edu.br\/gipnals\/files\/2017\/03\/18953338_1351676281581204_8260886044408069813_o-424x318.jpg 424w, https:\/\/wp.ufpel.edu.br\/gipnals\/files\/2017\/03\/18953338_1351676281581204_8260886044408069813_o-768x576.jpg 768w, https:\/\/wp.ufpel.edu.br\/gipnals\/files\/2017\/03\/18953338_1351676281581204_8260886044408069813_o-400x300.jpg 400w, https:\/\/wp.ufpel.edu.br\/gipnals\/files\/2017\/03\/18953338_1351676281581204_8260886044408069813_o.jpg 2048w\" sizes=\"auto, (max-width: 212px) 100vw, 212px\" \/><\/a>\n\t\t\t<\/dt><\/dl><br style=\"clear: both\" \/>\n\t\t<\/div>\n\n<p>&nbsp;<\/p>\n","protected":false},"excerpt":{"rendered":"<p>&nbsp; &nbsp;<\/p>\n","protected":false},"author":691,"featured_media":0,"parent":20,"menu_order":0,"comment_status":"closed","ping_status":"closed","template":"","meta":{"footnotes":""},"class_list":["post-296","page","type-page","status-publish","hentry"],"jetpack_sharing_enabled":true,"_links":{"self":[{"href":"https:\/\/wp.ufpel.edu.br\/gipnals\/wp-json\/wp\/v2\/pages\/296","targetHints":{"allow":["GET"]}}],"collection":[{"href":"https:\/\/wp.ufpel.edu.br\/gipnals\/wp-json\/wp\/v2\/pages"}],"about":[{"href":"https:\/\/wp.ufpel.edu.br\/gipnals\/wp-json\/wp\/v2\/types\/page"}],"author":[{"embeddable":true,"href":"https:\/\/wp.ufpel.edu.br\/gipnals\/wp-json\/wp\/v2\/users\/691"}],"replies":[{"embeddable":true,"href":"https:\/\/wp.ufpel.edu.br\/gipnals\/wp-json\/wp\/v2\/comments?post=296"}],"version-history":[{"count":3,"href":"https:\/\/wp.ufpel.edu.br\/gipnals\/wp-json\/wp\/v2\/pages\/296\/revisions"}],"predecessor-version":[{"id":341,"href":"https:\/\/wp.ufpel.edu.br\/gipnals\/wp-json\/wp\/v2\/pages\/296\/revisions\/341"}],"up":[{"embeddable":true,"href":"https:\/\/wp.ufpel.edu.br\/gipnals\/wp-json\/wp\/v2\/pages\/20"}],"wp:attachment":[{"href":"https:\/\/wp.ufpel.edu.br\/gipnals\/wp-json\/wp\/v2\/media?parent=296"}],"curies":[{"name":"wp","href":"https:\/\/api.w.org\/{rel}","templated":true}]}}