{"id":797,"date":"2021-04-26T10:52:46","date_gmt":"2021-04-26T13:52:46","guid":{"rendered":"https:\/\/wp.ufpel.edu.br\/gipc-morroredondo\/?page_id=797"},"modified":"2021-05-31T15:04:00","modified_gmt":"2021-05-31T18:04:00","slug":"exposicoes","status":"publish","type":"page","link":"https:\/\/wp.ufpel.edu.br\/gipc-morroredondo\/exposicoes\/","title":{"rendered":"Galeria 3D"},"content":{"rendered":"<h1 style=\"text-align: center\"><strong>MORRO REDONDO: PAISAGENS<\/strong><br \/>\n<span style=\"font-size: 14pt\">Fotografias de <a href=\"https:\/\/youtu.be\/sX_qp1MbNUU\" target=\"_blank\" rel=\"noopener noreferrer\">Ubirajara Budin Cruz<\/a><\/span><\/h1>\n<p><img loading=\"lazy\" decoding=\"async\" class=\"aligncenter wp-image-833\" src=\"https:\/\/wp.ufpel.edu.br\/gipc-morroredondo\/files\/2021\/05\/banner_galeria.jpeg\" alt=\"\" width=\"500\" height=\"632\" srcset=\"https:\/\/wp.ufpel.edu.br\/gipc-morroredondo\/files\/2021\/05\/banner_galeria.jpeg 737w, https:\/\/wp.ufpel.edu.br\/gipc-morroredondo\/files\/2021\/05\/banner_galeria-317x400.jpeg 317w\" sizes=\"auto, (max-width: 500px) 100vw, 500px\" \/><\/p>\n<p style=\"text-align: center\"><em>Video de apresenta\u00e7\u00e3o: Ubijara Budin Cruz &#8211; Fot\u00f3grafo<\/em><\/p>\n<p style=\"text-align: center\">\n<!-- iframe plugin v.6.0 wordpress.org\/plugins\/iframe\/ -->\n<iframe loading=\"lazy\" width=\"560\" height=\"315\" src=\"https:\/\/www.youtube.com\/embed\/sX_qp1MbNUU\" title=\"YouTube video player\" frameborder=\"0\" allow=\"accelerometer; autoplay; clipboard-write; encrypted-media; gyroscope; picture-in-picture\" 0=\"allowfullscreen\" scrolling=\"yes\" class=\"iframe-class\"><\/iframe>\n<\/p>\n<p><strong><b>MORRO REDONDO: PAISAGENS<\/b><\/strong><\/p>\n<p>Inicialmente, o grupo que atuou na discuss\u00e3o sobre a proposta da exposi\u00e7\u00e3o, intentou que a caracter\u00edstica de Morro Redondo a ser primeiramente destacada, fosse a sua ruralidade. Assim seria que Morro Redondo viesse a ser apresentado a partir das suas zonas rurais, comumente chamadas de col\u00f4nias.<\/p>\n<p>T\u00e3o logo Ubirajara Budin Cruz, bibliotec\u00e1rio de profiss\u00e3o e fot\u00f3grafo de paix\u00e3o, apresentou-nos os primeiros ensaios de suas incurs\u00f5es fotogr\u00e1ficas pela zona rural de Morro Redondo, percebemos a for\u00e7a de uma paisagem pr\u00f3pria e ambivalente: ora c\u00e1lida, ora branda; ora plana, ora volumosa. Uma paisagem n\u00e3o acometida pela uniformidade mon\u00f3tona de um relevo igual, modelada por muitas personalidades institu\u00eddas em diferentes dimens\u00f5es.<\/p>\n<p>A fotografia encantou nossos olhos e nossa imagina\u00e7\u00e3o. Vimos paisagens nas col\u00f4nias: paisagens de uma natureza aut\u00f3ctone e outra conformada pelos avan\u00e7os de culturas ex\u00f3genas. Paisagens humanas de tipos diversos. Paisagens do trabalho na terra, sobre ela e com ela. Paisagens adaptadas, criadas, mudadas ou mantidas.<\/p>\n<p>Chamar\u00edamos, ent\u00e3o, de paisagens, esse lugar.<\/p>\n<p>&nbsp;<\/p>\n<p><strong><b>SOBRE A EXPOSI\u00c7\u00c3O<\/b><\/strong><\/p>\n<p>\u00c9 uma proposta de exposi\u00e7\u00e3o aberta e continuada que ir\u00e1 ao longo do ano de 2021 incluir v\u00eddeos, novas fotos e textos produzidos a partir e sobre as muitas paisagens de Morro Redondo: paisagem natural, os modos de vida e trabalho, o empreendedorismo, o patrim\u00f4nio cultural, o turismo, as tradi\u00e7\u00f5es e a diversidade da regi\u00e3o. Portanto, a cada m\u00eas que avan\u00e7armos, novidades estar\u00e3o sendo colocadas na Galeria 3D, modificando e ampliando o que hoje se apresenta.<\/p>\n<p>&nbsp;<\/p>\n<p><strong><b>SOBRE AS PAISAGENS DE MORRO REDONDO<\/b><\/strong><\/p>\n<p>Morro Redondo \u00e9 uma cidade que re\u00fane diversas caracter\u00edsticas positivas para ser compreendida como um lugar onde importantes investimentos culturais e sociais podem ser feitos com garantia de retorno para sua popula\u00e7\u00e3o. Em um territ\u00f3rio de modesta amplitude, possui belezas naturais diversas que se renovam a cada esta\u00e7\u00e3o e que lhe atribuem dinamicidade e variedade. S\u00e3o muitas as culturas que ali se apresentam: diferentes pessoas com mem\u00f3rias que lhes s\u00e3o pr\u00f3prias.<\/p>\n<p>&nbsp;<\/p>\n<p style=\"text-align: center\">\n<!-- iframe plugin v.6.0 wordpress.org\/plugins\/iframe\/ -->\n<iframe loading=\"lazy\" width=\"560\" height=\"315\" src=\"https:\/\/www.youtube.com\/embed\/yBhHQ5oXVBs\" title=\"YouTube video player\" frameborder=\"0\" allow=\"accelerometer; autoplay; clipboard-write; encrypted-media; gyroscope; picture-in-picture\" 0=\"allowfullscreen\" scrolling=\"yes\" class=\"iframe-class\"><\/iframe>\n<\/p>\n<p>Live de lan\u00e7amento &#8211; Galeria 3D<\/p>\n<p>&nbsp;<\/p>\n<h2 style=\"text-align: center\">Acesse a Galeria 3D e visite a exposi\u00e7\u00e3o <a href=\"https:\/\/wp.ufpel.edu.br\/gipc-morroredondo\/iframe_galeria\/\" target=\"_blank\" rel=\"noopener noreferrer\"><em><strong>AQUI\u00a0<\/strong><\/em><\/a><\/h2>\n<p style=\"text-align: center\"><a href=\"https:\/\/forms.gle\/bRdSntrgDsNew5YSA\" target=\"_blank\" rel=\"noopener\">Visitante da Galeria 3D, registre AQUI sua opini\u00e3o e sugest\u00f5es sobre a exposi\u00e7\u00e3o.<\/a><\/p>\n<h3 style=\"text-align: center\"><strong>CRONOGRAMA DE V\u00cdDEOS DA\u00a0GALERIA<\/strong><\/h3>\n<p>&nbsp;<\/p>\n<table>\n<tbody>\n<tr>\n<td width=\"53\"><\/td>\n<td width=\"255\"><em>V\u00cdDEO<\/em><\/td>\n<td width=\"453\"><em>COORDENA\u00c7\u00c3O E ROTEIRO<\/em><\/td>\n<td width=\"127\"><em>PUBLICA\u00c7\u00c3O<\/em><\/td>\n<\/tr>\n<\/tbody>\n<\/table>\n<table style=\"height: 25px\">\n<tbody>\n<tr style=\"height: 25px\">\n<td style=\"height: 25px\" width=\"53\">1<\/td>\n<td style=\"height: 25px\" width=\"255\">Gastronomia Colonial<\/td>\n<td style=\"height: 25px\" width=\"453\">Wagner Hamschleger<\/td>\n<td style=\"height: 25px\" width=\"127\">junho<\/td>\n<\/tr>\n<tr>\n<td width=\"53\">2<\/td>\n<td width=\"255\">Fam\u00edlias doceiras<\/td>\n<td width=\"453\">Giane Trovo Belmonte<\/td>\n<td width=\"127\">julho<\/td>\n<\/tr>\n<tr>\n<td width=\"53\">3<\/td>\n<td width=\"255\">Arquitetura Colonial<\/td>\n<td width=\"453\">Daniele Behling Luckow<\/td>\n<td width=\"127\">agosto<\/td>\n<\/tr>\n<tr>\n<td width=\"53\">4<\/td>\n<td width=\"255\">Museu Hist\u00f3rico de MR<\/td>\n<td width=\"453\">Diego Lemos Ribeiro\u00a0e Andr\u00e9a Messias<\/td>\n<td width=\"127\">setembro<\/td>\n<\/tr>\n<tr>\n<td width=\"53\">5<\/td>\n<td width=\"255\">Dia da crian\u00e7a e do Idoso<\/td>\n<td width=\"453\">Andr\u00e9a Messias e Ang\u00e9lica Boetche dos Santos<\/td>\n<td width=\"127\">outubro<\/td>\n<\/tr>\n<tr>\n<td width=\"53\">6<\/td>\n<td width=\"255\">Comunidade V\u00f3 Ernestina<\/td>\n<td width=\"453\">Odeane Schug Pereira Sim\u00f5es<\/td>\n<td width=\"127\">novembro<\/td>\n<\/tr>\n<\/tbody>\n<\/table>\n<p>&nbsp;<\/p>\n<p>&nbsp;<\/p>\n<p><strong><b>Em breve, outros v<\/b><\/strong><strong><b>\u00ed<\/b><\/strong><strong><b>deos com os seguintes temas:<\/b><\/strong><\/p>\n<ol>\n<li>Cidade de Mulheres<\/li>\n<li>Cidade de Escolas<\/li>\n<li>Cidade de Col\u00f4nias<\/li>\n<li>Cidade de Aprendizados<\/li>\n<li>Cidade de Agroecologia<\/li>\n<li>Cidade de Alimento Saud\u00e1vel<\/li>\n<li>Cidade de Doce<\/li>\n<li>Cidade de Amigos<\/li>\n<li>Cidade de jovens empreendedores<\/li>\n<li>Cidade de tradi\u00e7\u00e3o e festas<\/li>\n<li>Cidade para visitar<\/li>\n<li>Cidade do futebol colonial<\/li>\n<\/ol>\n<p id=\"coordenacao_exposicao\"><strong>Coordena\u00e7\u00e3o<\/strong><br \/>\nAnderson da Rocha G\u00fcths<br \/>\nAng\u00e9lica Boettge dos Santos<br \/>\nFrancisca Ferreira Michelon<br \/>\nInguelore Scheunemann<br \/>\nJo\u00e3o Fernando Igansi Nunes<\/p>\n<p id=\"alunos_exposicao\"><strong>Expografia, design e ambiente virtual <\/strong><br \/>\nEdemar Xavier (Mestrando Prograu\/Faurb)<br \/>\nGianluca Buz\u00f4 (Ci\u00eancia da Computa\u00e7\u00e3o)<br \/>\nLucas Zanusso Morais (Eng. da Computa\u00e7\u00e3o)<br \/>\nMaur\u00edcio Montone (Cinema)<br \/>\nRayza Roveda Ataides (Conserva\u00e7\u00e3o e Restaura\u00e7\u00e3o)<\/p>\n<p>&nbsp;<\/p>\n","protected":false},"excerpt":{"rendered":"<p>MORRO REDONDO: PAISAGENS Fotografias de Ubirajara Budin Cruz Video de apresenta\u00e7\u00e3o: Ubijara Budin Cruz &#8211; Fot\u00f3grafo MORRO REDONDO: PAISAGENS Inicialmente, o grupo que atuou na discuss\u00e3o sobre a proposta da exposi\u00e7\u00e3o, intentou que a caracter\u00edstica de Morro Redondo a ser primeiramente destacada, fosse a sua ruralidade. Assim seria que Morro Redondo viesse a ser apresentado &hellip; <\/p>\n<p class=\"link-more\"><a href=\"https:\/\/wp.ufpel.edu.br\/gipc-morroredondo\/exposicoes\/\" class=\"more-link\">Continue lendo<span class=\"screen-reader-text\"> &#8220;Galeria 3D&#8221;<\/span><\/a><\/p>\n","protected":false},"author":1061,"featured_media":0,"parent":0,"menu_order":0,"comment_status":"closed","ping_status":"closed","template":"","meta":{"footnotes":""},"class_list":["post-797","page","type-page","status-publish","hentry"],"jetpack_sharing_enabled":true,"_links":{"self":[{"href":"https:\/\/wp.ufpel.edu.br\/gipc-morroredondo\/wp-json\/wp\/v2\/pages\/797","targetHints":{"allow":["GET"]}}],"collection":[{"href":"https:\/\/wp.ufpel.edu.br\/gipc-morroredondo\/wp-json\/wp\/v2\/pages"}],"about":[{"href":"https:\/\/wp.ufpel.edu.br\/gipc-morroredondo\/wp-json\/wp\/v2\/types\/page"}],"author":[{"embeddable":true,"href":"https:\/\/wp.ufpel.edu.br\/gipc-morroredondo\/wp-json\/wp\/v2\/users\/1061"}],"replies":[{"embeddable":true,"href":"https:\/\/wp.ufpel.edu.br\/gipc-morroredondo\/wp-json\/wp\/v2\/comments?post=797"}],"version-history":[{"count":46,"href":"https:\/\/wp.ufpel.edu.br\/gipc-morroredondo\/wp-json\/wp\/v2\/pages\/797\/revisions"}],"predecessor-version":[{"id":985,"href":"https:\/\/wp.ufpel.edu.br\/gipc-morroredondo\/wp-json\/wp\/v2\/pages\/797\/revisions\/985"}],"wp:attachment":[{"href":"https:\/\/wp.ufpel.edu.br\/gipc-morroredondo\/wp-json\/wp\/v2\/media?parent=797"}],"curies":[{"name":"wp","href":"https:\/\/api.w.org\/{rel}","templated":true}]}}