{"id":790,"date":"2021-04-26T10:46:47","date_gmt":"2021-04-26T13:46:47","guid":{"rendered":"https:\/\/wp.ufpel.edu.br\/gipc-morroredondo\/?page_id=790"},"modified":"2021-05-31T15:00:37","modified_gmt":"2021-05-31T18:00:37","slug":"galeria","status":"publish","type":"page","link":"https:\/\/wp.ufpel.edu.br\/gipc-morroredondo\/galeria\/","title":{"rendered":"Museu GIPC"},"content":{"rendered":"<p><img loading=\"lazy\" decoding=\"async\" id=\"marca_galeria\" src=\"https:\/\/wp.ufpel.edu.br\/gipc-morroredondo\/files\/2021\/05\/Ggipc.png\" alt=\"\" width=\"333\" height=\"234\" \/><\/p>\n<p><strong><b>O Museu GIPC <\/b><\/strong>\u00e9\u00a0um espa\u00e7o virtual, constitu\u00eddo pelo projeto de extens\u00e3o Museu Virtual da UFPel. A finalidade dessa, \u00e9\u00a0abrigar exposi\u00e7\u00f5es promovidas pelo Polo Morro Redondo, programa interinsticuional vinculado \u00e0\u00a0C\u00e1tedra Unesco-IPT de Humanidades e Gest\u00e3o Cultural Integrada do Territ\u00f3rio.<\/p>\n<p>As exposi\u00e7\u00f5es, devem, portanto, relacionar temas diversos sobre o territ\u00f3rio de Morro Redondo, sobre a Serra dos Tapes, sobre os patrim\u00f4nios materiais e imateriais da localidade, bem como quest\u00f5es relacionadas com a gest\u00e3o integrada do patrim\u00f4nio cultural.<\/p>\n<p>O projeto de reciclagem da planta industrial da extinta f\u00e1brica Laneira Brasileira S.A., cujo nome e finalidade era ser a &#8220;Casa dos Museus&#8221; foi usado como base para desenvolver o espa\u00e7o da Museu Virtual GIPC. O projeto foi desenhado, conclu\u00eddo e lan\u00e7ado em 2014, sem vir a ser desenvolvido. De todo o projeto, o espa\u00e7o primeiramente utilizado para a modelagem do Museu foi aquele destinado ao Museu da UFPel, que para o projeto de extens\u00e3o supracitado \u00e9 um suced\u00e2neo do espa\u00e7o f\u00edsico.<\/p>\n<p>A modelagem do Museu manteve o projeto de reciclagem e sustentou alguns aspectos que identificam imediatamente o espa\u00e7o fabril, como a textura de tijolos vermelhos das paredes. Portanto, \u00e9 uma proposta de virtualiza\u00e7\u00e3o de um espa\u00e7o existente na sua materialidade, mas como conceito, como proposta acad\u00eamica, cultural e social, n\u00e3o constitu\u00eddo.<\/p>\n<p>O Museu GIPC cumpre, portanto, uma segunda fun\u00e7\u00e3o: a de convidar o visitante a imaginar como seria o local se o projeto de reciclagem tivesse sido executado. Se em outro momento, o Museu conseguir ocupar os demais espa\u00e7os projetados modelados, talvez os visitantes possam conhecer &#8211; e quem, sabe &#8211; entender a originalidade e a for\u00e7a social desta proposta irrealizada.<\/p>\n<p>&nbsp;<\/p>\n<p><a href=\"https:\/\/wp.ufpel.edu.br\/gipc-morroredondo\/exposicoes\/\" target=\"_blank\" rel=\"noopener noreferrer\"><img loading=\"lazy\" decoding=\"async\" id=\"marca_galeria\" src=\"https:\/\/wp.ufpel.edu.br\/gipc-morroredondo\/files\/2021\/05\/banner-MRP-site.png\" alt=\"\" width=\"386\" height=\"427\" \/><\/a><\/p>\n<p><strong>Exposi\u00e7\u00e3o Morro Redondo Paisagens<br \/>\n<\/strong><\/p>\n<p>A Galeria 3D abre com a exposi\u00e7\u00e3o Morro Redondo: Paisagens. Com fotografias de Ubirajara Budin Cruz, a Galeria 3D \u00e9 apresentada pelo Professor Luiz Oosterbeek, l\u00edder da C\u00e1tedra Unesco-IPT Humanidades e Gest\u00e3o Cultural Integrada do Territ\u00f3rio, a qual \u00e9 vinculado o Polo Morro Redondo, apresentado pela ex-reitora da UFPel Profa. Inguelore Scheunemann e pelo Prefeito de Morro Redondo, Rui Brizolara, que festeja o anivers\u00e1rio da cidade com a inaugura\u00e7\u00e3o desse projeto. Os professores Francisca Michelon e Fernando Igansi, coordenadores do projeto, mediam a live e explicam a visita\u00e7\u00e3o virtual.<\/p>\n<p><a href=\"https:\/\/wp.ufpel.edu.br\/gipc-morroredondo\/exposicoes\/\"><strong>[MAIS]<\/strong><\/a><\/p>\n","protected":false},"excerpt":{"rendered":"<p>O Museu GIPC \u00e9\u00a0um espa\u00e7o virtual, constitu\u00eddo pelo projeto de extens\u00e3o Museu Virtual da UFPel. A finalidade dessa, \u00e9\u00a0abrigar exposi\u00e7\u00f5es promovidas pelo Polo Morro Redondo, programa interinsticuional vinculado \u00e0\u00a0C\u00e1tedra Unesco-IPT de Humanidades e Gest\u00e3o Cultural Integrada do Territ\u00f3rio. As exposi\u00e7\u00f5es, devem, portanto, relacionar temas diversos sobre o territ\u00f3rio de Morro Redondo, sobre a Serra dos &hellip; <\/p>\n<p class=\"link-more\"><a href=\"https:\/\/wp.ufpel.edu.br\/gipc-morroredondo\/galeria\/\" class=\"more-link\">Continue lendo<span class=\"screen-reader-text\"> &#8220;Museu GIPC&#8221;<\/span><\/a><\/p>\n","protected":false},"author":1061,"featured_media":0,"parent":0,"menu_order":0,"comment_status":"closed","ping_status":"closed","template":"","meta":{"footnotes":""},"class_list":["post-790","page","type-page","status-publish","hentry"],"jetpack_sharing_enabled":true,"_links":{"self":[{"href":"https:\/\/wp.ufpel.edu.br\/gipc-morroredondo\/wp-json\/wp\/v2\/pages\/790","targetHints":{"allow":["GET"]}}],"collection":[{"href":"https:\/\/wp.ufpel.edu.br\/gipc-morroredondo\/wp-json\/wp\/v2\/pages"}],"about":[{"href":"https:\/\/wp.ufpel.edu.br\/gipc-morroredondo\/wp-json\/wp\/v2\/types\/page"}],"author":[{"embeddable":true,"href":"https:\/\/wp.ufpel.edu.br\/gipc-morroredondo\/wp-json\/wp\/v2\/users\/1061"}],"replies":[{"embeddable":true,"href":"https:\/\/wp.ufpel.edu.br\/gipc-morroredondo\/wp-json\/wp\/v2\/comments?post=790"}],"version-history":[{"count":31,"href":"https:\/\/wp.ufpel.edu.br\/gipc-morroredondo\/wp-json\/wp\/v2\/pages\/790\/revisions"}],"predecessor-version":[{"id":984,"href":"https:\/\/wp.ufpel.edu.br\/gipc-morroredondo\/wp-json\/wp\/v2\/pages\/790\/revisions\/984"}],"wp:attachment":[{"href":"https:\/\/wp.ufpel.edu.br\/gipc-morroredondo\/wp-json\/wp\/v2\/media?parent=790"}],"curies":[{"name":"wp","href":"https:\/\/api.w.org\/{rel}","templated":true}]}}