{"id":142,"date":"2020-11-07T16:19:39","date_gmt":"2020-11-07T19:19:39","guid":{"rendered":"https:\/\/wp.ufpel.edu.br\/gipc-morroredondo\/?page_id=142"},"modified":"2020-11-19T09:40:39","modified_gmt":"2020-11-19T12:40:39","slug":"sobre","status":"publish","type":"page","link":"https:\/\/wp.ufpel.edu.br\/gipc-morroredondo\/sobre\/","title":{"rendered":"Sobre"},"content":{"rendered":"<h2><span style=\"font-size: 18pt\">Gest\u00e3o Integrada do Patrim\u00f4nio Cultural Morro Redondo<\/span><\/h2>\n\n<h6>Gest\u00e3o Integrada do Patrim\u00f4nio | Cultural Morro Redondo | gipc<br \/>\nP\u00f3lo Morro Redondo \/ C\u00e1tedra Unesco-Brasil de Humanidades e Gest\u00e3o Cultural Integrada do Territ\u00f3rio.<\/h6>\n<p>O projeto Gest\u00e3o Integrada do Patrim\u00f4nio Cultural | Morro Redondo | gipc, destina-se ao Reconhecimento, Preserva\u00e7\u00e3o e Salvaguarda do Patrim\u00f4nio Cultural de Morro Redondo\/RS\/Brasil.<\/p>\n<p>O referido projeto objetiva promover o reconhecimento, preserva\u00e7\u00e3o e salvaguarda do patrim\u00f4nio cultural material da cidade de Morro Redondo\/RS, articulando diferentes a\u00e7\u00f5es que fomentem, potencializem e intensifiquem possibilidades de gera\u00e7\u00e3o de renda, diminui\u00e7\u00e3o da evas\u00e3o de jovens e promo\u00e7\u00e3o do turismo. Considerando que a proposta visa desenvolver um modelo para levantamento do patrim\u00f4nio material nos munic\u00edpios da regi\u00e3o Antiga Pelotas, a popula\u00e7\u00e3o dos outros tr\u00eas munic\u00edpios tamb\u00e9m constitui p\u00fablico alvo secund\u00e1rio: Cap\u00e3o do Le\u00e3o (25.382 habitantes), Turu\u00e7u (3.596 habitantes) e Arroio do Padre (2.921 habitantes).<\/p>\n","protected":false},"excerpt":{"rendered":"<p>Gest\u00e3o Integrada do Patrim\u00f4nio Cultural Morro Redondo Gest\u00e3o Integrada do Patrim\u00f4nio | Cultural Morro Redondo | gipc P\u00f3lo Morro Redondo \/ C\u00e1tedra Unesco-Brasil de Humanidades e Gest\u00e3o Cultural Integrada do Territ\u00f3rio. O projeto Gest\u00e3o Integrada do Patrim\u00f4nio Cultural | Morro Redondo | gipc, destina-se ao Reconhecimento, Preserva\u00e7\u00e3o e Salvaguarda do Patrim\u00f4nio Cultural de Morro Redondo\/RS\/Brasil. &hellip; <\/p>\n<p class=\"link-more\"><a href=\"https:\/\/wp.ufpel.edu.br\/gipc-morroredondo\/sobre\/\" class=\"more-link\">Continue lendo<span class=\"screen-reader-text\"> &#8220;Sobre&#8221;<\/span><\/a><\/p>\n","protected":false},"author":1061,"featured_media":0,"parent":0,"menu_order":0,"comment_status":"closed","ping_status":"closed","template":"","meta":{"footnotes":""},"class_list":["post-142","page","type-page","status-publish","hentry"],"jetpack_sharing_enabled":true,"_links":{"self":[{"href":"https:\/\/wp.ufpel.edu.br\/gipc-morroredondo\/wp-json\/wp\/v2\/pages\/142","targetHints":{"allow":["GET"]}}],"collection":[{"href":"https:\/\/wp.ufpel.edu.br\/gipc-morroredondo\/wp-json\/wp\/v2\/pages"}],"about":[{"href":"https:\/\/wp.ufpel.edu.br\/gipc-morroredondo\/wp-json\/wp\/v2\/types\/page"}],"author":[{"embeddable":true,"href":"https:\/\/wp.ufpel.edu.br\/gipc-morroredondo\/wp-json\/wp\/v2\/users\/1061"}],"replies":[{"embeddable":true,"href":"https:\/\/wp.ufpel.edu.br\/gipc-morroredondo\/wp-json\/wp\/v2\/comments?post=142"}],"version-history":[{"count":8,"href":"https:\/\/wp.ufpel.edu.br\/gipc-morroredondo\/wp-json\/wp\/v2\/pages\/142\/revisions"}],"predecessor-version":[{"id":530,"href":"https:\/\/wp.ufpel.edu.br\/gipc-morroredondo\/wp-json\/wp\/v2\/pages\/142\/revisions\/530"}],"wp:attachment":[{"href":"https:\/\/wp.ufpel.edu.br\/gipc-morroredondo\/wp-json\/wp\/v2\/media?parent=142"}],"curies":[{"name":"wp","href":"https:\/\/api.w.org\/{rel}","templated":true}]}}