{"id":241,"date":"2013-09-12T09:27:37","date_gmt":"2013-09-12T12:27:37","guid":{"rendered":"https:\/\/wp.ufpel.edu.br\/gip\/?page_id=241"},"modified":"2014-03-07T20:12:38","modified_gmt":"2014-03-07T23:12:38","slug":"publicacoes-discentes","status":"publish","type":"page","link":"https:\/\/wp.ufpel.edu.br\/gip\/publicacoes-2\/publicacoes-discentes\/","title":{"rendered":"Publica\u00e7\u00f5es Discentes"},"content":{"rendered":"<p><span style=\"font-family: 'book antiqua', palatino;color: #808080\">\u00a0<strong><a href=\"http:\/\/buscatextual.cnpq.br\/buscatextual\/visualizacv.do?id=K4377246Z3\" target=\"_blank\"><span style=\"color: #808080\">Ana Maria Oliveira Severiano de Assis<\/span><\/a><\/strong><\/span><\/p>\n<p><span style=\"font-family: 'book antiqua', palatino;color: #808080\">\u00a0<a href=\"http:\/\/imagensdajustica.ufpel.edu.br\/anais\/trabalhos\/GT%207\/GT%207%20-%20ASSIS,%20Ana%20Maria%20Oliveira%20Severiano%20de.pdf\"><span style=\"color: #808080\">I Semin\u00e1rio Internacional Imagens da Justi\u00e7a, 2012, UFPEL, Pelotas\/RS.<\/span><\/a><\/span><\/p>\n<p><span style=\"font-family: 'book antiqua', palatino;color: #808080\"><a href=\"http:\/\/ufpel.edu.br\/cic\/2012\/anais\/pdf\/SA\/SA_00068.pdf\"><span style=\"color: #808080\">Anais do XXI Congresso de Inicia\u00e7\u00e3o Cient\u00edfica e III Mostra Cient\u00edfica &#8211; CIC 2012, UFPEL, Pelotas\/RS<\/span><\/a><\/span><\/p>\n<p><span style=\"font-family: 'book antiqua', palatino;color: #808080\"><strong><a href=\"http:\/\/buscatextual.cnpq.br\/buscatextual\/visualizacv.do?id=K4859538P0\" target=\"_blank\"><span style=\"color: #808080\">Andr\u00e9 Kabke Bainy<\/span><\/a><\/strong><\/span><\/p>\n<p><span style=\"color: #808080;font-family: 'book antiqua', palatino\"><a href=\"http:\/\/cti.ufpel.edu.br\/cic\/arquivos\/2013\/SA_00848.pdf\" target=\"_blank\"><span style=\"color: #808080\">Breves apontamentos acerca da teoria da coculpabilidade e sua (poss\u00edvel) aplicabilidade no ordenamento jur\u00eddico p\u00e1trio<\/span><\/a><\/span><\/p>\n<p><span style=\"font-family: 'book antiqua', palatino;color: #808080\"><a href=\"http:\/\/online.unisc.br\/acadnet\/anais\/index.php\/mediacao_e_jr\/article\/view\/10856\" target=\"_blank\"><span style=\"color: #808080\">Justi\u00e7a gratuita e acesso \u00e0 justi\u00e7a: uma rela\u00e7\u00e3o a ser aprimorada. UNISC. Santa Cruz do Sul\/RS.<\/span><\/a><\/span><\/p>\n<p><span style=\"font-family: 'book antiqua', palatino;color: #808080\"><strong><a href=\"http:\/\/cti.ufpel.edu.br\/cic\/arquivos\/2013\/SA_02411.pdf\" target=\"_blank\"><span style=\"color: #808080\">Blenda Mariano Gheler<\/span><\/a><\/strong><\/span><\/p>\n<p><span style=\"color: #808080;font-family: 'book antiqua', palatino\">Direito e Epidemiologia: uma intera\u00e7\u00e3o necess\u00e1ria para a efic\u00e1cia dos direitos fundamentais e efetiva\u00e7\u00e3o das pol\u00edticas p\u00fablicas<\/span><\/p>\n<p><span style=\"font-family: 'book antiqua', palatino;color: #808080\">Semin\u00e1rio \u201cAmaz\u00f4nia Sul, Amaz\u00f4nia Verde, Direito Internacional e Integra\u00e7\u00e3o Latino-americana\u201d, Faculdade de Direito, UFPEL, 2013.<\/span><\/p>\n<p><span style=\"font-family: 'book antiqua', palatino;color: #808080\"><strong><a href=\"http:\/\/buscatextual.cnpq.br\/buscatextual\/visualizacv.do?id=K4964015H6\" target=\"_blank\"><span style=\"color: #808080\">Bruna Hoisler Sallet<\/span><\/a><\/strong><\/span><\/p>\n<p><span style=\"color: #808080;font-family: 'book antiqua', palatino\"><a href=\"http:\/\/cti.ufpel.edu.br\/cic\/arquivos\/2013\/SA_00623.pdf\" target=\"_blank\"><span style=\"color: #808080\">Adolescente em conflito com a lei: duas imagens de um mesmo indiv\u00edduo<\/span><\/a><\/span><\/p>\n<p><span style=\"font-family: 'book antiqua', palatino;color: #808080\">Semin\u00e1rio \u201cAmaz\u00f4nia Sul, Amaz\u00f4nia Verde, Direito Internacional e Integra\u00e7\u00e3o Latino-americana\u201d, Faculdade de Direito, UFPEL, 2013.<\/span><\/p>\n<p><span style=\"font-family: 'book antiqua', palatino;color: #808080\">XII Congreso Internacional de Salud Mental y Derechos Humanos, Buenos Aires, 2013.<\/span><\/p>\n<p><span style=\"font-family: 'book antiqua', palatino;color: #808080\"><!--[if gte mso 9]&gt;--><\/span><\/p>\n<p><span style=\"font-family: 'book antiqua', palatino;color: #808080\"><strong><a href=\"http:\/\/buscatextual.cnpq.br\/buscatextual\/visualizacv.do?id=K4360091J5\" target=\"_blank\"><span style=\"color: #808080\">Bruno Silva Kauss<\/span><\/a><\/strong><\/span><\/p>\n<p><span style=\"color: #808080;font-family: 'book antiqua', palatino\"><a href=\"http:\/\/cti.ufpel.edu.br\/cic\/arquivos\/2013\/SA_00034.pdf\" target=\"_blank\"><span style=\"color: #808080\">Reconhecimento da identidade LGBT: a constru\u00e7\u00e3o de direitos pela interpreta\u00e7\u00e3o dos tribunais<\/span><\/a><\/span><\/p>\n<p><span style=\"font-family: 'book antiqua', palatino;color: #808080\"><a href=\"http:\/\/www.pettercouto.com.br\/ebook\/pesquisa.htm\" target=\"_blank\"><span style=\"color: #808080\">I Semin\u00e1rio Internacional Corpo, G\u00eanero e Sexualidade, 2011, FURG, Rio Grande\/RS.<\/span><\/a><\/span><\/p>\n<p><span style=\"font-family: 'book antiqua', palatino;color: #808080\"><a href=\"http:\/\/ufpel.edu.br\/cic\/2011\/anais\/pdf\/SA\/SA_01416.pdf\" target=\"_blank\"><span style=\"color: #808080\">Anais d<\/span><\/a><a href=\"http:\/\/ufpel.edu.br\/cic\/2011\/anais\/pdf\/SA\/SA_01416.pdf\" target=\"_blank\"><span style=\"color: #808080\">o XX Congresso de Inicia\u00e7\u00e3o <\/span><\/a><a href=\"http:\/\/ufpel.edu.br\/cic\/2011\/anais\/pdf\/SA\/SA_01416.pdf\" target=\"_blank\"><span style=\"color: #808080\">Cient\u00ed<\/span><\/a><a href=\"http:\/\/ufpel.edu.br\/cic\/2011\/anais\/pdf\/SA\/SA_01416.pdf\" target=\"_blank\"><span style=\"color: #808080\">fica<\/span><\/a><a href=\"http:\/\/ufpel.edu.br\/cic\/2011\/anais\/pdf\/SA\/SA_01416.pdf\" target=\"_blank\"><span style=\"color: #808080\"> e III Mostra Cient\u00edfica &#8211; CIC 2011, UFPEL, Pelotas\/RS.<\/span><\/a><\/span><\/p>\n<p><span style=\"font-family: 'book antiqua', palatino;color: #808080\"><!--[if gte mso 9]&gt;--><\/span><\/p>\n<p><span style=\"font-family: 'book antiqua', palatino;color: #808080\"><a href=\"http:\/\/ufpel.edu.br\/cic\/2012\/anais\/pdf\/SA\/SA_00142.pdf\" target=\"_blank\"><span style=\"color: #808080\">Anais do XXI Congresso de Inicia\u00e7\u00e3o Cient\u00edfica\u00a0e\u00a0III Mostra Cient\u00edfica \u2013\u00a0CIC 2012, UFPEL, Pelotas\/RS.<\/span><\/a><\/span><\/p>\n<p><span style=\"font-family: 'book antiqua', palatino;color: #808080\"><span style=\"line-height: 115%\">Anais da XI Mostra de Produ\u00e7\u00e3o Universit\u00e1ria da FURG \u2013 MPU, 2012, Rio Grande\/RS.<\/span><span style=\"line-height: 115%\"><br \/>\n<\/span><\/span><\/p>\n<p><span style=\"font-family: 'book antiqua', palatino;color: #808080\"><span style=\"line-height: 115%\">Semin\u00e1rio \u201cAmaz\u00f4nia Sul, Amaz\u00f4nia Verd<\/span><span style=\"line-height: 115%\">e, Direito Internacional e Integra\u00e7\u00e3o Latino-americana\u201d, UFPEL, 2013, P<\/span><span style=\"line-height: 115%\">elotas\/RS.<\/span><\/span><\/p>\n<p><span style=\"font-family: 'book antiqua', palatino;color: #808080\"><span style=\"line-height: 115%\">XXII Congresso Estadual de Estudantes de Direito \u2013 EGED 2012, UFRGS, Porto Alegre\/RS.<\/span><\/span><\/p>\n<p><span style=\"font-family: 'book antiqua', palatino;color: #808080\">Intersec\u00e7\u00f5es entre a justi\u00e7a e g\u00eanero: a participa\u00e7\u00e3o feminina no judici\u00e1rio brasileiro &#8211; Semin\u00e1rio Internacional Fazendo G\u00eanero 10 Desafios atuais dos feminismos, UFSC, 2013.<\/span><\/p>\n<p><span style=\"font-family: 'book antiqua', palatino;color: #808080\"><a href=\"http:\/\/buscatextual.cnpq.br\/buscatextual\/visualizacv.do?id=N6083250\" target=\"_blank\"><span style=\"color: #808080\"><strong>Carine Cavagnoli<\/strong><\/span><\/a><\/span><\/p>\n<p><span style=\"color: #808080;font-family: 'book antiqua', palatino\"><a href=\"http:\/\/cti.ufpel.edu.br\/cic\/arquivos\/2013\/SA_01859.pdf\" target=\"_blank\"><span style=\"color: #808080\">A equipara\u00e7\u00e3o da tutela jur\u00eddica do nascituro com a das pessoas:: um pressuposto para a efic\u00e1cia da dignidade humana e dos direitos fundamentais<\/span><\/a><\/span><\/p>\n<p><span style=\"font-family: 'book antiqua', palatino;color: #808080\"><a href=\"http:\/\/ufpel.edu.br\/cic\/2012\/anais\/pdf\/SA\/SA_00415.pdf\" target=\"_blank\"><span style=\"color: #808080\">Anais do XXI Congresso de Inicia\u00e7\u00e3o Cient\u00edfica e III Mostra Cient\u00edfica &#8211; CIC 2012, UFPEL, Pelotas\/RS.<\/span><\/a><\/span><\/p>\n<p><span style=\"font-family: 'book antiqua', palatino;color: #808080\"><a style=\"text-indent: -18pt\" href=\"http:\/\/buscatextual.cnpq.br\/buscatextual\/visualizacv.do?id=H6749707\" target=\"_blank\"><span style=\"color: #808080\"><strong>Carolina Faria<\/strong><\/span><\/a><\/span><\/p>\n<p><span style=\"color: #808080;font-family: 'book antiqua', palatino\"><a href=\"http:\/\/cti.ufpel.edu.br\/cic\/arquivos\/2013\/SA_00443.pdf\" target=\"_blank\"><span style=\"color: #808080\">Pol\u00edticas p\u00fablicas para a efetiva\u00e7\u00e3o da Lei Maria da Penha e sua distribui\u00e7\u00e3o nas regi\u00f5es do Brasil<\/span><\/a><\/span><\/p>\n<p><span style=\"font-family: 'book antiqua', palatino;color: #808080\"><a href=\"http:\/\/imagensdajustica.ufpel.edu.br\/anais\/trabalhos\/GT%207\/GT%207%20-%20FARIA,%20Carolina.pdf\" target=\"_blank\"><span style=\"color: #808080\">I Semin\u00e1rio Internacional Imagens da Justi\u00e7a, 2012, UFPEL, Pelotas\/RS.<\/span><\/a><\/span><\/p>\n<p><span style=\"font-family: 'book antiqua', palatino;color: #808080\"><a href=\"http:\/\/buscatextual.cnpq.br\/buscatextual\/visualizacv.do?id=K4368411A0\" target=\"_blank\"><span style=\"color: #808080\"><strong>Dariane Sausen<\/strong><\/span><\/a><\/span><\/p>\n<p><span style=\"color: #808080;font-family: 'book antiqua', palatino\"><a href=\"http:\/\/cti.ufpel.edu.br\/cic\/arquivos\/2013\/SA_02967.pdf\" target=\"_blank\"><span style=\"color: #808080\">A (in) transmissibilidade da indeniza\u00e7\u00e3o por dano moral causa mortis<\/span><\/a><\/span><\/p>\n<p><span style=\"font-family: 'book antiqua', palatino;color: #808080\"><a href=\"http:\/\/ufpel.edu.br\/cic\/2012\/anais\/pdf\/SA\/SA_01176.pdf\" target=\"_blank\"><span style=\"color: #808080\">Anais do XXI Congresso de Inicia\u00e7\u00e3o Cient\u00edfica e III Mostra Cient\u00edfica &#8211; CIC 2012, UFPEL, Pelotas\/RS.<\/span><\/a><\/span><\/p>\n<p><span style=\"font-family: 'book antiqua', palatino;color: #808080\"><a href=\"\/\/buscatextual.cnpq.br\/buscatextual\/visualizacv.do?id=N1758392\" target=\"_blank\"><span style=\"color: #808080\"><strong>D\u00e9bora da Rosa Becker<\/strong><\/span><\/a><\/span><\/p>\n<p><span style=\"color: #888888\">A Judicializa\u00e7\u00e3o da Sa\u00fade P\u00fablica no Estado do Rio Grande do Sul desde a Constitui\u00e7\u00e3o Federal\/88 &#8211; III Sal\u00e3o de Inicia\u00e7\u00e3o Cient\u00edfica da Faculdade de Direito da FMP.<\/span><\/p>\n<p><span style=\"color: #808080;font-family: 'book antiqua', palatino\"><a href=\"http:\/\/cti.ufpel.edu.br\/cic\/arquivos\/2013\/SA_00835.pdf\" target=\"_blank\"><span style=\"color: #808080\">A judicializa\u00e7\u00e3o da sa\u00fade p\u00fablica no estado do Rio Grande do Sul: um estudo comparativo dos recursos interpostos junto ao Tribunal de Justi\u00e7a entre 1988 e 1998 e o per\u00edodo de agosto a dezembro do ano de 2012<\/span><\/a><\/span><\/p>\n<p><span style=\"font-family: 'book antiqua', palatino;color: #808080\"><a href=\"http:\/\/ebooks.pucrs.br\/edipucrs\/anais\/SIC\/XIII\/XIII\/237.pdf\" target=\"_blank\"><span style=\"color: #808080\">A judicializa\u00e7\u00e3o da sa\u00fade p\u00fablica no Rio Grande do Sul desde a Constitui\u00e7\u00e3o Federal\/88.<\/span><\/a><\/span><\/p>\n<p><span style=\"font-family: 'book antiqua', palatino;color: #808080\"><a href=\"http:\/\/ufpel.edu.br\/cic\/2012\/anais\/pdf\/SA\/SA_00990.pdf\" target=\"_blank\"><span style=\"color: #808080\">Anais do XXI Congresso de Inicia\u00e7\u00e3o Cient\u00edfica e III Mostra Cient\u00edfica &#8211; CIC 2012, UFPEL, Pelotas\/RS.<\/span><\/a><\/span><\/p>\n<p><span style=\"font-family: 'book antiqua', palatino;color: #808080\"><a href=\"\/\/buscatextual.cnpq.br\/buscatextual\/visualizacv.do?id=K4495848D6\" target=\"_blank\"><span style=\"color: #808080\"><strong>Eduardo Jose Bordignon Benedetti<\/strong><\/span><\/a><\/span><\/p>\n<p><span style=\"font-family: 'book antiqua', palatino;color: #808080\"><a href=\"http:\/\/imagensdajustica.ufpel.edu.br\/anais\/trabalhos\/GT%207\/GT%207%20-%20Benedetti,%20Eduardo.pdf\" target=\"_blank\"><span style=\"color: #808080\">I Semin\u00e1rio Internacional Imagens da Justi\u00e7a, 2012, UFPEL, Pelotas\/RS.<\/span><\/a><\/span><\/p>\n<p><strong><span style=\"color: #808080;font-family: 'book antiqua', palatino\">\u00c9rica Oliveira Costa<\/span><\/strong><\/p>\n<p><span style=\"color: #808080;font-family: 'book antiqua', palatino\"><a href=\"http:\/\/cti.ufpel.edu.br\/cic\/arquivos\/2013\/SA_01306.pdf\" target=\"_blank\"><span style=\"color: #808080\">O atual cen\u00e1rio da viol\u00eancia dom\u00e9stica no Brasil<\/span><\/a><\/span><\/p>\n<p><span style=\"font-family: 'book antiqua', palatino;color: #808080\"><a href=\"http:\/\/buscatextual.cnpq.br\/buscatextual\/visualizacv.do?id=K4394586T8\" target=\"_blank\"><span style=\"color: #808080\"><strong>Felipe da Costa Takehara<\/strong><\/span><\/a><\/span><\/p>\n<p><span style=\"color: #808080;font-family: 'book antiqua', palatino\"><a href=\"http:\/\/cti.ufpel.edu.br\/cic\/arquivos\/2013\/SA_00233.pdf\" target=\"_blank\"><span style=\"color: #808080\">O amparo do direito das gente \u00e0s demandas ind\u00edgenas por direitos humanos no Brasil<\/span><\/a><\/span><\/p>\n<p><span style=\"font-family: 'book antiqua', palatino;color: #808080\"><a href=\"http:\/\/ufpel.edu.br\/cic\/2012\/anais\/pdf\/SA\/SA_00779.pdf\" target=\"_blank\"><span style=\"color: #808080\">Anais do XXI Congresso de Inicia\u00e7\u00e3o Cient\u00edfica e III Mostra Cient\u00edfica &#8211; CIC 2012, UFPEL, Pelotas\/RS.<\/span><\/a><\/span><\/p>\n<p><span style=\"font-family: 'book antiqua', palatino;color: #808080\">I Semin\u00e1rio Internacional Imagens da Justi\u00e7a, 2012, UFPEL, Pelotas\/RS.<\/span><\/p>\n<p><span style=\"font-family: 'book antiqua', palatino;color: #808080\"><b>Frederico Martins Schmachtenberg\u00a0<\/b><\/span><\/p>\n<p><span style=\"font-family: 'book antiqua', palatino;color: #808080\"><a href=\"http:\/\/imagensdajustica.ufpel.edu.br\/anais\/trabalhos\/GT%206\/GT%206%20-%20SCHMACHTENBERG,%20Frederico%20Martins.pdf\" target=\"_blank\"><span style=\"color: #808080\">I Semin\u00e1rio Internacional Imagens da Justi\u00e7a, 2012, UFPEL, Pelotas\/RS.<\/span><\/a><\/span><\/p>\n<p><strong><span style=\"color: #808080;font-family: 'book antiqua', palatino\"><a href=\"http:\/\/buscatextual.cnpq.br\/buscatextual\/visualizacv.do?id=K4835393Z4\" target=\"_blank\"><span style=\"color: #808080\">Guilherme Stefan<\/span><\/a><\/span><\/strong><\/p>\n<p><span style=\"color: #808080;font-family: 'book antiqua', palatino\"><a href=\"http:\/\/cti.ufpel.edu.br\/cic\/arquivos\/2013\/SA_00010.pdf\" target=\"_blank\"><span style=\"color: #808080\">Teoria cr\u00edtica do direito: cr\u00edticas, problemas e solu\u00e7\u00f5es jur\u00eddicas \u00e0 exclus\u00e3o social representada nas favelas<\/span><\/a><\/span><\/p>\n<p><span style=\"font-family: 'book antiqua', palatino;color: #808080\"><a href=\"http:\/\/buscatextual.cnpq.br\/buscatextual\/visualizacv.do?id=K4364802A4\" target=\"_blank\"><span style=\"color: #808080\"><b>Henrique Montagner Fernandes<\/b><\/span><\/a><b><\/b><\/span><\/p>\n<p><span style=\"font-family: 'book antiqua', palatino;color: #808080\"><a href=\"http:\/\/ufpel.edu.br\/cic\/2011\/anais\/pdf\/SA\/SA_01375.pdf\" target=\"_blank\"><span style=\"color: #808080\">Anais do XX Congresso de Inicia\u00e7\u00e3o Cient\u00edfica e III Mostra Cient\u00edfica &#8211; CIC 2011, UFPEL, Pelotas\/RS.<\/span><\/a><\/span><\/p>\n<p><strong><span style=\"color: #808080;font-family: 'book antiqua', palatino\">Isadora Klee Oehlschlaeger<\/span><\/strong><\/p>\n<p><span style=\"color: #808080;font-family: 'book antiqua', palatino\"><a href=\"http:\/\/cti.ufpel.edu.br\/cic\/arquivos\/2013\/SA_01295.pdf\" target=\"_blank\"><span style=\"color: #808080\">A teoria do dom\u00ednio do fato no julgamento do caso &#8220;mensal\u00e3o&#8221;<\/span><\/a><\/span><\/p>\n<p><strong><span style=\"font-family: 'book antiqua', palatino;color: #888888\"><a href=\"http:\/\/lattes.cnpq.br\/1027398660901107\" target=\"_blank\"><span style=\"color: #888888\">Janine Scaglioni Reis<\/span><\/a><\/span><\/strong><\/p>\n<p><span style=\"font-family: 'book antiqua', palatino;color: #888888\"><a href=\"http:\/\/webcache.googleusercontent.com\/search?q=cache:hLno_OAt3z8J:www.propesp.furg.br\/propesp\/anaismpu\/cd2011\/cic\/1313.doc+&amp;cd=1&amp;hl=pt-BR&amp;ct=clnk&amp;gl=br\" target=\"_blank\"><span style=\"color: #888888\">A possibilidade de indeniza\u00e7\u00e3o moral em face do abandono afetivo<\/span><\/a><\/span><\/p>\n<p><span style=\"font-family: 'book antiqua', palatino;color: #808080\"><b>Larissa Copatti Dogensk<\/b><\/span><\/p>\n<p><span style=\"font-family: 'book antiqua', palatino;color: #808080\"><a href=\"http:\/\/ufpel.edu.br\/cic\/2012\/anais\/pdf\/SA\/SA_00789.pdf\" target=\"_blank\"><span style=\"color: #808080\">Anais do XXI Congresso de Inicia\u00e7\u00e3o Cient\u00edfica e III Mostra Cient\u00edfica &#8211; CIC 2012, UFPEL, Pelotas\/RS.<\/span><\/a><\/span><\/p>\n<p><span style=\"font-family: 'book antiqua', palatino;color: #808080\"><a href=\"http:\/\/buscatextual.cnpq.br\/buscatextual\/visualizacv.do?id=K4495675A0\" target=\"_blank\"><span style=\"color: #808080\"><strong>Let\u00edcia Baron<\/strong><\/span><\/a><\/span><\/p>\n<p><span style=\"color: #808080;font-family: 'book antiqua', palatino\"><a href=\"http:\/\/cti.ufpel.edu.br\/cic\/arquivos\/2013\/SA_00395.pdf\" target=\"_blank\"><span style=\"color: #808080\">Democracia e participa\u00e7\u00e3o: quantifica\u00e7\u00f5es dos conselhos estaduais<\/span><\/a><\/span><\/p>\n<p><span style=\"font-family: 'book antiqua', palatino;color: #808080\"><a href=\"http:\/\/ufpel.edu.br\/cic\/2011\/anais\/pdf\/SA\/SA_01480.pdf\" target=\"_blank\"><span style=\"color: #808080\">Anais do XX Congresso de Inicia\u00e7\u00e3o Cient\u00edfica e III Mostra Cient\u00edfica &#8211; CIC 2011, UFPEL, Pelotas\/RS.<\/span><\/a><\/span><\/p>\n<p><span style=\"font-family: 'book antiqua', palatino;color: #808080\">XXII Congresso Estadual de Estudantes de Direito \u2013 EGED 2012, UFRGS, Porto Alegre\/RS.<\/span><\/p>\n<p><span style=\"font-family: 'book antiqua', palatino;color: #808080\">Intersec\u00e7\u00f5es entre a justi\u00e7a e g\u00eanero: a participa\u00e7\u00e3o feminina no judici\u00e1rio brasileiro &#8211; Semin\u00e1rio Internacional Fazendo G\u00eanero 10 Desafios atuais dos feminismos, UFSC, 2013.<\/span><\/p>\n<p><span style=\"font-family: 'book antiqua', palatino;color: #808080\">Participa\u00e7\u00e3o Popular e Gest\u00e3o democr\u00e1tica: an\u00e1lise dos casos dos Conselhos Estaduais de Educa\u00e7\u00e3o da Regi\u00e3o Sul. XIV Sal\u00e3o de Inicia\u00e7\u00e3o Cient\u00edfica, PUC, 2013.<\/span><\/p>\n<p><span style=\"font-family: 'book antiqua', palatino;color: #808080\"><a href=\"http:\/\/buscatextual.cnpq.br\/buscatextual\/visualizacv.do?id=K4499757Y0\" target=\"_blank\"><span style=\"color: #808080\"><b>Leandro Stachovski Garcia<\/b><\/span><\/a><\/span><\/p>\n<p><span style=\"font-family: 'book antiqua', palatino;color: #808080\"><a href=\"http:\/\/ufpel.edu.br\/cic\/2012\/anais\/pdf\/SA\/SA_01505.pdf\" target=\"_blank\"><span style=\"color: #808080\">Anais do XXI Congresso de Inicia\u00e7\u00e3o Cient\u00edfica e III Mostra Cient\u00edfica &#8211; CIC 2012, UFPEL, Pelotas\/RS.<\/span><\/a><\/span><\/p>\n<p><strong><span style=\"color: #808080;font-family: 'book antiqua', palatino\"><a href=\"http:\/\/buscatextual.cnpq.br\/buscatextual\/visualizacv.do?id=K4631827H4\" target=\"_blank\"><span style=\"color: #808080\">Luana Varaschim Perin<\/span><\/a><\/span><\/strong><\/p>\n<p><span style=\"color: #808080;font-family: 'book antiqua', palatino\"><a href=\"http:\/\/cti.ufpel.edu.br\/cic\/arquivos\/2013\/SA_01420.pdf\" target=\"_blank\"><span style=\"color: #808080\">A Inser\u00e7\u00e3o Feminina nos Cargos P\u00fablicos de Comando no Brasil Atual<\/span><\/a><\/span><\/p>\n<p><strong><span style=\"color: #808080;font-family: 'book antiqua', palatino\"><a href=\"http:\/\/buscatextual.cnpq.br\/buscatextual\/visualizacv.do?id=K4846280P3\" target=\"_blank\"><span style=\"color: #808080\">Lu\u00edsa Gabriela Heck<\/span><\/a><\/span><\/strong><\/p>\n<p><span style=\"color: #808080;font-family: 'book antiqua', palatino\"><span style=\"color: #808080\"><a href=\"http:\/\/cti.ufpel.edu.br\/cic\/arquivos\/2013\/SA_01106.pdf\" target=\"_blank\">O desconhecimento da iniciativa popular: uma das dimens\u00f5es da sua inefici\u00eancia<br \/>\n<\/a><\/span><\/span><\/p>\n<p><span style=\"font-family: 'book antiqua', palatino;color: #808080\">\u201cEstudos de Direito Constitucional em Homenagem a Professora Doutora Rosah\u00a0Russomano: Os 25 anos da Constitui\u00e7\u00e3o Federal de 1988, Avan\u00e7os e Retrocessos\u201d<\/span><\/p>\n<p><strong><span style=\"color: #808080;font-family: 'book antiqua', palatino\">Luiza Pinheiro Bonfiglio<\/span><\/strong><\/p>\n<p><span style=\"color: #808080;font-family: 'book antiqua', palatino\"><a href=\"http:\/\/cti.ufpel.edu.br\/cic\/arquivos\/2013\/SA_01306.pdf\" target=\"_blank\"><span style=\"color: #808080\">O atual cen\u00e1rio da viol\u00eancia dom\u00e9stica no Brasil<\/span><\/a><\/span><\/p>\n<p><strong><span style=\"color: #808080;font-family: 'book antiqua', palatino\"><a href=\"http:\/\/buscatextual.cnpq.br\/buscatextual\/visualizacv.do?id=K4362849A7\" target=\"_blank\"><span style=\"color: #808080\">Lunna Borin<\/span><\/a><\/span><\/strong><\/p>\n<p><span style=\"color: #808080;font-family: 'book antiqua', palatino\"><a href=\"http:\/\/cti.ufpel.edu.br\/cic\/arquivos\/2013\/SA_02325.pdf\" target=\"_blank\"><span style=\"color: #808080\">A judicializa\u00e7\u00e3o da sa\u00fade em Pelotas: um estudo de caso sobre as demandas ajuizadas na 6\u00aa. vara c\u00edvel de agosto a dezembro de 2012<\/span><\/a><\/span><\/p>\n<p><span style=\"font-family: 'book antiqua', palatino;color: #808080\"><a href=\"http:\/\/buscatextual.cnpq.br\/buscatextual\/visualizacv.do?id=K4848020E2\" target=\"_blank\"><span style=\"color: #808080\"><strong>Marcela Sim\u00f5es Silva<\/strong><\/span><\/a><\/span><\/p>\n<p><span style=\"color: #808080;font-family: 'book antiqua', palatino\"><a href=\"http:\/\/cti.ufpel.edu.br\/cic\/arquivos\/2013\/SA_01224.pdf\" target=\"_blank\"><span style=\"color: #808080\">A (in) efic\u00e1cia da lei 12.690\/12 no fortalecimento da economia solid\u00e1ria no Brasil<\/span><\/a><\/span><\/p>\n<p><span style=\"font-family: 'book antiqua', palatino;color: #808080\"><a href=\"http:\/\/ufpel.edu.br\/cic\/2011\/anais\/pdf\/SA\/SA_01064.pdf\" target=\"_blank\"><span style=\"color: #808080\">Anais do XX Congresso de Inicia\u00e7\u00e3o Cient\u00edfica e III Mostra Cient\u00edfica &#8211; CIC 2011, UFPEL, Pelotas\/RS.<\/span><\/a><\/span><\/p>\n<p><span style=\"font-family: 'book antiqua', palatino;color: #808080\"><a href=\"http:\/\/buscatextual.cnpq.br\/buscatextual\/visualizacv.do?id=K4471739A1\" target=\"_blank\"><span style=\"color: #808080\"><strong>Mauro Francisco Buss Filho<\/strong><\/span><\/a><\/span><\/p>\n<p><span style=\"color: #808080;font-family: 'book antiqua', palatino\"><a href=\"http:\/\/cti.ufpel.edu.br\/cic\/arquivos\/2013\/SA_02815.pdf\" target=\"_blank\"><span style=\"color: #808080\">Diverg\u00eancia jurisprudencial do Princ\u00edpio da Insignific\u00e2ncia nos crimes ambientais<\/span><\/a><\/span><\/p>\n<p><span style=\"font-family: 'book antiqua', palatino;color: #808080\"><a href=\"http:\/\/ufpel.edu.br\/cic\/2012\/anais\/pdf\/SA\/SA_01655.pdf\" target=\"_blank\"><span style=\"color: #808080\">Anais do XXI Congresso de Inicia\u00e7\u00e3o Cient\u00edfica e III Mostra Cient\u00edfica &#8211; CIC 2012, UFPEL, Pelotas\/RS.<\/span><\/a><\/span><\/p>\n<p><span style=\"font-family: 'book antiqua', palatino;color: #808080\"><a href=\"http:\/\/buscatextual.cnpq.br\/buscatextual\/visualizacv.do?id=H9018297\" target=\"_blank\"><span style=\"color: #808080\"><b>Priscila Venzke Mielke<\/b><\/span><\/a><b><\/b><\/span><\/p>\n<p><span style=\"font-family: 'book antiqua', palatino;color: #808080\"><a href=\"http:\/\/imagensdajustica.ufpel.edu.br\/anais\/trabalhos\/GT%2011\/GT%2011-%20MIELKE,%20Priscila%20Venzke.pdf\" target=\"_blank\"><span style=\"color: #808080\">I Semin\u00e1rio Internacional Imagens da Justi\u00e7a, 2012, UFPEL, Pelotas\/RS.<\/span><\/a><\/span><\/p>\n<p><span style=\"font-family: 'book antiqua', palatino;color: #808080\"><a href=\"http:\/\/ufpel.edu.br\/cic\/2012\/anais\/pdf\/SA\/SA_01386.pdf\" target=\"_blank\"><span style=\"color: #808080\">Anais do XXI Congresso de Inicia\u00e7\u00e3o Cient\u00edfica e III Mostra Cient\u00edfica &#8211; CIC 2012, Pelotas\/RS.<\/span><\/a><\/span><\/p>\n<p><span style=\"font-family: 'book antiqua', palatino;color: #808080\"><a href=\"http:\/\/buscatextual.cnpq.br\/buscatextual\/visualizacv.do?id=K4080847E5\" target=\"_blank\"><span style=\"color: #808080\"><strong>Romeu Osvaldo Pacheco<\/strong><\/span><\/a><\/span><\/p>\n<p><span style=\"font-family: 'book antiqua', palatino;color: #808080\">&lt;a href=&quot;http:\/\/ufpel.edu.br\/cic\/2012\/anais\/pdf\/SA\/SA_00532.pdf&quot; t<\/p>\n","protected":false},"excerpt":{"rendered":"<p>\u00a0Ana Maria Oliveira Severiano de Assis \u00a0I Semin\u00e1rio Internacional Imagens da Justi\u00e7a, 2012, UFPEL, Pelotas\/RS. Anais do XXI Congresso de Inicia\u00e7\u00e3o Cient\u00edfica e III Mostra Cient\u00edfica &#8211; CIC 2012, UFPEL, Pelotas\/RS Andr\u00e9 Kabke Bainy Breves apontamentos acerca da teoria da coculpabilidade e sua (poss\u00edvel) aplicabilidade no ordenamento jur\u00eddico p\u00e1trio Justi\u00e7a gratuita e acesso \u00e0 justi\u00e7a: [&hellip;]<\/p>\n","protected":false},"author":97,"featured_media":0,"parent":238,"menu_order":0,"comment_status":"closed","ping_status":"closed","template":"","meta":{"footnotes":""},"class_list":["post-241","page","type-page","status-publish","hentry"],"_links":{"self":[{"href":"https:\/\/wp.ufpel.edu.br\/gip\/wp-json\/wp\/v2\/pages\/241","targetHints":{"allow":["GET"]}}],"collection":[{"href":"https:\/\/wp.ufpel.edu.br\/gip\/wp-json\/wp\/v2\/pages"}],"about":[{"href":"https:\/\/wp.ufpel.edu.br\/gip\/wp-json\/wp\/v2\/types\/page"}],"author":[{"embeddable":true,"href":"https:\/\/wp.ufpel.edu.br\/gip\/wp-json\/wp\/v2\/users\/97"}],"replies":[{"embeddable":true,"href":"https:\/\/wp.ufpel.edu.br\/gip\/wp-json\/wp\/v2\/comments?post=241"}],"version-history":[{"count":24,"href":"https:\/\/wp.ufpel.edu.br\/gip\/wp-json\/wp\/v2\/pages\/241\/revisions"}],"predecessor-version":[{"id":447,"href":"https:\/\/wp.ufpel.edu.br\/gip\/wp-json\/wp\/v2\/pages\/241\/revisions\/447"}],"up":[{"embeddable":true,"href":"https:\/\/wp.ufpel.edu.br\/gip\/wp-json\/wp\/v2\/pages\/238"}],"wp:attachment":[{"href":"https:\/\/wp.ufpel.edu.br\/gip\/wp-json\/wp\/v2\/media?parent=241"}],"curies":[{"name":"wp","href":"https:\/\/api.w.org\/{rel}","templated":true}]}}