{"id":38,"date":"2019-10-22T20:14:23","date_gmt":"2019-10-22T23:14:23","guid":{"rendered":"https:\/\/wp.ufpel.edu.br\/geuam\/?page_id=38"},"modified":"2020-02-02T12:04:55","modified_gmt":"2020-02-02T15:04:55","slug":"disciplinas-relacionadas","status":"publish","type":"page","link":"https:\/\/wp.ufpel.edu.br\/geuam\/disciplinas-relacionadas\/","title":{"rendered":"Disciplinas Relacionadas"},"content":{"rendered":"<h3>Disciplinas Relacionadas<\/h3>\n<p><a href=\"https:\/\/institucional.ufpel.edu.br\/disciplinas\/id\/26723\" target=\"_blank\" rel=\"noopener noreferrer\">Aten\u00e7\u00e3o Farmac\u00eautica I<\/a>;<\/p>\n<p><a href=\"https:\/\/institucional.ufpel.edu.br\/disciplinas\/id\/26491\" target=\"_blank\" rel=\"noopener noreferrer\">Aten\u00e7\u00e3o Farmac\u00eautica II<\/a>;<\/p>\n<p><a href=\"https:\/\/institucional.ufpel.edu.br\/disciplinas\/id\/26529\" target=\"_blank\" rel=\"noopener noreferrer\">Comunica\u00e7\u00e3o em Sa\u00fade<\/a>;<\/p>\n<p><a href=\"https:\/\/institucional.ufpel.edu.br\/disciplinas\/id\/26498\" target=\"_blank\" rel=\"noopener noreferrer\">Farm\u00e1cia Hospitalar<\/a>;<\/p>\n<p><a href=\"https:\/\/institucional.ufpel.edu.br\/disciplinas\/id\/26651\" target=\"_blank\" rel=\"noopener noreferrer\">Farmacognosia I<\/a>;<\/p>\n<p><a href=\"https:\/\/institucional.ufpel.edu.br\/disciplinas\/id\/26476\" target=\"_blank\" rel=\"noopener noreferrer\">Farmacognosia II<\/a>;<\/p>\n<p>Fitoter\u00e1picos e Nutrac\u00eauticos;<\/p>\n<p><a href=\"https:\/\/institucional.ufpel.edu.br\/disciplinas\/id\/26482\" target=\"_blank\" rel=\"noopener noreferrer\">Qu\u00edmica Farmac\u00eautica I<\/a>;<\/p>\n<p><a href=\"https:\/\/institucional.ufpel.edu.br\/disciplinas\/id\/26485\" target=\"_blank\" rel=\"noopener noreferrer\">Qu\u00edmica Farmac\u00eautica II<\/a>.<\/p>\n","protected":false},"excerpt":{"rendered":"<p>Disciplinas Relacionadas Aten\u00e7\u00e3o Farmac\u00eautica I; Aten\u00e7\u00e3o Farmac\u00eautica II; Comunica\u00e7\u00e3o em Sa\u00fade; Farm\u00e1cia Hospitalar; Farmacognosia I; Farmacognosia II; Fitoter\u00e1picos e Nutrac\u00eauticos; Qu\u00edmica Farmac\u00eautica I; Qu\u00edmica Farmac\u00eautica II.<\/p>\n","protected":false},"author":962,"featured_media":0,"parent":0,"menu_order":0,"comment_status":"closed","ping_status":"closed","template":"","meta":{"footnotes":""},"class_list":["post-38","page","type-page","status-publish","hentry"],"_links":{"self":[{"href":"https:\/\/wp.ufpel.edu.br\/geuam\/wp-json\/wp\/v2\/pages\/38","targetHints":{"allow":["GET"]}}],"collection":[{"href":"https:\/\/wp.ufpel.edu.br\/geuam\/wp-json\/wp\/v2\/pages"}],"about":[{"href":"https:\/\/wp.ufpel.edu.br\/geuam\/wp-json\/wp\/v2\/types\/page"}],"author":[{"embeddable":true,"href":"https:\/\/wp.ufpel.edu.br\/geuam\/wp-json\/wp\/v2\/users\/962"}],"replies":[{"embeddable":true,"href":"https:\/\/wp.ufpel.edu.br\/geuam\/wp-json\/wp\/v2\/comments?post=38"}],"version-history":[{"count":6,"href":"https:\/\/wp.ufpel.edu.br\/geuam\/wp-json\/wp\/v2\/pages\/38\/revisions"}],"predecessor-version":[{"id":118,"href":"https:\/\/wp.ufpel.edu.br\/geuam\/wp-json\/wp\/v2\/pages\/38\/revisions\/118"}],"wp:attachment":[{"href":"https:\/\/wp.ufpel.edu.br\/geuam\/wp-json\/wp\/v2\/media?parent=38"}],"curies":[{"name":"wp","href":"https:\/\/api.w.org\/{rel}","templated":true}]}}