{"id":263,"date":"2021-09-15T17:52:00","date_gmt":"2021-09-15T20:52:00","guid":{"rendered":"https:\/\/wp.ufpel.edu.br\/geuam\/?page_id=263"},"modified":"2023-09-24T12:31:08","modified_gmt":"2023-09-24T15:31:08","slug":"videos","status":"publish","type":"page","link":"https:\/\/wp.ufpel.edu.br\/geuam\/videos\/","title":{"rendered":"V\u00eddeos"},"content":{"rendered":"<p>1. Analg\u00e9sicos Opioides<\/p>\n<p>Muito Eficazes contra a dor, mas extremamente aditivos, os analg\u00e9sicos opioides inundaram recentemente o mercado americano. Eles est\u00e3o na origem de uma crise sanit\u00e1ria terr\u00edvel, com 72 000 mortes por overdose somente em 2017. Um casal de idosos ca\u00eddos na rua, sem rea\u00e7\u00e3o; uma menininha chorando diante de sua m\u00e3e que desmaiou durante as compras em um supermercado. V\u00eddeos chocantes e cada vez mais frequentes. Americanos comuns com overdose por causa do v\u00edcio aos analg\u00e9sicos. Tudo come\u00e7a com uma dor nas costas, uma dor cr\u00f4nica ou um reumatismo: seus m\u00e9dicos prescrevem analg\u00e9sicos opioides, medicamentos muito eficazes na analgesia, mas com grande poder de v\u00edcio. M\u00e3es, trabalhadores, aposentados tornam-se totalmente dependentes. Em alguns anos estes comprimidos invadiram o mercado americano e est\u00e3o na origem da maior crise sanit\u00e1ria que o pa\u00eds conheceu com 72 000 mortes somente em 2017.<\/p>\n<p>\u201cEnvoy\u00e9 sp\u00e9cial\u201d traz um document\u00e1rio excepcional em uma parte dos EUA em plena overdose.<\/p>\n<p>Reportagem de Pierre Mon\u00e9gier, Brice Baubit et Emmanuel Lejeune<\/p>\n<p>Tradu\u00e7\u00e3o livre, do texto de apresenta\u00e7\u00e3o assim como legendagem do v\u00eddeo, com o \u00fanico objetivo de discentes lus\u00f3fonos compreenderem o conte\u00fado do document\u00e1rio.<\/p>\n<p><a href=\"https:\/\/drive.google.com\/file\/d\/17GR-1UH63xNhPGKKNzpUGEu_A8Eur9zQ\/view?usp=sharing\">Acesse o v\u00eddeo aqui<\/a>.<\/p>\n<p>&nbsp;<\/p>\n<p>&nbsp;<\/p>\n<p>2. Participa\u00e7\u00e3o em entrevista na RadioCom FM.<\/p>\n<p><a href=\"https:\/\/www.youtube.com\/live\/RpYyh-1XVss?si=bDqJjALV8sIFV_N_&amp;t=3785\">Acesse aqui a entrevista<\/a><\/p>\n<p>&nbsp;<\/p>\n<p>&nbsp;<\/p>\n","protected":false},"excerpt":{"rendered":"<p>1. Analg\u00e9sicos Opioides Muito Eficazes contra a dor, mas extremamente aditivos, os analg\u00e9sicos opioides inundaram recentemente o mercado americano. Eles est\u00e3o na origem de uma crise sanit\u00e1ria terr\u00edvel, com 72 000 mortes por overdose somente em 2017. Um casal de idosos ca\u00eddos na rua, sem rea\u00e7\u00e3o; uma menininha chorando diante de sua m\u00e3e que desmaiou [&hellip;]<\/p>\n","protected":false},"author":962,"featured_media":0,"parent":0,"menu_order":0,"comment_status":"closed","ping_status":"closed","template":"","meta":{"footnotes":""},"class_list":["post-263","page","type-page","status-publish","hentry"],"_links":{"self":[{"href":"https:\/\/wp.ufpel.edu.br\/geuam\/wp-json\/wp\/v2\/pages\/263","targetHints":{"allow":["GET"]}}],"collection":[{"href":"https:\/\/wp.ufpel.edu.br\/geuam\/wp-json\/wp\/v2\/pages"}],"about":[{"href":"https:\/\/wp.ufpel.edu.br\/geuam\/wp-json\/wp\/v2\/types\/page"}],"author":[{"embeddable":true,"href":"https:\/\/wp.ufpel.edu.br\/geuam\/wp-json\/wp\/v2\/users\/962"}],"replies":[{"embeddable":true,"href":"https:\/\/wp.ufpel.edu.br\/geuam\/wp-json\/wp\/v2\/comments?post=263"}],"version-history":[{"count":8,"href":"https:\/\/wp.ufpel.edu.br\/geuam\/wp-json\/wp\/v2\/pages\/263\/revisions"}],"predecessor-version":[{"id":320,"href":"https:\/\/wp.ufpel.edu.br\/geuam\/wp-json\/wp\/v2\/pages\/263\/revisions\/320"}],"wp:attachment":[{"href":"https:\/\/wp.ufpel.edu.br\/geuam\/wp-json\/wp\/v2\/media?parent=263"}],"curies":[{"name":"wp","href":"https:\/\/api.w.org\/{rel}","templated":true}]}}