{"id":122,"date":"2020-02-04T19:02:39","date_gmt":"2020-02-04T22:02:39","guid":{"rendered":"https:\/\/wp.ufpel.edu.br\/geuam\/?page_id=122"},"modified":"2021-11-26T16:00:24","modified_gmt":"2021-11-26T19:00:24","slug":"artigos","status":"publish","type":"page","link":"https:\/\/wp.ufpel.edu.br\/geuam\/artigos\/","title":{"rendered":"Principais Artigos"},"content":{"rendered":"<p>Cervi, S. M.; Martins, R. M.; Britto, R. S.; <strong>Corr\u00eaa, P. M.<\/strong>; <strong>Lencina, C. L.<\/strong> Perfil da judicializa\u00e7\u00e3o de medicamentos antineopl\u00e1sicos do servi\u00e7o de oncologia do Hospital Escola da Universidade Federal de Pelotas. Rev. Contexto &amp; Sa\u00fade, v. 20, n.40, p. 215-225, 2020.<\/p>\n<p><strong>Corr\u00eaa, P.M.<\/strong>; Zuckermann, J.; Fischer, G.B.; Castro, M.S. Immunosuppressive serum levels in allogeneic hematopoietic stem cell transplantation: pharmaceutical care contribution. Pharmacy Practice v.14, p.683 &#8211; 683, 2016.<\/p>\n<p>Castro, M. S.; Fuchs FD; Santos MC; <strong>Maximiliano, P<\/strong>.; Gus, M.; Moreira, L. B. Pharmaceutical care program for patients with uncontrolled hypertension. Report of a double-blind clinical trial with ambulatory blood pressure monitoring.. American Journal of Hypertension, v.19, p.528 &#8211; 533, 2006.<\/p>\n<p><strong>Maximiliano, P.<\/strong>; Fischer, M.I.; Heineck, I. Centro de Informa\u00e7\u00f5es sobre Medicamentos do Rio Grande do Sul (CIM_RS): dois anos de atividades e determina\u00e7\u00e3o da qualidade do servi\u00e7o prestado. Acta Farmaceutica Bonaerense, v.23, p.212 &#8211; 217, 2004.<\/p>\n<p>Oliveira, P.S.; Chaves, V. C.; Soares, M.S.P.; Bona, N.P.; Mendon\u00e7a, L.T.; Carvalho, F.B.; Gutierres, J.M.; Vasconcellos, F.A.; Vizzotto, M.; Vieira, A.; Spanevello, R.M.;\u00a0Reginatto, F.H.;\u00a0<strong>Lencina, C.L.<\/strong>; Stefanello, F.M. Southern Brazilian native fruit shows neurochemical, metabolic and behavioral benefits in an animal model of metabolic syndrome. Metabolic Brain Disease, 2018.<\/p>\n<p>Cardoso, J.D.S; Oliveira, P.S.; Bona, N.P.; Vasconcellos, F.A.; Baldissarelli, J. Vizzotto, M.; Soares, M.S.P.; Ramos, V.P.; Spanevello, R.M.;\u00a0<strong>Lencina, C.L.<\/strong>; Tavares, R.G.; Stefanello, F.M. Antioxidant, antihyperglycemic, and antidyslipidemic effects of Brazilian-native fruit extracts in an animal model of insulin resistance. Redox Report, v. 23, p. 41-46, 2018.<\/p>\n<p>Oliveira, P.S.; Chaves, V. C.; Bona, N.P.; Soares, M.S.P.; Cardoso, J.D.S; Vasconcellos, F.A.; Tavares, R.G.; Vizzotto, M.; Silva, L.M.C.; Grecco, F.B.; Gamaro, G.D.; Spanevello, R.M.;\u00a0<strong>Lencina, C.L.<\/strong>;\u00a0Reginatto, F.H.; Stefanello, F.M. Eugenia uniflora fruit (red type) standardized extract: a potential pharmacological tool to diet-induced metabolic syndrome damage management. Biomedicine and Pharmacotherapy, v. 92, p. 935-941, 2017.<\/p>\n<p>Oliveira, P.S.; Gazal, M.; Flores, N.P.; Zimmer, A.R.; Chaves, V. C.;\u00a0Reginatto, F.H.; Kaster, M.P.; Tavares, R.G.; Spanevello, R.M.;\u00a0<strong>Lencina, C.L.<\/strong>; Stefanello, F.M. Vaccinium virgatum fruit extract as an important adjuvant in biochemical and behavioral alterations observed in animal model of metabolic syndrome. Biomedicine and Pharmacotherapy, v. 88, p. 939-947, 2017.<\/p>\n<p>Debom, G.; Gazal, M.; Soares, M.S.P.; Do Couto, C.A.T.; Mattos, B.;\u00a0<strong>Lencina, C.L.<\/strong>; Kaster, M.P.; Ghisleni, G.C.; Tavares, R.G.;\u00a0Braganhol, E.; Chaves, V. C.;\u00a0Reginatto, F.H.; Stefanello, F.M.; Spanevello, R.M. Preventive effects of blueberry extract on behavioral and biochemical dysfunctions in rats submitted to a model of manic behavior induced by ketamine. Brain Research Bulletin, v 127, p. 260-269, 2016.<\/p>\n<p>Gazal, M.; Kaufmann, F.N.; Acosta, B.A.; Oliveira, P.S.; Valente, M.R.; Ortmann, C.F.; Sturbelle, R.;\u00a0<strong>Lencina, C.L.<\/strong>;\u00a0Stefanello, F.M.;\u00a0Kaster, M.P.;\u00a0Reginatto, F.H.;\u00a0Ghisleni, G.C. Preventive Effect of Cecropia pachystachya Against Ketamine-Induced Manic Behavior and Oxidative Stress in Rats. Neurochemical Research, v. 40, p. 1421-1430, 2015.<\/p>\n<p>Gazal, M.; Valente, M.R.; Acosta, B.A.; Kaufmann, F.N.;\u00a0Braganhol, E.;\u00a0<strong>Lencina, C.L.<\/strong>; Stefanello, F.M.;\u00a0Ghisleni, G.C.;\u00a0Kaster, M.P. Neuroprotective and antioxidant effects of curcumin in a ketamine-induced model of mania in rats. European Journal of Pharmacology, v. 724, p. 132-139, 2014.<\/p>\n<p>Zimmer, K.R.; Blum-Silva, C.H.; Souza, A.L.K.;\u00a0Schuch, M.W.;\u00a0Reginatto, F.H.; Pereira, C.M.P.;\u00a0Macedo, A.J.;\u00a0<strong>Lencina, C.L.<\/strong> The Antibiofilm Effect of Blueberry Fruit Cultivars Against\u00a0Staphylococcus epidermidis\u00a0and\u00a0Pseudomonas aeruginosa. Journal of Medicinal Food, v. 17, p. 324-331, 2014.<\/p>\n<p>Oliveira, S.Q.;\u00a0Kappel, V.D.; Pires, V.S.;\u00a0<strong>Lencina, C.L.<\/strong>; Sonnet, P.; Moreira, J.C.;\u00a0Gosmann, G.\u00a0Evaluation of antioxidant properties by TRAP and TBARS assay of novel phenolic compounds from Baccharis articulata and Baccharis usterii. Natural Product Communications, v. 9, p. 941-942, 2014.<\/p>\n<p>Oliveira, P.S.; Saccon, T.D.; Silva, T.M.; Costa, M.Z.; Dutra, F.S.; Vasconcelos, A.;\u00a0<strong>Lencina, C.L.<\/strong>;\u00a0Stefanello, F.M.;\u00a0Barschak, A.G. Green juice as a protector against reactive species in rats. Nutrici\u00f3n Hospitalaria, v. 28, p. 1407-1412, 2013.<\/p>\n<p><strong>Lencina, C.L.<\/strong>; Cardoso, M.C.; Zancanaro, I.;\u00a0Gosmann, G.; Pires, V.S.; Sonnet, P.; Guillaume, D.;\u00a0Schenkel, E.P. Triterpenes and new saponins from <em>Ilex chamaedryfolia<\/em>: Chemotaxonomic Tool to <em>Ilex<\/em> Species Differentiation. Qu\u00edmica Nova, v. 34, p. 222-225, 2010.<\/p>\n<p>Fleck, J.D.; Kauffmann, C.;\u00a0Spilki, F.;\u00a0<strong>Lencina, C.L.<\/strong>;\u00a0Roehe, P.;\u00a0Gosmann, G. Adjuvant activity of <em>Quillaja brasiliensis<\/em> saponins on the immune responses to bovine herpesvirus type 1 in mice. Vaccine, v. 24, p. 7129-7134, 2006.<\/p>\n","protected":false},"excerpt":{"rendered":"<p>Cervi, S. M.; Martins, R. M.; Britto, R. S.; Corr\u00eaa, P. M.; Lencina, C. L. Perfil da judicializa\u00e7\u00e3o de medicamentos antineopl\u00e1sicos do servi\u00e7o de oncologia do Hospital Escola da Universidade Federal de Pelotas. Rev. Contexto &amp; Sa\u00fade, v. 20, n.40, p. 215-225, 2020. Corr\u00eaa, P.M.; Zuckermann, J.; Fischer, G.B.; Castro, M.S. Immunosuppressive serum levels in [&hellip;]<\/p>\n","protected":false},"author":962,"featured_media":0,"parent":0,"menu_order":0,"comment_status":"closed","ping_status":"closed","template":"","meta":{"footnotes":""},"class_list":["post-122","page","type-page","status-publish","hentry"],"_links":{"self":[{"href":"https:\/\/wp.ufpel.edu.br\/geuam\/wp-json\/wp\/v2\/pages\/122","targetHints":{"allow":["GET"]}}],"collection":[{"href":"https:\/\/wp.ufpel.edu.br\/geuam\/wp-json\/wp\/v2\/pages"}],"about":[{"href":"https:\/\/wp.ufpel.edu.br\/geuam\/wp-json\/wp\/v2\/types\/page"}],"author":[{"embeddable":true,"href":"https:\/\/wp.ufpel.edu.br\/geuam\/wp-json\/wp\/v2\/users\/962"}],"replies":[{"embeddable":true,"href":"https:\/\/wp.ufpel.edu.br\/geuam\/wp-json\/wp\/v2\/comments?post=122"}],"version-history":[{"count":5,"href":"https:\/\/wp.ufpel.edu.br\/geuam\/wp-json\/wp\/v2\/pages\/122\/revisions"}],"predecessor-version":[{"id":279,"href":"https:\/\/wp.ufpel.edu.br\/geuam\/wp-json\/wp\/v2\/pages\/122\/revisions\/279"}],"wp:attachment":[{"href":"https:\/\/wp.ufpel.edu.br\/geuam\/wp-json\/wp\/v2\/media?parent=122"}],"curies":[{"name":"wp","href":"https:\/\/api.w.org\/{rel}","templated":true}]}}