{"id":35,"date":"2025-05-07T22:07:35","date_gmt":"2025-05-08T01:07:35","guid":{"rendered":"https:\/\/wp.ufpel.edu.br\/geteal\/?page_id=35"},"modified":"2025-05-18T17:43:11","modified_gmt":"2025-05-18T20:43:11","slug":"sobre-o-geteal","status":"publish","type":"page","link":"https:\/\/wp.ufpel.edu.br\/geteal\/","title":{"rendered":"Sobre o GETEAL"},"content":{"rendered":"<p style=\"text-align: justify;\">O Grupo de Estudos sobre Tecnologias e Ensino e Aprendizagem de L\u00ednguas (GETEAL), vinculado \u00e0 Universidade Federal de Pelotas (UFPel), constitui um espa\u00e7o de investiga\u00e7\u00e3o e reflex\u00e3o sobre temas pertinentes \u00e0 Lingu\u00edstica Aplicada. Dentre suas linhas de pesquisa, destacam-se quest\u00f5es relacionadas aos processos de ensino e aprendizagem de l\u00ednguas, bem como ao uso de tecnologias, com o intuito de fomentar discuss\u00f5es te\u00f3rico-pr\u00e1ticas nesses dom\u00ednios e subsidiar futuras a\u00e7\u00f5es de pesquisa por parte dos discentes participantes.<\/p>\n<p style=\"text-align: justify;\">O grupo foi fundado e \u00e9 coordenado pela Profa. Dra. Gabriela Bohlmann Duarte, professora adjunta da UFPel, lotada no Centro de Letras e Comunica\u00e7\u00e3o (CLC). Sua atua\u00e7\u00e3o engloba o ensino de l\u00edngua inglesa, al\u00e9m da orienta\u00e7\u00e3o de pesquisas no \u00e2mbito da Inicia\u00e7\u00e3o Cient\u00edfica e do Programa de P\u00f3s-Gradua\u00e7\u00e3o em Letras (PPGL) da mesma institui\u00e7\u00e3o.<\/p>\n<p style=\"text-align: justify;\">O GETEAL integra as iniciativas do Laborat\u00f3rio de Ensino e Aprendizagem de L\u00ednguas Online: Pr\u00e1ticas H\u00edbridas e a Dist\u00e2ncia, tamb\u00e9m sob a coordena\u00e7\u00e3o da Profa. Dra. Gabriela Bohlmann Duarte. Esse laborat\u00f3rio tem como finalidade promover a an\u00e1lise cr\u00edtica de pr\u00e1ticas pedag\u00f3gicas no ensino e aprendizagem de l\u00ednguas em contextos online (h\u00edbridos) e a dist\u00e2ncia. Por meio da elabora\u00e7\u00e3o e implementa\u00e7\u00e3o de cursos e\/ou atividades, busca-se investigar de que modo tais pr\u00e1ticas influenciam os processos educacionais, tanto no que diz respeito aos discentes quanto aos docentes e\/ou tutores envolvidos.<img loading=\"lazy\" decoding=\"async\" class=\"aligncenter wp-image-39 size-medium\" src=\"https:\/\/wp.ufpel.edu.br\/geteal\/files\/2025\/05\/GETEAL-Identidade-Visual_20250408_183902_0012-e1746666726420-395x400.png\" alt=\"\" width=\"395\" height=\"400\" srcset=\"https:\/\/wp.ufpel.edu.br\/geteal\/files\/2025\/05\/GETEAL-Identidade-Visual_20250408_183902_0012-e1746666726420-395x400.png 395w, https:\/\/wp.ufpel.edu.br\/geteal\/files\/2025\/05\/GETEAL-Identidade-Visual_20250408_183902_0012-e1746666726420-768x778.png 768w, https:\/\/wp.ufpel.edu.br\/geteal\/files\/2025\/05\/GETEAL-Identidade-Visual_20250408_183902_0012-e1746666726420-296x300.png 296w, https:\/\/wp.ufpel.edu.br\/geteal\/files\/2025\/05\/GETEAL-Identidade-Visual_20250408_183902_0012-e1746666726420.png 790w\" sizes=\"auto, (max-width: 395px) 100vw, 395px\" \/><\/p>\n<p>&nbsp;<\/p>\n","protected":false},"excerpt":{"rendered":"<p>O Grupo de Estudos sobre Tecnologias e Ensino e Aprendizagem de L\u00ednguas (GETEAL), vinculado \u00e0 Universidade Federal de Pelotas (UFPel), constitui um espa\u00e7o de investiga\u00e7\u00e3o e reflex\u00e3o sobre temas pertinentes \u00e0 Lingu\u00edstica Aplicada. Dentre suas linhas de pesquisa, destacam-se quest\u00f5es relacionadas aos processos de ensino e aprendizagem de l\u00ednguas, bem como ao uso de tecnologias, [&hellip;]<\/p>\n","protected":false},"author":1449,"featured_media":0,"parent":0,"menu_order":0,"comment_status":"closed","ping_status":"closed","template":"","meta":{"footnotes":""},"class_list":["post-35","page","type-page","status-publish","hentry","post"],"_links":{"self":[{"href":"https:\/\/wp.ufpel.edu.br\/geteal\/wp-json\/wp\/v2\/pages\/35","targetHints":{"allow":["GET"]}}],"collection":[{"href":"https:\/\/wp.ufpel.edu.br\/geteal\/wp-json\/wp\/v2\/pages"}],"about":[{"href":"https:\/\/wp.ufpel.edu.br\/geteal\/wp-json\/wp\/v2\/types\/page"}],"author":[{"embeddable":true,"href":"https:\/\/wp.ufpel.edu.br\/geteal\/wp-json\/wp\/v2\/users\/1449"}],"replies":[{"embeddable":true,"href":"https:\/\/wp.ufpel.edu.br\/geteal\/wp-json\/wp\/v2\/comments?post=35"}],"version-history":[{"count":4,"href":"https:\/\/wp.ufpel.edu.br\/geteal\/wp-json\/wp\/v2\/pages\/35\/revisions"}],"predecessor-version":[{"id":94,"href":"https:\/\/wp.ufpel.edu.br\/geteal\/wp-json\/wp\/v2\/pages\/35\/revisions\/94"}],"wp:attachment":[{"href":"https:\/\/wp.ufpel.edu.br\/geteal\/wp-json\/wp\/v2\/media?parent=35"}],"curies":[{"name":"wp","href":"https:\/\/api.w.org\/{rel}","templated":true}]}}

<p style="text-align: justify;">O Grupo de Estudos sobre Tecnologias e Ensino e Aprendizagem de Línguas (GETEAL), vinculado à Universidade Federal de Pelotas (UFPel), constitui um espaço de investigação e reflexão sobre temas pertinentes à Linguística Aplicada. Dentre suas linhas de pesquisa, destacam-se questões relacionadas aos processos de ensino e aprendizagem de línguas, bem como ao uso de tecnologias, com o intuito de fomentar discussões teórico-práticas nesses domínios e subsidiar futuras ações de pesquisa por parte dos discentes participantes.</p>
<p style="text-align: justify;">O grupo foi fundado e é coordenado pela Profa. Dra. Gabriela Bohlmann Duarte, professora adjunta da UFPel, lotada no Centro de Letras e Comunicação (CLC). Sua atuação engloba o ensino de língua inglesa, além da orientação de pesquisas no âmbito da Iniciação Científica e do Programa de Pós-Graduação em Letras (PPGL) da mesma instituição.</p>
<p style="text-align: justify;">O GETEAL integra as iniciativas do Laboratório de Ensino e Aprendizagem de Línguas Online: Práticas Híbridas e a Distância, também sob a coordenação da Profa. Dra. Gabriela Bohlmann Duarte. Esse laboratório tem como finalidade promover a análise crítica de práticas pedagógicas no ensino e aprendizagem de línguas em contextos online (híbridos) e a distância. Por meio da elaboração e implementação de cursos e/ou atividades, busca-se investigar de que modo tais práticas influenciam os processos educacionais, tanto no que diz respeito aos discentes quanto aos docentes e/ou tutores envolvidos.<img loading="lazy" decoding="async" class="aligncenter wp-image-39 size-medium" src="https://wp.ufpel.edu.br/geteal/files/2025/05/GETEAL-Identidade-Visual_20250408_183902_0012-e1746666726420-395x400.png" alt="" width="395" height="400" srcset="https://wp.ufpel.edu.br/geteal/files/2025/05/GETEAL-Identidade-Visual_20250408_183902_0012-e1746666726420-395x400.png 395w, https://wp.ufpel.edu.br/geteal/files/2025/05/GETEAL-Identidade-Visual_20250408_183902_0012-e1746666726420-768x778.png 768w, https://wp.ufpel.edu.br/geteal/files/2025/05/GETEAL-Identidade-Visual_20250408_183902_0012-e1746666726420-296x300.png 296w, https://wp.ufpel.edu.br/geteal/files/2025/05/GETEAL-Identidade-Visual_20250408_183902_0012-e1746666726420.png 790w" sizes="auto, (max-width: 395px) 100vw, 395px" /></p>
<p>&nbsp;</p>

<p>O Grupo de Estudos sobre Tecnologias e Ensino e Aprendizagem de Línguas (GETEAL), vinculado à Universidade Federal de Pelotas (UFPel), constitui um espaço de investigação e reflexão sobre temas pertinentes à Linguística Aplicada. Dentre suas linhas de pesquisa, destacam-se questões relacionadas aos processos de ensino e aprendizagem de línguas, bem como ao uso de tecnologias, [&hellip;]</p>
