{"id":95,"date":"2013-07-01T17:17:52","date_gmt":"2013-07-01T20:17:52","guid":{"rendered":"https:\/\/wp.ufpel.edu.br\/gestaopublica\/?page_id=95"},"modified":"2022-09-27T14:09:40","modified_gmt":"2022-09-27T17:09:40","slug":"projetos-de-ensino-2","status":"publish","type":"page","link":"https:\/\/wp.ufpel.edu.br\/gestaopublica\/projetos-de-ensino-2\/","title":{"rendered":"Projetos de Ensino"},"content":{"rendered":"<hr \/>\n\n<table id=\"tablepress-5\" class=\"tablepress tablepress-id-5\">\n<thead>\n<tr class=\"row-1\">\n\t<th class=\"column-1\">Coordenador<\/th><th class=\"column-2\">T\u00edtulo<\/th><th class=\"column-3\">Resumo <\/th>\n<\/tr>\n<\/thead>\n<tbody class=\"row-striping row-hover\">\n<tr class=\"row-2\">\n\t<td class=\"column-1\">DANIEL LENA MARCHIORI NETO<\/td><td class=\"column-2\"><a href=\"https:\/\/institucional.ufpel.edu.br\/projetos\/id\/u3903\">GEST\u00c3O P\u00daBLICA EM FOCO<\/a><br \/>\n<\/td><td class=\"column-3\">O projeto \"Gest\u00e3o P\u00fablica em Foco\" tem por finalidade a organiza\u00e7\u00e3o de ciclos de palestras e cursos de curta dura\u00e7\u00e3o na \u00e1rea de Gest\u00e3o P\u00fablica. Os eventos ter\u00e3o tem\u00e1ticas relacionadas principalmente com o mercado de trabalho no setor p\u00fablico, \u00e9tica do servidor, Teoria do Estado, Direitos Humanos e Pol\u00edticas P\u00fablicas. Priorizando a participa\u00e7\u00e3o de palestrantes externos \u00e0 universidade, as atividades ter\u00e3o o objetivo de fortalecer o ciclo de ensino-aprendizagem entre profissionais e alunos, atrav\u00e9s de um espa\u00e7o de troca de experi\u00eancias.<\/td>\n<\/tr>\n<tr class=\"row-3\">\n\t<td class=\"column-1\">FRANCINE PINTO DA SILVA JOSEPH<\/td><td class=\"column-2\"><a href=\"https:\/\/institucional.ufpel.edu.br\/projetos\/id\/u5478\">GRUPO DE ESTUDOS SOBRE DIREITOS HUMANOS E POL\u00cdTICAS P\u00daBLICAS<\/a><br \/>\n<\/td><td class=\"column-3\">O Grupo de Estudos sobre Direitos Humanos e Pol\u00edticas P\u00fablicas tem por objetivo promover leituras e debates de textos e pesquisas contempor\u00e2neas relacionadas aos Direitos Humanos e Pol\u00edticas P\u00fablicas, servindo de subs\u00eddios para as disciplinas que tratam dessas tem\u00e1ticas nas grades curriculares e projetos pedag\u00f3gicos do Centro de Ci\u00eancias S\u00f3cio- Organizacionais da Universidade Federal de Pelotas. O referido grupo visa estimular o esp\u00edrito reflexivo e o desempenho dos alunos (as) em rela\u00e7\u00e3o ao arcabou\u00e7o te\u00f3rico e emp\u00edrico que envolvem as tem\u00e1ticas abordadas no projeto.<\/td>\n<\/tr>\n<tr class=\"row-4\">\n\t<td class=\"column-1\">MARI CRISTINA DE FREITAS FAGUNDES<\/td><td class=\"column-2\"><a href=\"http:\/\/<a href=\"https:\/\/institucional.ufpel.edu.br\/projetos\/id\/u5155\">GRUPO DE ESTUDOS SOBRE POL\u00cdTICAS P\u00daBLICAS E DESIGUALDADES<\/a><br \/>\n<\/td><td class=\"column-3\">O grupo de estudos sobre pol\u00edticas p\u00fablicas e desigualdades se dedica a analisar, discutir e compreender como pol\u00edticas p\u00fablicas, em certas circunst\u00e2ncias, podem refor\u00e7ar - e n\u00e3o mitigar - formas de exclus\u00e3o e vulnerabilidades, aprofundando desigualdades sociais j\u00e1 existentes. Sob as lentes da Sociologia Pol\u00edtica, o grupo traz para o debate textos e pesquisas contempor\u00e2neas abordando a complexidade da tem\u00e1tica.<\/td>\n<\/tr>\n<\/tbody>\n<\/table>\n<!-- #tablepress-5 from cache -->\n<p>&nbsp;<\/p>\n<hr \/>\n<p><span style=\"font-size: 18pt;\"><strong>Projetos de Ensino Encerrados\u00a0<\/strong><\/span><\/p>\n<p>Em constru\u00e7\u00e3o.<\/p>\n","protected":false},"excerpt":{"rendered":"<p>&nbsp; Projetos de Ensino Encerrados\u00a0 Em constru\u00e7\u00e3o.<\/p>\n","protected":false},"author":250,"featured_media":0,"parent":0,"menu_order":0,"comment_status":"closed","ping_status":"closed","template":"","meta":{"jetpack_post_was_ever_published":false,"footnotes":""},"class_list":["post-95","page","type-page","status-publish","hentry","nodate","item-wrap"],"jetpack_sharing_enabled":true,"jetpack_shortlink":"https:\/\/wp.me\/P6QO4J-1x","_links":{"self":[{"href":"https:\/\/wp.ufpel.edu.br\/gestaopublica\/wp-json\/wp\/v2\/pages\/95","targetHints":{"allow":["GET"]}}],"collection":[{"href":"https:\/\/wp.ufpel.edu.br\/gestaopublica\/wp-json\/wp\/v2\/pages"}],"about":[{"href":"https:\/\/wp.ufpel.edu.br\/gestaopublica\/wp-json\/wp\/v2\/types\/page"}],"author":[{"embeddable":true,"href":"https:\/\/wp.ufpel.edu.br\/gestaopublica\/wp-json\/wp\/v2\/users\/250"}],"replies":[{"embeddable":true,"href":"https:\/\/wp.ufpel.edu.br\/gestaopublica\/wp-json\/wp\/v2\/comments?post=95"}],"version-history":[{"count":6,"href":"https:\/\/wp.ufpel.edu.br\/gestaopublica\/wp-json\/wp\/v2\/pages\/95\/revisions"}],"predecessor-version":[{"id":2045,"href":"https:\/\/wp.ufpel.edu.br\/gestaopublica\/wp-json\/wp\/v2\/pages\/95\/revisions\/2045"}],"wp:attachment":[{"href":"https:\/\/wp.ufpel.edu.br\/gestaopublica\/wp-json\/wp\/v2\/media?parent=95"}],"curies":[{"name":"wp","href":"https:\/\/api.w.org\/{rel}","templated":true}]}}