{"id":904,"date":"2021-12-02T15:34:33","date_gmt":"2021-12-02T18:34:33","guid":{"rendered":"https:\/\/wp.ufpel.edu.br\/gestaopublica\/?page_id=904"},"modified":"2022-10-04T02:38:43","modified_gmt":"2022-10-04T05:38:43","slug":"procedimentos-para-estagio-no-curso-de-gestao-publica","status":"publish","type":"page","link":"https:\/\/wp.ufpel.edu.br\/gestaopublica\/procedimentos-para-estagio-no-curso-de-gestao-publica\/","title":{"rendered":"Procedimentos para Est\u00e1gio"},"content":{"rendered":"<hr \/>\n<p style=\"text-align: justify;\">Esta se\u00e7\u00e3o \u00e9 destinada para os procedimentos de: (a) Solicita\u00e7\u00e3o de Est\u00e1gio, (b) Renova\u00e7\u00e3o de Est\u00e1gio e (c) Conclus\u00e3o de Est\u00e1gio.<\/p>\n<p><span style=\"font-size: 12pt;\"><strong>Documentos:<br \/>\n<\/strong><br \/>\na) Solicita\u00e7\u00e3o de Est\u00e1gio:<\/span><\/p>\n<ol style=\"text-align: justify;\">\n<li><span style=\"font-size: 12pt;\">Pedido assinado pelo estudante, justificando a realiza\u00e7\u00e3o do est\u00e1gio\u00a0<\/span><\/li>\n<li><span style=\"font-size: 12pt;\">Termo de Est\u00e1gio (incluindo Plano de Atividades) assinado pelo respons\u00e1vel da empresa e tamb\u00e9m pelo estudante\n<p><\/span><\/li>\n<\/ol>\n<p style=\"text-align: justify;\"><span style=\"font-size: 12pt;\">b) Renova\u00e7\u00e3o de Est\u00e1gio:<\/span><\/p>\n<ol style=\"text-align: justify;\">\n<li><span style=\"font-size: 12pt;\">Pedido assinado pelo estudante, justificando a renova\u00e7\u00e3o do est\u00e1gio<\/span><\/li>\n<li><span style=\"font-size: 12pt;\">Termo de Est\u00e1gio (incluindo Plano de Atividades) assinado pelo respons\u00e1vel da empresa e tamb\u00e9m pelo estudante<\/span><\/li>\n<li><span style=\"font-size: 12pt;\">Relat\u00f3rio Parcial de Atividades do Est\u00e1gio, assinado pelo respons\u00e1vel da empresa e tamb\u00e9m pelo estudante.\n<p><\/span><\/li>\n<\/ol>\n<p style=\"text-align: justify;\"><span style=\"font-size: 12pt;\">c) Conclus\u00e3o de Est\u00e1gio:<\/span><\/p>\n<ol style=\"text-align: justify;\">\n<li><span style=\"font-size: 12pt;\">Relat\u00f3rio Final de Atividades do Est\u00e1gio, assinado pelo respons\u00e1vel da empresa e tamb\u00e9m pelo estudante.<\/span><\/li>\n<\/ol>\n<p>&nbsp;<\/p>\n<p style=\"text-align: justify;\"><strong>Procedimentos: <\/strong><\/p>\n<ul style=\"text-align: justify;\">\n<li>Em primeiro lugar, \u00e9 importante estar com o comprovante vacinal contra COVID devidamente atualizado e homologado no Cobalto, sob pena de indeferimento pr\u00e9vio do pedido.<\/li>\n<li>O estudante deve juntar todos os documentos em um \u00fanico arquivo PDF, enviando-o atrav\u00e9s do formul\u00e1rio localizado nesta se\u00e7\u00e3o. O aluno dever\u00e1 preencher o nome completo, n\u00famero de matr\u00edcula, e-mail e assinalar o tipo de solicita\u00e7\u00e3o:\u00a0 (a) Solicita\u00e7\u00e3o de Est\u00e1gio, (b) Renova\u00e7\u00e3o de Est\u00e1gio OU Conclus\u00e3o de Est\u00e1gio.<\/li>\n<li>Ap\u00f3s recebimento da documenta\u00e7\u00e3o completa, \u00a0a Coordena\u00e7\u00e3o do Curso ir\u00e1 avaliar a pertin\u00eancia do est\u00e1gio (adequa\u00e7\u00e3o do plano de atividades com a forma\u00e7\u00e3o acad\u00eamica de gest\u00e3o p\u00fablica, contrata\u00e7\u00e3o de seguro contra acidentes pessoais, jornada m\u00e1xima de 6 horas di\u00e1rias e 30 horas semanais, inexist\u00eancia de conflito de hor\u00e1rio entre o est\u00e1gio e o per\u00edodo de aula, dentre outros). N\u00e3o havendo \u00f3bices, a Coordenar\u00e1 assinar\u00e1 eletronicamente via SEI ou por outro meio digital caso a empresa ofere\u00e7a.<\/li>\n<\/ul>\n<p>&nbsp;<\/p>\n<p style=\"text-align: justify;\"><strong>Importante!!!!<\/strong><\/p>\n<ul style=\"text-align: justify;\">\n<li>Em hip\u00f3tese alguma a Coordena\u00e7\u00e3o analisar\u00e1 pedidos enviados por outros meio que n\u00e3o este formul\u00e1rio ou que n\u00e3o estejam munidos de todos os documentos.<\/li>\n<li>A Coordena\u00e7\u00e3o somente assinar\u00e1 termos de est\u00e1gio\/relat\u00f3rios em meio eletr\u00f4nico. Formul\u00e1rios em papel est\u00e3o definitivamente abolidos.<\/li>\n<li><a href=\"https:\/\/wp.ufpel.edu.br\/gestaopublica\/duvidas-mais-frequentes-sobre-estagio\/\"><strong>D\u00daVIDAS MAIS FREQUENTES SOBRE EST\u00c1GIO<\/strong><\/a><\/li>\n<li><strong>Leu tudo<\/strong> e ainda ficou com d\u00favida? Contatar a coordena\u00e7\u00e3o atrav\u00e9s do e-mail <a href=\"mailto:carolcasali@gmail.com\">carolcasali@gmail.com<\/a>.<\/li>\n<\/ul>\n<p>&nbsp;<\/p>\n<p style=\"text-align: justify;\"><strong><span style=\"font-size: 14pt;\">FORMUL\u00c1RIO DE EST\u00c1GIO<\/span><\/strong><\/p>\n<p style=\"text-align: justify;\">\n<div class=\"wpcf7 no-js\" id=\"wpcf7-f1194-o1\" lang=\"pt-BR\" dir=\"ltr\" data-wpcf7-id=\"1194\">\n<div class=\"screen-reader-response\"><p role=\"status\" aria-live=\"polite\" aria-atomic=\"true\"><\/p> <ul><\/ul><\/div>\n<form action=\"\/gestaopublica\/wp-json\/wp\/v2\/pages\/904#wpcf7-f1194-o1\" method=\"post\" class=\"wpcf7-form init\" aria-label=\"Formul\u00e1rios de contato\" enctype=\"multipart\/form-data\" novalidate=\"novalidate\" data-status=\"init\">\n<fieldset class=\"hidden-fields-container\"><input type=\"hidden\" name=\"_wpcf7\" value=\"1194\" \/><input type=\"hidden\" name=\"_wpcf7_version\" value=\"6.1.4\" \/><input type=\"hidden\" name=\"_wpcf7_locale\" value=\"pt_BR\" \/><input type=\"hidden\" name=\"_wpcf7_unit_tag\" value=\"wpcf7-f1194-o1\" \/><input type=\"hidden\" name=\"_wpcf7_container_post\" value=\"0\" \/><input type=\"hidden\" name=\"_wpcf7_posted_data_hash\" value=\"\" \/>\n<\/fieldset>\n<p><label> Nome Completo<br \/>\n<span class=\"wpcf7-form-control-wrap\" data-name=\"your-name\"><input size=\"40\" maxlength=\"400\" class=\"wpcf7-form-control wpcf7-text wpcf7-validates-as-required\" aria-required=\"true\" aria-invalid=\"false\" value=\"\" type=\"text\" name=\"your-name\" \/><\/span> <\/label>\n<\/p>\n<p><label> N\u00famero de Matr\u00edcula<br \/>\n<span class=\"wpcf7-form-control-wrap\" data-name=\"your-subject\"><input size=\"40\" maxlength=\"400\" class=\"wpcf7-form-control wpcf7-text wpcf7-validates-as-required\" aria-required=\"true\" aria-invalid=\"false\" value=\"\" type=\"text\" name=\"your-subject\" \/><\/span> <\/label>\n<\/p>\n<p><label> E-mail<br \/>\n<span class=\"wpcf7-form-control-wrap\" data-name=\"your-email\"><input size=\"40\" maxlength=\"400\" class=\"wpcf7-form-control wpcf7-email wpcf7-validates-as-required wpcf7-text wpcf7-validates-as-email\" aria-required=\"true\" aria-invalid=\"false\" value=\"\" type=\"email\" name=\"your-email\" \/><\/span> <\/label>\n<\/p>\n<p><span class=\"wpcf7-form-control-wrap\" data-name=\"checkbox-452\"><span class=\"wpcf7-form-control wpcf7-checkbox\"><span class=\"wpcf7-list-item first\"><label><input type=\"checkbox\" name=\"checkbox-452[]\" value=\"Solicita\u00e7\u00e3o de Est\u00e1gio\" \/><span class=\"wpcf7-list-item-label\">Solicita\u00e7\u00e3o de Est\u00e1gio<\/span><\/label><\/span><span class=\"wpcf7-list-item\"><label><input type=\"checkbox\" name=\"checkbox-452[]\" value=\"Renova\u00e7\u00e3o de Est\u00e1gio\" \/><span class=\"wpcf7-list-item-label\">Renova\u00e7\u00e3o de Est\u00e1gio<\/span><\/label><\/span><span class=\"wpcf7-list-item last\"><label><input type=\"checkbox\" name=\"checkbox-452[]\" value=\"Conclus\u00e3o de Est\u00e1gio\" \/><span class=\"wpcf7-list-item-label\">Conclus\u00e3o de Est\u00e1gio<\/span><\/label><\/span><\/span><\/span>\n<\/p>\n<p><label> Sua mensagem (opcional)<br \/>\n<span class=\"wpcf7-form-control-wrap\" data-name=\"your-message\"><textarea cols=\"40\" rows=\"10\" maxlength=\"2000\" class=\"wpcf7-form-control wpcf7-textarea\" aria-invalid=\"false\" name=\"your-message\"><\/textarea><\/span> <\/label>\n<\/p>\n<p><span class=\"wpcf7-form-control-wrap\" data-name=\"file-472\"><input size=\"40\" class=\"wpcf7-form-control wpcf7-file\" accept=\".pdf\" aria-invalid=\"false\" type=\"file\" name=\"file-472\" \/><\/span>\n<\/p>\n<p><input class=\"wpcf7-form-control wpcf7-submit has-spinner\" type=\"submit\" value=\"Enviar\" \/>\n<\/p><p style=\"display: none !important;\" class=\"akismet-fields-container\" data-prefix=\"_wpcf7_ak_\"><label>&#916;<textarea name=\"_wpcf7_ak_hp_textarea\" cols=\"45\" rows=\"8\" maxlength=\"100\"><\/textarea><\/label><input type=\"hidden\" id=\"ak_js_1\" name=\"_wpcf7_ak_js\" value=\"176\"\/><script>document.getElementById( \"ak_js_1\" ).setAttribute( \"value\", ( new Date() ).getTime() );<\/script><\/p><div class=\"wpcf7-response-output\" aria-hidden=\"true\"><\/div>\n<\/form>\n<\/div>\n\n","protected":false},"excerpt":{"rendered":"<p>Esta se\u00e7\u00e3o \u00e9 destinada para os procedimentos de: (a) Solicita\u00e7\u00e3o de Est\u00e1gio, (b) Renova\u00e7\u00e3o de Est\u00e1gio e (c) Conclus\u00e3o de Est\u00e1gio. Documentos: a) Solicita\u00e7\u00e3o de Est\u00e1gio: Pedido assinado pelo estudante, justificando a realiza\u00e7\u00e3o do est\u00e1gio\u00a0 Termo de Est\u00e1gio (incluindo Plano de Atividades) assinado pelo respons\u00e1vel da empresa e tamb\u00e9m pelo estudante b) Renova\u00e7\u00e3o de Est\u00e1gio: &hellip; <\/p>\n<p><a class=\"more-link btn\" href=\"https:\/\/wp.ufpel.edu.br\/gestaopublica\/procedimentos-para-estagio-no-curso-de-gestao-publica\/\">Continue lendo<\/a><\/p>\n","protected":false},"author":250,"featured_media":0,"parent":0,"menu_order":0,"comment_status":"closed","ping_status":"closed","template":"","meta":{"jetpack_post_was_ever_published":false,"footnotes":""},"class_list":["post-904","page","type-page","status-publish","hentry","nodate","item-wrap"],"jetpack_sharing_enabled":false,"jetpack_shortlink":"https:\/\/wp.me\/P6QO4J-eA","_links":{"self":[{"href":"https:\/\/wp.ufpel.edu.br\/gestaopublica\/wp-json\/wp\/v2\/pages\/904","targetHints":{"allow":["GET"]}}],"collection":[{"href":"https:\/\/wp.ufpel.edu.br\/gestaopublica\/wp-json\/wp\/v2\/pages"}],"about":[{"href":"https:\/\/wp.ufpel.edu.br\/gestaopublica\/wp-json\/wp\/v2\/types\/page"}],"author":[{"embeddable":true,"href":"https:\/\/wp.ufpel.edu.br\/gestaopublica\/wp-json\/wp\/v2\/users\/250"}],"replies":[{"embeddable":true,"href":"https:\/\/wp.ufpel.edu.br\/gestaopublica\/wp-json\/wp\/v2\/comments?post=904"}],"version-history":[{"count":52,"href":"https:\/\/wp.ufpel.edu.br\/gestaopublica\/wp-json\/wp\/v2\/pages\/904\/revisions"}],"predecessor-version":[{"id":2103,"href":"https:\/\/wp.ufpel.edu.br\/gestaopublica\/wp-json\/wp\/v2\/pages\/904\/revisions\/2103"}],"wp:attachment":[{"href":"https:\/\/wp.ufpel.edu.br\/gestaopublica\/wp-json\/wp\/v2\/media?parent=904"}],"curies":[{"name":"wp","href":"https:\/\/api.w.org\/{rel}","templated":true}]}}