{"id":1005,"date":"2022-06-02T16:24:44","date_gmt":"2022-06-02T19:24:44","guid":{"rendered":"https:\/\/wp.ufpel.edu.br\/gestaopublica\/?page_id=1005"},"modified":"2022-07-28T11:58:44","modified_gmt":"2022-07-28T14:58:44","slug":"curriculos-antigos","status":"publish","type":"page","link":"https:\/\/wp.ufpel.edu.br\/gestaopublica\/curriculos-antigos\/","title":{"rendered":"Curr\u00edculos Antigos"},"content":{"rendered":"<hr \/>\n<p><strong><span style=\"font-size: 14pt;\">CURR\u00cdCULO 2011<\/span><\/strong><\/p>\n<p><a href=\"https:\/\/wp.ufpel.edu.br\/gestaopublica\/files\/2013\/05\/PPC-Curso-Superior-de-Tecnologia-em-Gest\u00e3o-P\u00fablica-1.pdf\">Projeto Pedag\u00f3gico do Curso (2011)<\/a><\/p>\n<p><a href=\"https:\/\/drive.google.com\/open?id=1IXBMHyea3qKYqXxcSNeOicX9RbQMWQ1b\">Caracteriza\u00e7\u00f5es assinadas (2011)<\/a><\/p>\n","protected":false},"excerpt":{"rendered":"<p>CURR\u00cdCULO 2011 Projeto Pedag\u00f3gico do Curso (2011) Caracteriza\u00e7\u00f5es assinadas (2011)<\/p>\n","protected":false},"author":250,"featured_media":0,"parent":0,"menu_order":0,"comment_status":"closed","ping_status":"closed","template":"","meta":{"jetpack_post_was_ever_published":false,"footnotes":""},"class_list":["post-1005","page","type-page","status-publish","hentry","nodate","item-wrap"],"jetpack_sharing_enabled":false,"jetpack_shortlink":"https:\/\/wp.me\/P6QO4J-gd","_links":{"self":[{"href":"https:\/\/wp.ufpel.edu.br\/gestaopublica\/wp-json\/wp\/v2\/pages\/1005","targetHints":{"allow":["GET"]}}],"collection":[{"href":"https:\/\/wp.ufpel.edu.br\/gestaopublica\/wp-json\/wp\/v2\/pages"}],"about":[{"href":"https:\/\/wp.ufpel.edu.br\/gestaopublica\/wp-json\/wp\/v2\/types\/page"}],"author":[{"embeddable":true,"href":"https:\/\/wp.ufpel.edu.br\/gestaopublica\/wp-json\/wp\/v2\/users\/250"}],"replies":[{"embeddable":true,"href":"https:\/\/wp.ufpel.edu.br\/gestaopublica\/wp-json\/wp\/v2\/comments?post=1005"}],"version-history":[{"count":7,"href":"https:\/\/wp.ufpel.edu.br\/gestaopublica\/wp-json\/wp\/v2\/pages\/1005\/revisions"}],"predecessor-version":[{"id":1220,"href":"https:\/\/wp.ufpel.edu.br\/gestaopublica\/wp-json\/wp\/v2\/pages\/1005\/revisions\/1220"}],"wp:attachment":[{"href":"https:\/\/wp.ufpel.edu.br\/gestaopublica\/wp-json\/wp\/v2\/media?parent=1005"}],"curies":[{"name":"wp","href":"https:\/\/api.w.org\/{rel}","templated":true}]}}