{"id":55,"date":"2020-09-28T16:15:32","date_gmt":"2020-09-28T19:15:32","guid":{"rendered":"https:\/\/wp.ufpel.edu.br\/geseee\/?page_id=55"},"modified":"2025-03-17T07:58:20","modified_gmt":"2025-03-17T10:58:20","slug":"ensino","status":"publish","type":"page","link":"https:\/\/wp.ufpel.edu.br\/geseee\/ensino\/","title":{"rendered":"Ensino"},"content":{"rendered":"<p style=\"text-align: justify;\"><span style=\"font-weight: 400; font-family: helvetica, arial, sans-serif; font-size: 14pt;\"><strong>Gradua\u00e7\u00e3o<\/strong><br \/>\n<\/span><\/p>\n<p style=\"text-align: justify;\"><span style=\"font-weight: 400; font-family: helvetica, arial, sans-serif; font-size: 14pt;\">O GES3E tem atua\u00e7\u00e3o na Gradua\u00e7\u00e3o a partir da orienta\u00e7\u00e3o de alunos em disciplinas de Trabalho Final de Gradua\u00e7\u00e3o, como tamb\u00e9m na cadeira eletiva de Introdu\u00e7\u00e3o \u00e0 Simula\u00e7\u00e3o de Efici\u00eancia Energ\u00e9tica em Edifica\u00e7\u00f5es.<\/span><\/p>\n<p style=\"text-align: justify;\"><span style=\"font-size: 14pt;\"><strong><span style=\"font-family: helvetica, arial, sans-serif;\">P\u00f3s-gradua\u00e7\u00e3o<br \/>\n<\/span><\/strong><\/span><\/p>\n<p style=\"text-align: justify;\"><span style=\"font-weight: 400; font-family: helvetica, arial, sans-serif; font-size: 14pt;\">O GES3E tem atua\u00e7\u00e3o na P\u00f3s-Gradua\u00e7\u00e3o a partir da orienta\u00e7\u00e3o de alunos com trabalhos de mestrado na Linha de Conforto e Sustentabilidade no Ambiente Constru\u00eddo. Al\u00e9m disso, tamb\u00e9m s\u00e3o orientados tamb\u00e9m os alunos das disciplinas de:<\/span><\/p>\n<ul>\n<li style=\"list-style-type: none;\">\n<ul>\n<li style=\"font-weight: 400; text-align: justify;\"><span style=\"font-weight: 400; font-family: helvetica, arial, sans-serif; font-size: 14pt;\">Simula\u00e7\u00e3o de Efici\u00eancia Energ\u00e9tica em Edifica\u00e7\u00f5es;<\/span><\/li>\n<li style=\"font-weight: 400; text-align: justify;\"><span style=\"font-weight: 400; font-family: helvetica, arial, sans-serif; font-size: 14pt;\">T\u00f3picos Avan\u00e7ados de Simula\u00e7\u00e3o de Efici\u00eancia Energ\u00e9tica em Edifica\u00e7\u00f5es;<\/span><\/li>\n<\/ul>\n<\/li>\n<\/ul>\n<p><span style=\"font-size: 14pt;\"><strong><span style=\"font-family: helvetica, arial, sans-serif;\">Outros Projetos<\/span><\/strong><\/span><\/p>\n<div class=\"layout-cell layout-cell-9\">\n<div class=\"layout-cell-pad-5\"><strong><span style=\"font-size: 14pt; font-family: helvetica, arial, sans-serif;\">Projeto de Ensino &#8211; Compila\u00e7\u00e3o e Publica\u00e7\u00e3o de Textos sobre Sustentabilidade do Ambiente Constru\u00eddo<\/span><\/strong><\/div>\n<\/div>\n<div class=\"layout-cell layout-cell-3 text-align-right\">\n<div class=\"layout-cell-pad-5 text-align-right\"><\/div>\n<\/div>\n<div class=\"layout-cell layout-cell-9\">\n<div class=\"layout-cell-pad-5\"><span style=\"font-family: helvetica, arial, sans-serif; font-size: 14pt;\"><strong>Descri\u00e7\u00e3o:<\/strong> Reunir os conhecimentos que ser\u00e3o transmitidos aos alunos no decorrer da disciplina em um \u00fanico livro, de forma a facilitar a aprendizagem contribuindo para uma forma\u00e7\u00e3o qualificada. A intens\u00e3o \u00e9 que seja um livro de f\u00e1cil acesso, com uma abordagem de f\u00e1cil compreens\u00e3o sobre o assunto e contendo ilustra\u00e7\u00f5es, para que possa ser claro e transmita as informa\u00e7\u00f5es de forma did\u00e1tica.<\/span><\/div>\n<div><\/div>\n<div>\n<div class=\"layout-cell layout-cell-12 data-cell\">\n<div class=\"layout-cell layout-cell-9\">\n<div class=\"layout-cell-pad-5\"><span style=\"font-size: 14pt; font-family: helvetica, arial, sans-serif;\"><strong>Integrantes: <\/strong>Eduardo Grala da Cunha &#8211; Coordenador \/ Beatriz Echenique Gioielli &#8211; Integrante.<\/span><\/div>\n<\/div>\n<\/div>\n<\/div>\n<\/div>\n","protected":false},"excerpt":{"rendered":"<p>Gradua\u00e7\u00e3o O GES3E tem atua\u00e7\u00e3o na Gradua\u00e7\u00e3o a partir da orienta\u00e7\u00e3o de alunos em disciplinas de Trabalho Final de Gradua\u00e7\u00e3o, como tamb\u00e9m na cadeira eletiva de Introdu\u00e7\u00e3o \u00e0 Simula\u00e7\u00e3o de Efici\u00eancia Energ\u00e9tica em Edifica\u00e7\u00f5es.&#46;&#46;&#46;<\/p>\n","protected":false},"author":740,"featured_media":0,"parent":0,"menu_order":0,"comment_status":"closed","ping_status":"closed","template":"","meta":{"footnotes":""},"class_list":["post-55","page","type-page","status-publish","hentry"],"_links":{"self":[{"href":"https:\/\/wp.ufpel.edu.br\/geseee\/wp-json\/wp\/v2\/pages\/55","targetHints":{"allow":["GET"]}}],"collection":[{"href":"https:\/\/wp.ufpel.edu.br\/geseee\/wp-json\/wp\/v2\/pages"}],"about":[{"href":"https:\/\/wp.ufpel.edu.br\/geseee\/wp-json\/wp\/v2\/types\/page"}],"author":[{"embeddable":true,"href":"https:\/\/wp.ufpel.edu.br\/geseee\/wp-json\/wp\/v2\/users\/740"}],"replies":[{"embeddable":true,"href":"https:\/\/wp.ufpel.edu.br\/geseee\/wp-json\/wp\/v2\/comments?post=55"}],"version-history":[{"count":7,"href":"https:\/\/wp.ufpel.edu.br\/geseee\/wp-json\/wp\/v2\/pages\/55\/revisions"}],"predecessor-version":[{"id":390,"href":"https:\/\/wp.ufpel.edu.br\/geseee\/wp-json\/wp\/v2\/pages\/55\/revisions\/390"}],"wp:attachment":[{"href":"https:\/\/wp.ufpel.edu.br\/geseee\/wp-json\/wp\/v2\/media?parent=55"}],"curies":[{"name":"wp","href":"https:\/\/api.w.org\/{rel}","templated":true}]}}