{"id":78,"date":"2015-06-22T15:22:46","date_gmt":"2015-06-22T18:22:46","guid":{"rendered":"https:\/\/wp.ufpel.edu.br\/gersonc\/?page_id=78"},"modified":"2015-06-22T15:24:07","modified_gmt":"2015-06-22T18:24:07","slug":"useful-links","status":"publish","type":"page","link":"https:\/\/wp.ufpel.edu.br\/gersonc\/useful-links\/","title":{"rendered":"Links"},"content":{"rendered":"<p><strong>@UFPel<\/strong><\/p>\n<ul>\n<li><a href=\"http:\/\/ava.ufpel.edu.br\/pre\/\" target=\"_blank\">Moodle<\/a> (Portal do Ambiente Virtual de Aprendizado)<\/li>\n<li><a href=\"http:\/\/portal.ufpel.edu.br\/\" target=\"_blank\">UFPel<\/a> (Portal da UFPel)<\/li>\n<li><a href=\"http:\/\/inf.ufpel.edu.br\/ppgc\/\" target=\"_blank\">PPGC<\/a> (P\u00e1gina do Programa de P\u00f3s-Gradua\u00e7\u00e3o em Computa\u00e7\u00e3o (mestrado\/doutorado))<\/li>\n<li><a href=\"http:\/\/inf.ufpel.edu.br\" target=\"_blank\">Computa\u00e7\u00e3o<\/a> (Portal Computa\u00e7\u00e3o\/UFPel)<\/li>\n<li><a href=\"http:\/\/cdtec.ufpel.edu.br\" target=\"_blank\">CDTec<\/a> (Portal Centro de Desenvolvimento Tecnol\u00f3gico)<\/li>\n<\/ul>\n<p><strong>Artigos<\/strong><\/p>\n<ul>\n<li><a href=\"http:\/\/periodicos.capes.gov.br\/\" target=\"_blank\">Portal CAPES<\/a> (Portal de peri\u00f3dicos da CAPES)<\/li>\n<li><a href=\"http:\/\/scholar.google.com\" target=\"_blank\">Google Scholar<\/a> (Pesquisa de artigos)<\/li>\n<li><a href=\"http:\/\/citeseerx.ist.psu.edu\" target=\"_blank\">Citeseer<\/a> (Pesquisa de artigos)<\/li>\n<li><a href=\"http:\/\/qualis.capes.gov.br\" target=\"_blank\">WebQualis<\/a> (Qualis de peri\u00f3dicos)<\/li>\n<li><a href=\"http:\/\/www.capes.gov.br\/images\/stories\/download\/avaliacao\/Comunicado_004_2012_Ciencia_da_Computacao.pdf\" target=\"_blank\">Qualis de Confer\u00eancias <\/a><\/li>\n<\/ul>\n<p><strong>\u00d3rg\u00e3os de fomento<\/strong><\/p>\n<ul>\n<li><a href=\"http:\/\/www.fapergs.rs.gov.br\/\" target=\"_blank\">FAPERGS<\/a><\/li>\n<li><a href=\"http:\/\/www.cnpq.br\" target=\"_blank\">CNPq<\/a><\/li>\n<li><a href=\"http:\/\/capes.gov.br\/\" target=\"_blank\">CAPES<\/a><\/li>\n<li><a href=\"http:\/\/www.finep.gov.br\/\" target=\"_blank\">FINEP<\/a><\/li>\n<\/ul>\n<p><strong>P\u00f3s-Gradua\u00e7\u00e3o (em Computa\u00e7\u00e3o)<\/strong><\/p>\n<ul>\n<li><a href=\"http:\/\/www.capes.gov.br\/component\/content\/article?id=4656:ciencia-da-computacao\" target=\"_blank\">Documento de \u00e1rea (Computa\u00e7\u00e3o)<\/a><\/li>\n<li><a href=\"http:\/\/ubiq.inf.ufpel.edu.br\/coordppgc\/doku.php?id=start\" target=\"_blank\">F\u00f3rum de Coordenadores de P\u00f3s-Gradua\u00e7\u00e3o (Computa\u00e7\u00e3o<\/a><\/li>\n<\/ul>\n","protected":false},"excerpt":{"rendered":"<p>@UFPel Moodle (Portal do Ambiente Virtual de Aprendizado) UFPel (Portal da UFPel) PPGC (P\u00e1gina do Programa de P\u00f3s-Gradua\u00e7\u00e3o em Computa\u00e7\u00e3o (mestrado\/doutorado)) Computa\u00e7\u00e3o (Portal Computa\u00e7\u00e3o\/UFPel) CDTec (Portal Centro de Desenvolvimento Tecnol\u00f3gico) Artigos Portal CAPES (Portal de peri\u00f3dicos da CAPES) Google Scholar (Pesquisa de artigos) Citeseer (Pesquisa de artigos) WebQualis (Qualis de peri\u00f3dicos) Qualis de Confer\u00eancias \u00d3rg\u00e3os [&hellip;]<\/p>\n","protected":false},"author":476,"featured_media":0,"parent":0,"menu_order":4,"comment_status":"closed","ping_status":"closed","template":"page-sem-sidebar.php","meta":{"footnotes":""},"class_list":["post-78","page","type-page","status-publish","hentry"],"_links":{"self":[{"href":"https:\/\/wp.ufpel.edu.br\/gersonc\/wp-json\/wp\/v2\/pages\/78","targetHints":{"allow":["GET"]}}],"collection":[{"href":"https:\/\/wp.ufpel.edu.br\/gersonc\/wp-json\/wp\/v2\/pages"}],"about":[{"href":"https:\/\/wp.ufpel.edu.br\/gersonc\/wp-json\/wp\/v2\/types\/page"}],"author":[{"embeddable":true,"href":"https:\/\/wp.ufpel.edu.br\/gersonc\/wp-json\/wp\/v2\/users\/476"}],"replies":[{"embeddable":true,"href":"https:\/\/wp.ufpel.edu.br\/gersonc\/wp-json\/wp\/v2\/comments?post=78"}],"version-history":[{"count":2,"href":"https:\/\/wp.ufpel.edu.br\/gersonc\/wp-json\/wp\/v2\/pages\/78\/revisions"}],"predecessor-version":[{"id":80,"href":"https:\/\/wp.ufpel.edu.br\/gersonc\/wp-json\/wp\/v2\/pages\/78\/revisions\/80"}],"wp:attachment":[{"href":"https:\/\/wp.ufpel.edu.br\/gersonc\/wp-json\/wp\/v2\/media?parent=78"}],"curies":[{"name":"wp","href":"https:\/\/api.w.org\/{rel}","templated":true}]}}