{"id":47,"date":"2015-04-10T09:35:17","date_gmt":"2015-04-10T12:35:17","guid":{"rendered":"https:\/\/wp.ufpel.edu.br\/gersonc\/?page_id=47"},"modified":"2020-01-09T09:24:48","modified_gmt":"2020-01-09T12:24:48","slug":"students","status":"publish","type":"page","link":"https:\/\/wp.ufpel.edu.br\/gersonc\/research-proposals\/students\/","title":{"rendered":"Students"},"content":{"rendered":"<p><em>(I miss you? I&#8217;m sorry&#8230; Fortunately, you don&#8217;t miss me! Drop me an email!)<\/em><\/p>\n<p><strong>PhD students:<\/strong><\/p>\n<ul>\n<li><strong>Edevaldo Braga dos Santos (Parallel Programming\/Multithreading)<\/strong><\/li>\n<li><strong><span class=\"st\">Andr\u00e9 Desessards Jardim<\/span>\u00a0(Parallel Programming\/Transactional Memories)<\/strong><\/li>\n<li><strong>Maicon An\u00e7a dos Santos (Scheduling and Grid\/Cloud Computing)<\/strong><\/li>\n<li><strong>Daniel Di Domenico (Parallel Programming\/Programming Interfaces)<\/strong><\/li>\n<\/ul>\n<p><strong>Master students:<\/strong><\/p>\n<ul>\n<li><strong>Murilo <span class=\"st\">Schmalfuss<\/span> (Parallel Programing\/Programming Interfaces)<\/strong><\/li>\n<li><strong>Alessander Os\u00f3rio (Performance Evaluation\/Scientific Method)<\/strong><\/li>\n<li>Maicon An\u00e7a dos Santos* (Scheduling and Grid\/Cloud Computing)<\/li>\n<li>Fernando Angelin* (Scheduling and Grid\/Cloud Computing)<\/li>\n<li>Deives Mesquita Kist* (Skeletons for parallel processing)<\/li>\n<li>Rodolfo Migon Favaretto* (Scheduling on NUMA processors)<\/li>\n<li>C\u00edcero Augusto de Souza Camargo* (List scheduling algorithms on dynamic programs)<\/li>\n<li>Daniela Saccol Peranconi* (Distributed processing)<\/li>\n<li>Dario Fernandes Franz* (Mobile computing)<\/li>\n<li>Marcelo Augusto Cardozo J\u00fanior* (High performance runtime environment)<\/li>\n<\/ul>\n<p><small>* Former student.<\/small><\/p>\n<p><strong>Undergraduate students:<\/strong><\/p>\n<ul>\n<li><strong>Guilherme de Souza da Silva (IC)<\/strong><\/li>\n<li><strong>Henry Pereira (IC)<\/strong><\/li>\n<li><strong>Gregory de Britto Sedrez (IC)<\/strong><\/li>\n<li>Alana <span class=\"st\">Schwendler*<\/span><\/li>\n<li>Heitor Almeida*<\/li>\n<li>Lucas Eduardo Bretana*<\/li>\n<li>Rodrigo Vieira Falc\u00e3o*<\/li>\n<li>Vitor Plentz*<\/li>\n<li>Victor Renan Covalski Junes*<\/li>\n<li>Alan Schlindvein de Araujo*<\/li>\n<li>Alessandro Pereira Rodrigues*<\/li>\n<li>Alex Sandro Garz\u00e3o*<\/li>\n<li>Alexandre Costa*<\/li>\n<li>Andr\u00e9a Pontes e Silva*<\/li>\n<li>Arlon Zimmer da Cunha*<\/li>\n<li>Bruno Giacobo Pinto*<\/li>\n<li>Carlos Eduardo Souza Moreira*<\/li>\n<li>C\u00e9sar Henrique Vortmann*<\/li>\n<li>C\u00edcero Augusto de Souza Camargo*<\/li>\n<li>Cleber Roberto Milani*<\/li>\n<li>Cristian Casta\u00f1eda*<\/li>\n<li>Deives Mesquita Kist*<\/li>\n<li>Douglas Eduardo Rosa*<\/li>\n<li>Eduardo Moschetta*<\/li>\n<li>\u00c9lvio Ant\u00f4nio Vi\u00e7osa Junior*<\/li>\n<li>Epifanio Dinis Benitez*<\/li>\n<li>Erick Espindula*<\/li>\n<li>Evandro Clivatti Dall Agnol*<\/li>\n<li>Fernando Angelin*<\/li>\n<li>Guilherme Porto Britto Cousin<\/li>\n<li>Israel Silva Barbar\u00e1*<\/li>\n<li>Juan Rios*<\/li>\n<li>Julia Kr\u00fcger Vieira*<\/li>\n<li>Leonardo Lobo*<\/li>\n<li>Liliane Lino Jeziorski*<\/li>\n<li>Lucas Adams Seewald*<\/li>\n<li>Lucas Correia Villa Real*<\/li>\n<li>Lucas Garcia Nachtigall*<\/li>\n<li>Lucas Mendon\u00e7a de Souza Xavier<\/li>\n<li>Luisa Dal Molin*<\/li>\n<li>Luiza Beltrame*<\/li>\n<li>Maximiliano Della Porta*<\/li>\n<li>Pablo Kila*<\/li>\n<li>Rebeca Einhardt Fiss*<\/li>\n<li>Reginaldo Porto*<\/li>\n<li>Rodrigo Bazo*<\/li>\n<li>Sergio Gomes de Freitas*<\/li>\n<li>Tiago Sant Anna da Silva*<\/li>\n<li>Victor Avila Ratuchenei*<\/li>\n<\/ul>\n<p><small>* Former student.<\/small><\/p>\n","protected":false},"excerpt":{"rendered":"<p>(I miss you? I&#8217;m sorry&#8230; Fortunately, you don&#8217;t miss me! Drop me an email!) PhD students: Edevaldo Braga dos Santos (Parallel Programming\/Multithreading) Andr\u00e9 Desessards Jardim\u00a0(Parallel Programming\/Transactional Memories) Maicon An\u00e7a dos Santos (Scheduling and Grid\/Cloud Computing) Daniel Di Domenico (Parallel Programming\/Programming Interfaces) Master students: Murilo Schmalfuss (Parallel Programing\/Programming Interfaces) Alessander Os\u00f3rio (Performance Evaluation\/Scientific Method) Maicon An\u00e7a [&hellip;]<\/p>\n","protected":false},"author":476,"featured_media":0,"parent":33,"menu_order":0,"comment_status":"closed","ping_status":"closed","template":"page-sem-sidebar.php","meta":{"footnotes":""},"class_list":["post-47","page","type-page","status-publish","hentry"],"_links":{"self":[{"href":"https:\/\/wp.ufpel.edu.br\/gersonc\/wp-json\/wp\/v2\/pages\/47","targetHints":{"allow":["GET"]}}],"collection":[{"href":"https:\/\/wp.ufpel.edu.br\/gersonc\/wp-json\/wp\/v2\/pages"}],"about":[{"href":"https:\/\/wp.ufpel.edu.br\/gersonc\/wp-json\/wp\/v2\/types\/page"}],"author":[{"embeddable":true,"href":"https:\/\/wp.ufpel.edu.br\/gersonc\/wp-json\/wp\/v2\/users\/476"}],"replies":[{"embeddable":true,"href":"https:\/\/wp.ufpel.edu.br\/gersonc\/wp-json\/wp\/v2\/comments?post=47"}],"version-history":[{"count":8,"href":"https:\/\/wp.ufpel.edu.br\/gersonc\/wp-json\/wp\/v2\/pages\/47\/revisions"}],"predecessor-version":[{"id":131,"href":"https:\/\/wp.ufpel.edu.br\/gersonc\/wp-json\/wp\/v2\/pages\/47\/revisions\/131"}],"up":[{"embeddable":true,"href":"https:\/\/wp.ufpel.edu.br\/gersonc\/wp-json\/wp\/v2\/pages\/33"}],"wp:attachment":[{"href":"https:\/\/wp.ufpel.edu.br\/gersonc\/wp-json\/wp\/v2\/media?parent=47"}],"curies":[{"name":"wp","href":"https:\/\/api.w.org\/{rel}","templated":true}]}}