{"id":169,"date":"2025-12-16T15:55:54","date_gmt":"2025-12-16T18:55:54","guid":{"rendered":"https:\/\/wp.ufpel.edu.br\/gersonc\/?page_id=169"},"modified":"2025-12-16T15:55:54","modified_gmt":"2025-12-16T18:55:54","slug":"artistas-mulheres","status":"publish","type":"page","link":"https:\/\/wp.ufpel.edu.br\/gersonc\/projetos-ativos\/artistas-mulheres\/","title":{"rendered":"Artistas Mulheres"},"content":{"rendered":"<h1 data-start=\"315\" data-end=\"358\">Mem\u00f3ria e Identidade de Artistas Mulheres<\/h1>\n<p data-start=\"360\" data-end=\"756\">Este projeto investiga a trajet\u00f3ria, a produ\u00e7\u00e3o art\u00edstica e as mem\u00f3rias de mulheres artistas que passaram pela antiga <strong data-start=\"478\" data-end=\"514\">Escola de Belas Artes de Pelotas<\/strong>, institui\u00e7\u00e3o criada em 1949 e incorporada \u00e0 UFPel em 1973. Embora as mulheres tenham sido maioria entre os estudantes da escola, sua presen\u00e7a foi historicamente invisibilizada em narrativas art\u00edsticas marcadas por uma tradi\u00e7\u00e3o androc\u00eantrica.<\/p>\n<p data-start=\"758\" data-end=\"1024\">A pesquisa busca enfrentar esse apagamento por meio da constru\u00e7\u00e3o de um corpo documental que recupere hist\u00f3rias de vida, po\u00e9ticas art\u00edsticas e obras dessas artistas, contribuindo para uma leitura mais diversa e cr\u00edtica da hist\u00f3ria da arte local, regional e nacional.<\/p>\n<hr data-start=\"1026\" data-end=\"1029\" \/>\n<h2 data-start=\"1031\" data-end=\"1064\">Bloco em colunas (lado a lado)<\/h2>\n<p data-start=\"1090\" data-end=\"1100\"><strong data-start=\"1090\" data-end=\"1100\">Resumo<\/strong><\/p>\n<p data-start=\"1102\" data-end=\"1672\">O projeto tem como objetivo construir conhecimento e dar visibilidade \u00e0s mulheres artistas vinculadas \u00e0 antiga Escola de Belas Artes de Pelotas, por meio da investiga\u00e7\u00e3o de acervos documentais e da coleta de mem\u00f3rias de express\u00e3o oral das pr\u00f3prias artistas e de seus familiares. Ao registrar trajet\u00f3rias, obras e experi\u00eancias historicamente negligenciadas, a pesquisa busca contribuir para a revis\u00e3o cr\u00edtica da hist\u00f3ria da arte, oferecendo fontes documentais \u00e0 comunidade acad\u00eamica e \u00e0 sociedade, e evidenciando os impactos do apagamento de g\u00eanero na produ\u00e7\u00e3o art\u00edstica.<\/p>\n<h3 data-start=\"1679\" data-end=\"1700\"><\/h3>\n<p data-start=\"1702\" data-end=\"1727\"><strong data-start=\"1702\" data-end=\"1727\">Atividades do projeto<\/strong><\/p>\n<p data-start=\"1729\" data-end=\"1772\"> <strong data-start=\"1732\" data-end=\"1748\">Pesquisa (P)<\/strong><br data-start=\"1748\" data-end=\"1751\" \/> <strong data-start=\"1754\" data-end=\"1770\">Extens\u00e3o (X)<\/strong><\/p>\n<hr data-start=\"1774\" data-end=\"1777\" \/>\n<h2 data-start=\"1779\" data-end=\"1804\">Abordagem metodol\u00f3gica<\/h2>\n<p data-start=\"1806\" data-end=\"2111\">A pesquisa adota a <strong data-start=\"1825\" data-end=\"1850\">Hist\u00f3ria Oral de Vida<\/strong> como eixo metodol\u00f3gico, articulando depoimentos, documentos de arquivo e an\u00e1lise de obras. O trabalho envolve a identifica\u00e7\u00e3o das artistas, o registro de suas mem\u00f3rias e a forma\u00e7\u00e3o de um <strong data-start=\"2038\" data-end=\"2056\">acervo digital<\/strong>, ampliando o acesso p\u00fablico \u00e0s informa\u00e7\u00f5es produzidas.<\/p>\n<p data-start=\"2113\" data-end=\"2324\">As a\u00e7\u00f5es de extens\u00e3o associadas ao projeto incluem a difus\u00e3o dos resultados por meio de publica\u00e7\u00f5es, produtos digitais, registros audiovisuais e iniciativas voltadas \u00e0 valoriza\u00e7\u00e3o da produ\u00e7\u00e3o art\u00edstica feminina.<\/p>\n<h2 data-start=\"2326\" data-end=\"2355\">Impacto acad\u00eamico e social<\/h2>\n<p data-start=\"2357\" data-end=\"2771\">Al\u00e9m de sua relev\u00e2ncia cient\u00edfica, o projeto possui forte impacto cultural e social ao contribuir para a preserva\u00e7\u00e3o da mem\u00f3ria, a valoriza\u00e7\u00e3o do patrim\u00f4nio art\u00edstico e a amplia\u00e7\u00e3o do acesso p\u00fablico a narrativas historicamente silenciadas. O projeto tamb\u00e9m est\u00e1 diretamente articulado \u00e0 forma\u00e7\u00e3o de estudantes de gradua\u00e7\u00e3o e p\u00f3s-gradua\u00e7\u00e3o, integrando pesquisa, extens\u00e3o e produ\u00e7\u00e3o de conhecimento interdisciplinar.<\/p>\n","protected":false},"excerpt":{"rendered":"<p>Mem\u00f3ria e Identidade de Artistas Mulheres Este projeto investiga a trajet\u00f3ria, a produ\u00e7\u00e3o art\u00edstica e as mem\u00f3rias de mulheres artistas que passaram pela antiga Escola de Belas Artes de Pelotas, institui\u00e7\u00e3o criada em 1949 e incorporada \u00e0 UFPel em 1973. Embora as mulheres tenham sido maioria entre os estudantes da escola, sua presen\u00e7a foi historicamente [&hellip;]<\/p>\n","protected":false},"author":476,"featured_media":0,"parent":158,"menu_order":0,"comment_status":"closed","ping_status":"closed","template":"","meta":{"footnotes":""},"class_list":["post-169","page","type-page","status-publish","hentry"],"_links":{"self":[{"href":"https:\/\/wp.ufpel.edu.br\/gersonc\/wp-json\/wp\/v2\/pages\/169","targetHints":{"allow":["GET"]}}],"collection":[{"href":"https:\/\/wp.ufpel.edu.br\/gersonc\/wp-json\/wp\/v2\/pages"}],"about":[{"href":"https:\/\/wp.ufpel.edu.br\/gersonc\/wp-json\/wp\/v2\/types\/page"}],"author":[{"embeddable":true,"href":"https:\/\/wp.ufpel.edu.br\/gersonc\/wp-json\/wp\/v2\/users\/476"}],"replies":[{"embeddable":true,"href":"https:\/\/wp.ufpel.edu.br\/gersonc\/wp-json\/wp\/v2\/comments?post=169"}],"version-history":[{"count":1,"href":"https:\/\/wp.ufpel.edu.br\/gersonc\/wp-json\/wp\/v2\/pages\/169\/revisions"}],"predecessor-version":[{"id":171,"href":"https:\/\/wp.ufpel.edu.br\/gersonc\/wp-json\/wp\/v2\/pages\/169\/revisions\/171"}],"up":[{"embeddable":true,"href":"https:\/\/wp.ufpel.edu.br\/gersonc\/wp-json\/wp\/v2\/pages\/158"}],"wp:attachment":[{"href":"https:\/\/wp.ufpel.edu.br\/gersonc\/wp-json\/wp\/v2\/media?parent=169"}],"curies":[{"name":"wp","href":"https:\/\/api.w.org\/{rel}","templated":true}]}}