{"id":8,"date":"2024-09-10T14:19:37","date_gmt":"2024-09-10T17:19:37","guid":{"rendered":"https:\/\/wp.ufpel.edu.br\/gepesc\/?page_id=8"},"modified":"2025-02-27T22:53:40","modified_gmt":"2025-02-28T01:53:40","slug":"equipe","status":"publish","type":"page","link":"https:\/\/wp.ufpel.edu.br\/gepesc\/institucional\/equipe\/","title":{"rendered":"Equipe"},"content":{"rendered":"<style>.wp-block-kadence-advancedheading.kt-adv-heading8_a177ec-6a, .wp-block-kadence-advancedheading.kt-adv-heading8_a177ec-6a[data-kb-block=\"kb-adv-heading8_a177ec-6a\"]{font-style:normal;}.wp-block-kadence-advancedheading.kt-adv-heading8_a177ec-6a mark.kt-highlight, .wp-block-kadence-advancedheading.kt-adv-heading8_a177ec-6a[data-kb-block=\"kb-adv-heading8_a177ec-6a\"] mark.kt-highlight{font-style:normal;color:#f76a0c;-webkit-box-decoration-break:clone;box-decoration-break:clone;padding-top:0px;padding-right:0px;padding-bottom:0px;padding-left:0px;}.wp-block-kadence-advancedheading.kt-adv-heading8_a177ec-6a img.kb-inline-image, .wp-block-kadence-advancedheading.kt-adv-heading8_a177ec-6a[data-kb-block=\"kb-adv-heading8_a177ec-6a\"] img.kb-inline-image{width:150px;vertical-align:baseline;}<\/style>\n<h2 class=\"kt-adv-heading8_a177ec-6a wp-block-kadence-advancedheading\" data-kb-block=\"kb-adv-heading8_a177ec-6a\"><strong>Servidores<\/strong><\/h2>\n\n\n\n<html lang=\"en\">\n    <meta charset=\"UTF-8\">\n    <meta name=\"viewport\" content=\"width=device-width, initial-scale=1.0\">\n    <title>Perfis<\/title>\n    <style>\n        body {\n            margin: 0;\n            padding: 0;\n            background-color: #f0f0f0;\n\n        .profile-container {\n            display: flex; \n            gap: 20px; \n            padding: 20px;\n            justify-content: center;\n            flex-wrap: wrap; \n        }\n\n        .profile-card {\n            flex: 1;\n            min-width: 200px; \n            max-width: 300px; \n            background-color: #007BFF; \n            padding: 20px;\n            border-radius: 10px;\n            color: white;\n            display: flex; \n            align-items: center;\n        }\n\n        .profile-photo {\n            width: 80px; \n            height: 80px;\n            border-radius: 50%; \n            margin-right: 10px;\n            object-fit: cover;\n        }\n\n        .profile-info {\n            display: flex;\n            flex-direction: column;\n        }\n\n        .profile-name {\n            font-size: 18px; \n            font-weight: bold; \n        }\n\n        .profile-email {\n            font-size: 14px;\n            color: #D9E8FF;\n        }\n    <\/style>\n    <div class=\"profile-container\">\n        <div class=\"profile-card\">\n            <img src=\"https:\/\/wp.ufpel.edu.br\/gepesc\/files\/2024\/10\/servletrecuperafoto-0000.jpg\" class=\"profile-photo\">\n            <div class=\"profile-info\">\n                <div class=\"profile-name\">Brenda Salenave<\/div>\n                <div class=\"profile-email\">Centro de Desenvolvimento Tecnol\u00f3gico &#8211; CDTec<\/div>\n            <\/div>\n        <\/div>\n    <\/div>\n<\/html>\n\n\n<style>.wp-block-kadence-advancedheading.kt-adv-heading8_70e5dc-97, .wp-block-kadence-advancedheading.kt-adv-heading8_70e5dc-97[data-kb-block=\"kb-adv-heading8_70e5dc-97\"]{font-style:normal;}.wp-block-kadence-advancedheading.kt-adv-heading8_70e5dc-97 mark.kt-highlight, .wp-block-kadence-advancedheading.kt-adv-heading8_70e5dc-97[data-kb-block=\"kb-adv-heading8_70e5dc-97\"] mark.kt-highlight{font-style:normal;color:#f76a0c;-webkit-box-decoration-break:clone;box-decoration-break:clone;padding-top:0px;padding-right:0px;padding-bottom:0px;padding-left:0px;}.wp-block-kadence-advancedheading.kt-adv-heading8_70e5dc-97 img.kb-inline-image, .wp-block-kadence-advancedheading.kt-adv-heading8_70e5dc-97[data-kb-block=\"kb-adv-heading8_70e5dc-97\"] img.kb-inline-image{width:150px;vertical-align:baseline;}<\/style>\n<h2 class=\"kt-adv-heading8_70e5dc-97 wp-block-kadence-advancedheading\" data-kb-block=\"kb-adv-heading8_70e5dc-97\">Estudantes<\/h2>\n\n\n\n<html lang=\"en\">\n    <meta charset=\"UTF-8\">\n    <meta name=\"viewport\" content=\"width=device-width, initial-scale=1.0\">\n    <title>Perfis<\/title>\n    <style>\n        body {\n            margin: 0;\n            padding: 0;\n            background-color: #f0f0f0;\n\n        .profile-container {\n            display: flex; \n            gap: 20px; \n            padding: 20px;\n            justify-content: center;\n            flex-wrap: wrap; \n        }\n\n        .profile-card {\n            flex: 1;\n            min-width: 200px; \n            max-width: 300px; \n            background-color: #007BFF; \n            padding: 20px;\n            border-radius: 10px;\n            color: white;\n            display: flex; \n            align-items: center;\n        }\n\n        .profile-photo {\n            width: 80px; \n            height: 80px;\n            border-radius: 50%; \n            margin-right: 10px;\n            object-fit: cover;\n        }\n\n        .profile-info {\n            display: flex;\n            flex-direction: column;\n        }\n\n        .profile-name {\n            font-size: 18px; \n            font-weight: bold; \n        }\n\n        .profile-email {\n            font-size: 14px;\n            color: #D9E8FF;\n        }\n    <\/style>\n    <div class=\"profile-container\">\n        <div class=\"profile-card\">\n            <img src=\"https:\/\/wp.ufpel.edu.br\/gepesc\/files\/2024\/10\/user.png\" class=\"profile-photo\">\n            <div class=\"profile-info\">\n                <div class=\"profile-name\">Bruno Bender<\/div>\n                <div class=\"profile-email\">Design Gr\u00e1fico<\/div>\n            <\/div>\n        <\/div>\n\n        \n        <div class=\"profile-card\">\n            <img src=\"https:\/\/wp.ufpel.edu.br\/gepesc\/files\/2024\/10\/20240808_104251_perfil.jpg\" class=\"profile-photo\">\n            <div class=\"profile-info\">\n                <div class=\"profile-name\">Charllynson Carvalho<\/div>\n                <div class=\"profile-email\">Ci\u00eancia da Computa\u00e7\u00e3o<\/div>\n            <\/div>\n        <\/div>\n\n\n\n        <div class=\"profile-card\">\n            <img src=\"https:\/\/wp.ufpel.edu.br\/gepesc\/files\/2024\/10\/1718251366751.jpeg\" class=\"profile-photo\">\n            <div class=\"profile-info\">\n                <div class=\"profile-name\">Fernanda Petiz<\/div>\n                <div class=\"profile-email\">Ci\u00eancia da Computa\u00e7\u00e3o<\/div>\n            <\/div>\n        <\/div>\n\n        <div class=\"profile-card\">\n            <img src=\"https:\/\/wp.ufpel.edu.br\/gepesc\/files\/2024\/10\/user.png\" class=\"profile-photo\">\n            <div class=\"profile-info\">\n                <div class=\"profile-name\">Fernanda Polga<\/div>\n                <div class=\"profile-email\">Engenharia de Computa\u00e7\u00e3o<\/div>\n            <\/div>\n        <\/div>\n\n        <div class=\"profile-card\">\n            <img src=\"https:\/\/wp.ufpel.edu.br\/gepesc\/files\/2024\/10\/434529802_642051391404621_6446764342342612636_n.jpg\" class=\"profile-photo\">\n            <div class=\"profile-info\">\n                <div class=\"profile-name\">Franklin Oliveira<\/div>\n                <div class=\"profile-email\">Ci\u00eancia da Computa\u00e7\u00e3o<\/div>\n            <\/div>\n        <\/div>\n\n        <div class=\"profile-card\">\n            <img src=\"https:\/\/wp.ufpel.edu.br\/gepesc\/files\/2024\/10\/Captura-de-tela-2024-10-19-211654.png\" class=\"profile-photo\">\n            <div class=\"profile-info\">\n                <div class=\"profile-name\">Gabriel Kuster<\/div>\n                <div class=\"profile-email\">Engenharia de Computa\u00e7\u00e3o<\/div>\n            <\/div>\n        <\/div>\n\n        \n        <div class=\"profile-card\">\n            <img src=\"https:\/\/wp.ufpel.edu.br\/gepesc\/files\/2024\/10\/T07L51DQXML-U07PZGU6MD2-d262a7839ed0-512.jpeg\" class=\"profile-photo\">\n            <div class=\"profile-info\">\n                <div class=\"profile-name\">Jo\u00e3o Vitor Laimer<\/div>\n                <div class=\"profile-email\">Ci\u00eancia da Computa\u00e7\u00e3o<\/div>\n            <\/div>\n        <\/div>\n\n        <div class=\"profile-card\">\n            <img src=\"https:\/\/wp.ufpel.edu.br\/gepesc\/files\/2024\/10\/user.png\" class=\"profile-photo\">\n            <div class=\"profile-info\">\n                <div class=\"profile-name\">Kevin Ferreira<\/div>\n                <div class=\"profile-email\">Engenharia de Computa\u00e7\u00e3o<\/div>\n            <\/div>\n        <\/div>\n\n        <div class=\"profile-card\">\n            <img src=\"https:\/\/wp.ufpel.edu.br\/gepesc\/files\/2024\/10\/328853039_1843573449357469_1611763222279606836_n.jpg.jpg\" class=\"profile-photo\">\n            <div class=\"profile-info\">\n                <div class=\"profile-name\">L\u00edliti Goulart<\/div>\n                <div class=\"profile-email\">Jornalismo<\/div>\n            <\/div>\n        <\/div>\n\n        <div class=\"profile-card\">\n            <img src=\"https:\/\/wp.ufpel.edu.br\/gepesc\/files\/2024\/10\/user.png\" class=\"profile-photo\">\n            <div class=\"profile-info\">\n                <div class=\"profile-name\">Lucas Chaves<\/div>\n                <div class=\"profile-email\">Engenharia de Computa\u00e7\u00e3o<\/div>\n            <\/div>\n        <\/div>\n\n        <div class=\"profile-card\">\n            <img src=\"https:\/\/wp.ufpel.edu.br\/gepesc\/files\/2024\/10\/user.png\" class=\"profile-photo\">\n            <div class=\"profile-info\">\n                <div class=\"profile-name\">Luiz Kolosque<\/div>\n                <div class=\"profile-email\">Engenharia de Computa\u00e7\u00e3o<\/div>\n            <\/div>\n        <\/div>\n    <\/div>\n<\/html>\n","protected":false},"excerpt":{"rendered":"<p>Servidores Perfis Brenda Salenave Centro de Desenvolvimento Tecnol\u00f3gico &#8211; CDTec Estudantes Perfis Bruno Bender Design Gr\u00e1fico Charllynson Carvalho Ci\u00eancia da Computa\u00e7\u00e3o Fernanda Petiz Ci\u00eancia da Computa\u00e7\u00e3o Fernanda Polga Engenharia de Computa\u00e7\u00e3o Franklin Oliveira Ci\u00eancia da Computa\u00e7\u00e3o Gabriel Kuster Engenharia de Computa\u00e7\u00e3o Jo\u00e3o Vitor Laimer Ci\u00eancia da Computa\u00e7\u00e3o Kevin Ferreira Engenharia de Computa\u00e7\u00e3o L\u00edliti Goulart Jornalismo [&hellip;]<\/p>\n","protected":false},"author":1403,"featured_media":0,"parent":24,"menu_order":2,"comment_status":"closed","ping_status":"closed","template":"","meta":{"jetpack_post_was_ever_published":false,"footnotes":""},"class_list":["post-8","page","type-page","status-publish","hentry"],"jetpack_sharing_enabled":true,"jetpack_likes_enabled":false,"jetpack_shortlink":"https:\/\/wp.me\/Pg1U19-8","_links":{"self":[{"href":"https:\/\/wp.ufpel.edu.br\/gepesc\/wp-json\/wp\/v2\/pages\/8","targetHints":{"allow":["GET"]}}],"collection":[{"href":"https:\/\/wp.ufpel.edu.br\/gepesc\/wp-json\/wp\/v2\/pages"}],"about":[{"href":"https:\/\/wp.ufpel.edu.br\/gepesc\/wp-json\/wp\/v2\/types\/page"}],"author":[{"embeddable":true,"href":"https:\/\/wp.ufpel.edu.br\/gepesc\/wp-json\/wp\/v2\/users\/1403"}],"replies":[{"embeddable":true,"href":"https:\/\/wp.ufpel.edu.br\/gepesc\/wp-json\/wp\/v2\/comments?post=8"}],"version-history":[{"count":182,"href":"https:\/\/wp.ufpel.edu.br\/gepesc\/wp-json\/wp\/v2\/pages\/8\/revisions"}],"predecessor-version":[{"id":2144,"href":"https:\/\/wp.ufpel.edu.br\/gepesc\/wp-json\/wp\/v2\/pages\/8\/revisions\/2144"}],"up":[{"embeddable":true,"href":"https:\/\/wp.ufpel.edu.br\/gepesc\/wp-json\/wp\/v2\/pages\/24"}],"wp:attachment":[{"href":"https:\/\/wp.ufpel.edu.br\/gepesc\/wp-json\/wp\/v2\/media?parent=8"}],"curies":[{"name":"wp","href":"https:\/\/api.w.org\/{rel}","templated":true}]}}