{"id":498,"date":"2024-09-12T15:14:13","date_gmt":"2024-09-12T18:14:13","guid":{"rendered":"https:\/\/wp.ufpel.edu.br\/gepesc\/?page_id=498"},"modified":"2024-10-20T17:06:54","modified_gmt":"2024-10-20T20:06:54","slug":"estatisticas","status":"publish","type":"page","link":"https:\/\/wp.ufpel.edu.br\/gepesc\/material-informativo\/estatisticas\/","title":{"rendered":"Estat\u00edsticas"},"content":{"rendered":"<p style=\"text-align: justify;\">Nesta se\u00e7\u00e3o, apresentamos gr\u00e1ficos e dados obtidos atrav\u00e9s de pesquisas direcionadas \u00e0 comunidade, seja ela externa ou acad\u00eamica. Aqui voc\u00ea encontrar\u00e1 informa\u00e7\u00f5es detalhadas que refletem tend\u00eancias, comportamentos e insights importantes sobre ciberseguran\u00e7a.\u00a0Nosso objetivo \u00e9 proporcionar uma vis\u00e3o acess\u00edvel e compreens\u00edvel dos dados, para que todos possam acompanhar e entender os resultados. Os dados apresentados s\u00e3o atualizados regularmente, garantindo que voc\u00ea tenha acesso \u00e0s informa\u00e7\u00f5es mais recentes. Acompanhe nossas publica\u00e7\u00f5es e fique por dentro dos principais n\u00fameros e descobertas.<\/p>\n<h2><strong><span style=\"color: #043499;\">Pesquisas<\/span><\/strong><\/h2>\n\n\n<div style=\"height:7px\" aria-hidden=\"true\" class=\"wp-block-spacer\"><\/div>\n\n\n\n<div class=\"wp-block-buttons is-content-justification-left is-layout-flex wp-container-core-buttons-is-layout-76ea2f42 wp-block-buttons-is-layout-flex\">\n<div class=\"wp-block-button\"><a class=\"wp-block-button__link has-white-color has-vivid-cyan-blue-to-vivid-purple-gradient-background has-text-color has-background has-link-color wp-element-button\" href=\"https:\/\/wp.ufpel.edu.br\/gepesc\/pesquisa-comunidade-externa-05-24\/\" style=\"border-radius:10px\"><img width=\"16\" height=\"16\" class=\"wp-image-1345\" style=\"width: 16px;\" src=\"https:\/\/wp.ufpel.edu.br\/gepesc\/files\/2024\/10\/grafico-estatistico.png\" alt=\"\"> <strong>Comunidade externa 05\/24<\/strong><\/a><\/div>\n<\/div>\n\n\n\n<p><\/p>\n","protected":false},"excerpt":{"rendered":"<p>Nesta se\u00e7\u00e3o, apresentamos gr\u00e1ficos e dados obtidos atrav\u00e9s de pesquisas direcionadas \u00e0 comunidade, seja ela externa ou acad\u00eamica. Aqui voc\u00ea encontrar\u00e1 informa\u00e7\u00f5es detalhadas que refletem tend\u00eancias, comportamentos e insights importantes sobre ciberseguran\u00e7a.\u00a0Nosso objetivo \u00e9 proporcionar uma vis\u00e3o acess\u00edvel e compreens\u00edvel dos dados, para que todos possam acompanhar e entender os resultados. Os dados apresentados s\u00e3o [&hellip;]<\/p>\n","protected":false},"author":1403,"featured_media":0,"parent":15,"menu_order":0,"comment_status":"closed","ping_status":"closed","template":"","meta":{"jetpack_post_was_ever_published":false,"footnotes":""},"class_list":["post-498","page","type-page","status-publish","hentry"],"jetpack_sharing_enabled":true,"jetpack_likes_enabled":false,"jetpack_shortlink":"https:\/\/wp.me\/Pg1U19-82","_links":{"self":[{"href":"https:\/\/wp.ufpel.edu.br\/gepesc\/wp-json\/wp\/v2\/pages\/498","targetHints":{"allow":["GET"]}}],"collection":[{"href":"https:\/\/wp.ufpel.edu.br\/gepesc\/wp-json\/wp\/v2\/pages"}],"about":[{"href":"https:\/\/wp.ufpel.edu.br\/gepesc\/wp-json\/wp\/v2\/types\/page"}],"author":[{"embeddable":true,"href":"https:\/\/wp.ufpel.edu.br\/gepesc\/wp-json\/wp\/v2\/users\/1403"}],"replies":[{"embeddable":true,"href":"https:\/\/wp.ufpel.edu.br\/gepesc\/wp-json\/wp\/v2\/comments?post=498"}],"version-history":[{"count":42,"href":"https:\/\/wp.ufpel.edu.br\/gepesc\/wp-json\/wp\/v2\/pages\/498\/revisions"}],"predecessor-version":[{"id":1706,"href":"https:\/\/wp.ufpel.edu.br\/gepesc\/wp-json\/wp\/v2\/pages\/498\/revisions\/1706"}],"up":[{"embeddable":true,"href":"https:\/\/wp.ufpel.edu.br\/gepesc\/wp-json\/wp\/v2\/pages\/15"}],"wp:attachment":[{"href":"https:\/\/wp.ufpel.edu.br\/gepesc\/wp-json\/wp\/v2\/media?parent=498"}],"curies":[{"name":"wp","href":"https:\/\/api.w.org\/{rel}","templated":true}]}}