{"id":44,"date":"2024-09-10T14:25:57","date_gmt":"2024-09-10T17:25:57","guid":{"rendered":"https:\/\/wp.ufpel.edu.br\/gepesc\/?page_id=44"},"modified":"2024-10-30T15:07:00","modified_gmt":"2024-10-30T18:07:00","slug":"oportunidades-e-vagas","status":"publish","type":"page","link":"https:\/\/wp.ufpel.edu.br\/gepesc\/faca-parte\/oportunidades-e-vagas\/","title":{"rendered":"Oportunidades e vagas"},"content":{"rendered":"<p><span style=\"font-weight: 400;\">O GEPESC (Grupo de Ensino, Pesquisa e Extens\u00e3o em Seguran\u00e7a Cibern\u00e9tica) est\u00e1 sempre em busca de talentos de diferentes \u00e1reas do conhecimento para integrar nosso time e contribuir com projetos interdisciplinares voltados \u00e0 seguran\u00e7a digital. Oferecemos oportunidades para estudantes de diversas \u00e1reas, promovendo a inova\u00e7\u00e3o e o desenvolvimento de solu\u00e7\u00f5es para os desafios atuais no campo da ciberseguran\u00e7a.<\/span><\/p>\n","protected":false},"excerpt":{"rendered":"<p>O GEPESC (Grupo de Ensino, Pesquisa e Extens\u00e3o em Seguran\u00e7a Cibern\u00e9tica) est\u00e1 sempre em busca de talentos de diferentes \u00e1reas do conhecimento para integrar nosso time e contribuir com projetos interdisciplinares voltados \u00e0 seguran\u00e7a digital. Oferecemos oportunidades para estudantes de diversas \u00e1reas, promovendo a inova\u00e7\u00e3o e o desenvolvimento de solu\u00e7\u00f5es para os desafios atuais no [&hellip;]<\/p>\n","protected":false},"author":1403,"featured_media":0,"parent":42,"menu_order":0,"comment_status":"closed","ping_status":"closed","template":"","meta":{"jetpack_post_was_ever_published":false,"footnotes":""},"class_list":["post-44","page","type-page","status-publish","hentry"],"jetpack_sharing_enabled":true,"jetpack_likes_enabled":false,"jetpack_shortlink":"https:\/\/wp.me\/Pg1U19-I","_links":{"self":[{"href":"https:\/\/wp.ufpel.edu.br\/gepesc\/wp-json\/wp\/v2\/pages\/44","targetHints":{"allow":["GET"]}}],"collection":[{"href":"https:\/\/wp.ufpel.edu.br\/gepesc\/wp-json\/wp\/v2\/pages"}],"about":[{"href":"https:\/\/wp.ufpel.edu.br\/gepesc\/wp-json\/wp\/v2\/types\/page"}],"author":[{"embeddable":true,"href":"https:\/\/wp.ufpel.edu.br\/gepesc\/wp-json\/wp\/v2\/users\/1403"}],"replies":[{"embeddable":true,"href":"https:\/\/wp.ufpel.edu.br\/gepesc\/wp-json\/wp\/v2\/comments?post=44"}],"version-history":[{"count":16,"href":"https:\/\/wp.ufpel.edu.br\/gepesc\/wp-json\/wp\/v2\/pages\/44\/revisions"}],"predecessor-version":[{"id":2001,"href":"https:\/\/wp.ufpel.edu.br\/gepesc\/wp-json\/wp\/v2\/pages\/44\/revisions\/2001"}],"up":[{"embeddable":true,"href":"https:\/\/wp.ufpel.edu.br\/gepesc\/wp-json\/wp\/v2\/pages\/42"}],"wp:attachment":[{"href":"https:\/\/wp.ufpel.edu.br\/gepesc\/wp-json\/wp\/v2\/media?parent=44"}],"curies":[{"name":"wp","href":"https:\/\/api.w.org\/{rel}","templated":true}]}}