{"id":4,"date":"2024-09-10T14:16:46","date_gmt":"2024-09-10T17:16:46","guid":{"rendered":"https:\/\/wp.ufpel.edu.br\/gepesc\/?page_id=4"},"modified":"2024-09-12T20:43:11","modified_gmt":"2024-09-12T23:43:11","slug":"sobre-nos","status":"publish","type":"page","link":"https:\/\/wp.ufpel.edu.br\/gepesc\/institucional\/sobre-nos\/","title":{"rendered":"Sobre n\u00f3s"},"content":{"rendered":"<p>O GEPESC (Grupo de Ensino, Pesquisa e Extens\u00e3o em Seguran\u00e7a Cibern\u00e9tica) \u00e9 uma iniciativa multidisciplinar que visa promover o estudo, o desenvolvimento e a dissemina\u00e7\u00e3o de conhecimentos sobre seguran\u00e7a digital no ambiente acad\u00eamico e na sociedade. Fundado por um grupo de estudantes e docentes do Centro de Desenvolvimento Tecnol\u00f3gico da UFPel, o GEPESC tem como objetivo principal contribuir para a constru\u00e7\u00e3o de um espa\u00e7o mais seguro e \u00e9tico no uso das tecnologias da informa\u00e7\u00e3o.<\/p>\n<p>Nosso grupo atua em tr\u00eas pilares fundamentais:<\/p>\n<p><strong>Ensino:<\/strong> Desenvolvemos atividades pedag\u00f3gicas para capacitar estudantes e profissionais sobre as melhores pr\u00e1ticas de seguran\u00e7a cibern\u00e9tica, com a oferta de cursos, workshops e palestras voltadas para o aprendizado pr\u00e1tico;<\/p>\n<p><strong>Pesquisa:<\/strong> Conduzimos pesquisas cient\u00edficas que exploram os desafios e as inova\u00e7\u00f5es da seguran\u00e7a digital, abordando desde vulnerabilidades em sistemas at\u00e9 a busca de melhores solu\u00e7\u00f5es e protocolos de prote\u00e7\u00e3o;<\/p>\n<p><strong>Extens\u00e3o:<\/strong> Atrav\u00e9s de a\u00e7\u00f5es voltadas para a comunidade, levamos o conhecimento t\u00e9cnico para al\u00e9m do ambiente acad\u00eamico, promovendo a conscientiza\u00e7\u00e3o e o empoderamento dos usu\u00e1rios quanto \u00e0s amea\u00e7as do mundo digital e as melhores formas de se protegerem.<\/p>\n<p>O GEPESC est\u00e1 comprometido com a inova\u00e7\u00e3o e o impacto social, buscando aproximar o saber acad\u00eamico das necessidades reais da sociedade em um mundo cada vez mais conectado. Atuamos com uma rede de parceiros institucionais e empresariais, que apoiam e colaboram nas nossas iniciativas, promovendo a seguran\u00e7a cibern\u00e9tica como um valor essencial para o desenvolvimento tecnol\u00f3gico sustent\u00e1vel.<\/p>\n","protected":false},"excerpt":{"rendered":"<p>O GEPESC (Grupo de Ensino, Pesquisa e Extens\u00e3o em Seguran\u00e7a Cibern\u00e9tica) \u00e9 uma iniciativa multidisciplinar que visa promover o estudo, o desenvolvimento e a dissemina\u00e7\u00e3o de conhecimentos sobre seguran\u00e7a digital no ambiente acad\u00eamico e na sociedade. Fundado por um grupo de estudantes e docentes do Centro de Desenvolvimento Tecnol\u00f3gico da UFPel, o GEPESC tem como [&hellip;]<\/p>\n","protected":false},"author":1403,"featured_media":0,"parent":24,"menu_order":0,"comment_status":"closed","ping_status":"closed","template":"","meta":{"jetpack_post_was_ever_published":false,"footnotes":""},"class_list":["post-4","page","type-page","status-publish","hentry"],"jetpack_sharing_enabled":true,"jetpack_likes_enabled":false,"jetpack_shortlink":"https:\/\/wp.me\/Pg1U19-4","_links":{"self":[{"href":"https:\/\/wp.ufpel.edu.br\/gepesc\/wp-json\/wp\/v2\/pages\/4","targetHints":{"allow":["GET"]}}],"collection":[{"href":"https:\/\/wp.ufpel.edu.br\/gepesc\/wp-json\/wp\/v2\/pages"}],"about":[{"href":"https:\/\/wp.ufpel.edu.br\/gepesc\/wp-json\/wp\/v2\/types\/page"}],"author":[{"embeddable":true,"href":"https:\/\/wp.ufpel.edu.br\/gepesc\/wp-json\/wp\/v2\/users\/1403"}],"replies":[{"embeddable":true,"href":"https:\/\/wp.ufpel.edu.br\/gepesc\/wp-json\/wp\/v2\/comments?post=4"}],"version-history":[{"count":2,"href":"https:\/\/wp.ufpel.edu.br\/gepesc\/wp-json\/wp\/v2\/pages\/4\/revisions"}],"predecessor-version":[{"id":684,"href":"https:\/\/wp.ufpel.edu.br\/gepesc\/wp-json\/wp\/v2\/pages\/4\/revisions\/684"}],"up":[{"embeddable":true,"href":"https:\/\/wp.ufpel.edu.br\/gepesc\/wp-json\/wp\/v2\/pages\/24"}],"wp:attachment":[{"href":"https:\/\/wp.ufpel.edu.br\/gepesc\/wp-json\/wp\/v2\/media?parent=4"}],"curies":[{"name":"wp","href":"https:\/\/api.w.org\/{rel}","templated":true}]}}