{"id":2043,"date":"2024-12-07T16:01:17","date_gmt":"2024-12-07T19:01:17","guid":{"rendered":"https:\/\/wp.ufpel.edu.br\/gepesc\/?page_id=2043"},"modified":"2025-03-01T19:44:04","modified_gmt":"2025-03-01T22:44:04","slug":"fraude-processo-trabalhista","status":"publish","type":"page","link":"https:\/\/wp.ufpel.edu.br\/gepesc\/material-informativo\/catalogo-de-fraudes\/fraude-processo-trabalhista\/","title":{"rendered":"Fraude &#8211; Processo trabalhista"},"content":{"rendered":"<p><strong>Data de inclus\u00e3o:<\/strong> 07\/12\/2024<\/p>\n<p><strong>Descri\u00e7\u00e3o:<\/strong> A v\u00edtima recebe um e-mail informando que est\u00e1 com um processo trabalhista em andamento e com uma audi\u00eancia j\u00e1 agendada. Logo abaixo da mensagem h\u00e1 um link para que a v\u00edtima acompanhe os detalhes do processo, no entanto, trata-se de um link malicioso.<\/p>\n<table style=\"height: 191px; width: 100%; border-collapse: collapse; background-color: #fff3f3; border: 5px solid #ff0000;\">\n<tbody>\n<tr style=\"height: 191px;\">\n<td style=\"border: 5px solid #ff0000; text-align: center; padding: 0px 20px;\"><!-- Diminu\u00ed o padding superior e inferior --><\/p>\n<h2 style=\"text-align: center;\"><span style=\"color: #ff0000;\"><strong>ATEN\u00c7\u00c3O!<\/strong><\/span><\/h2>\n<p>O texto abaixo foi transcrito de uma fraude identificada atrav\u00e9s do NIMAR e da coleta de dados na internet.<\/p>\n<p>Caso tenha d\u00favidas ou necessite de esclarecimentos, entre em contato pelo e-mail: <strong>nimar.gepesc@ufpel.edu.br<\/strong>.<\/p>\n<p><strong>N\u00facleo de Inspe\u00e7\u00e3o de Mensagens e An\u00e1lise de Riscos &#8211; NIMAR<\/strong><br \/>\n<strong>Grupo de Ensino, Pesquisa e Extens\u00e3o em Seguran\u00e7a Cibern\u00e9tica &#8211; GEPESC<\/strong><\/td>\n<\/tr>\n<\/tbody>\n<\/table>\n<h2><span style=\"color: #043499;\">Conte\u00fado da mensagem<\/span><\/h2>\n<p>Prezado(a),<\/p>\n<p>Informamos que o processo trabalhista de n\u00famero: [n\u00famero do processo], est\u00e1 em andamento. A audi\u00eancia est\u00e1 agendada para o dia 30 de setembro de 2024, na qual ser\u00e3o discutidas as quest\u00f5es pertinentes ao caso.<\/p>\n<p>Todas as partes envolvidas foram devidamente notificadas e solicitamos que estejam presentes na data mencionada para a devida condu\u00e7\u00e3o dos procedimentos legais. \u00c9 importante observar que o processo est\u00e1 sendo conduzido em conformidade com as normas e prazos estabelecidos pela legisla\u00e7\u00e3o trabalhista vigente.<\/p>\n<p>ACOMPANHAR O ANDAMENTO DO PROCESSO<\/p>\n<h2><span style=\"color: #043499;\">Imagens<\/span><\/h2>\n<p><img class=\"alignnone wp-image-2068 size-medium\" src=\"https:\/\/wp.ufpel.edu.br\/gepesc\/files\/2024\/12\/Design-sem-nome-2-1-395x400.png\" alt=\"\" width=\"395\" height=\"400\" srcset=\"https:\/\/wp.ufpel.edu.br\/gepesc\/files\/2024\/12\/Design-sem-nome-2-1-395x400.png 395w, https:\/\/wp.ufpel.edu.br\/gepesc\/files\/2024\/12\/Design-sem-nome-2-1-1012x1024.png 1012w, https:\/\/wp.ufpel.edu.br\/gepesc\/files\/2024\/12\/Design-sem-nome-2-1-768x777.png 768w, https:\/\/wp.ufpel.edu.br\/gepesc\/files\/2024\/12\/Design-sem-nome-2-1-1518x1536.png 1518w, https:\/\/wp.ufpel.edu.br\/gepesc\/files\/2024\/12\/Design-sem-nome-2-1-2024x2048.png 2024w\" sizes=\"(max-width: 395px) 100vw, 395px\" \/><\/p>\n\n","protected":false},"excerpt":{"rendered":"<p>Data de inclus\u00e3o: 07\/12\/2024 Descri\u00e7\u00e3o: A v\u00edtima recebe um e-mail informando que est\u00e1 com um processo trabalhista em andamento e com uma audi\u00eancia j\u00e1 agendada. Logo abaixo da mensagem h\u00e1 um link para que a v\u00edtima acompanhe os detalhes do processo, no entanto, trata-se de um link malicioso. ATEN\u00c7\u00c3O! O texto abaixo foi transcrito de [&hellip;]<\/p>\n","protected":false},"author":1403,"featured_media":0,"parent":32,"menu_order":0,"comment_status":"closed","ping_status":"closed","template":"","meta":{"jetpack_post_was_ever_published":false,"footnotes":""},"class_list":["post-2043","page","type-page","status-publish","hentry"],"jetpack_sharing_enabled":true,"jetpack_likes_enabled":false,"jetpack_shortlink":"https:\/\/wp.me\/Pg1U19-wX","_links":{"self":[{"href":"https:\/\/wp.ufpel.edu.br\/gepesc\/wp-json\/wp\/v2\/pages\/2043","targetHints":{"allow":["GET"]}}],"collection":[{"href":"https:\/\/wp.ufpel.edu.br\/gepesc\/wp-json\/wp\/v2\/pages"}],"about":[{"href":"https:\/\/wp.ufpel.edu.br\/gepesc\/wp-json\/wp\/v2\/types\/page"}],"author":[{"embeddable":true,"href":"https:\/\/wp.ufpel.edu.br\/gepesc\/wp-json\/wp\/v2\/users\/1403"}],"replies":[{"embeddable":true,"href":"https:\/\/wp.ufpel.edu.br\/gepesc\/wp-json\/wp\/v2\/comments?post=2043"}],"version-history":[{"count":3,"href":"https:\/\/wp.ufpel.edu.br\/gepesc\/wp-json\/wp\/v2\/pages\/2043\/revisions"}],"predecessor-version":[{"id":2192,"href":"https:\/\/wp.ufpel.edu.br\/gepesc\/wp-json\/wp\/v2\/pages\/2043\/revisions\/2192"}],"up":[{"embeddable":true,"href":"https:\/\/wp.ufpel.edu.br\/gepesc\/wp-json\/wp\/v2\/pages\/32"}],"wp:attachment":[{"href":"https:\/\/wp.ufpel.edu.br\/gepesc\/wp-json\/wp\/v2\/media?parent=2043"}],"curies":[{"name":"wp","href":"https:\/\/api.w.org\/{rel}","templated":true}]}}