{"id":1384,"date":"2024-10-15T17:01:55","date_gmt":"2024-10-15T20:01:55","guid":{"rendered":"https:\/\/wp.ufpel.edu.br\/gepesc\/?page_id=1384"},"modified":"2025-03-01T19:39:17","modified_gmt":"2025-03-01T22:39:17","slug":"fraude-contestacao-em-cnpj","status":"publish","type":"page","link":"https:\/\/wp.ufpel.edu.br\/gepesc\/material-informativo\/catalogo-de-fraudes\/fraude-contestacao-em-cnpj\/","title":{"rendered":"Fraude &#8211; Contesta\u00e7\u00e3o em CNPJ"},"content":{"rendered":"<p><strong>Data de inclus\u00e3o:<\/strong> 15\/10\/2024<\/p>\n<p><strong>Descri\u00e7\u00e3o:<\/strong> A v\u00edtima recebe um e-mail informando a respeito de uma vincula\u00e7\u00e3o vinculada a um CNPJ seu. Ao final da mensagem, h\u00e1 uma chave PIX aleat\u00f3ria para que a v\u00edtima fa\u00e7a a transfer\u00eancia do valor requisitado.<\/p>\n<table style=\"height: 191px; width: 100%; border-collapse: collapse; background-color: #fff3f3; border: 5px solid #ff0000;\">\n<tbody>\n<tr style=\"height: 191px;\">\n<td style=\"border: 5px solid #ff0000; text-align: center; padding: 0px 20px;\"><!-- Diminu\u00ed o padding superior e inferior --><\/p>\n<h2 style=\"text-align: center;\"><span style=\"color: #ff0000;\"><strong>ATEN\u00c7\u00c3O!<\/strong><\/span><\/h2>\n<p>O texto abaixo foi transcrito de uma fraude identificada atrav\u00e9s do NIMAR e da coleta de dados na internet.<\/p>\n<p>Caso tenha d\u00favidas ou necessite de esclarecimentos, entre em contato pelo e-mail: <strong>nimar.gepesc@ufpel.edu.br<\/strong>.<\/p>\n<p><strong>N\u00facleo de Inspe\u00e7\u00e3o de Mensagens e An\u00e1lise de Riscos &#8211; NIMAR<\/strong><br \/>\n<strong>Grupo de Ensino, Pesquisa e Extens\u00e3o em Seguran\u00e7a Cibern\u00e9tica &#8211; GEPESC<\/strong><\/td>\n<\/tr>\n<\/tbody>\n<\/table>\n<h2><span style=\"color: #043499;\">Conte\u00fado da mensagem<\/span><\/h2>\n<p><strong>NOTIFICA\u00c7\u00c3O DE CONTESTA\u00c7\u00c3O SOB SEU CNPJ<\/strong><\/p>\n<p>Prezado(a), &lt;nome&gt;<\/p>\n<p>Por meio da presente, informamos que foi registrada uma contesta\u00e7\u00e3o vinculada ao seu CNPJ &lt;CNPJ&gt; no valor de R$ 40,00. O Contestante alegou ter realizado diversas tentativas de contato, sem \u00eaxito, resultando na abertura de uma<strong> A\u00c7\u00c3O<\/strong> de contesta\u00e7\u00e3o extrajudicial em nosso sistema, referente \u00e0 sua Pessoa Jur\u00eddica. Tal circunst\u00e2ncia gerou tributos que, at\u00e9 a presente data, \u00e9 calculado no valor de R$ 19,91, perfazendo um total de <strong>R$ 59,91<\/strong>.<\/p>\n<p>\u00c9 imperativo destacar que, na aus\u00eancia de pagamento identificado at\u00e9 a data limite de <strong>12\/10\/2024<\/strong>, seu CNPJ poder\u00e1 ser objeto de <strong>NEGATIVA\u00c7\u00c3O<\/strong>, e a referida d\u00edvida ser\u00e1 prontamente encaminhada para protesto, al\u00e9m do encerramento das contas correlatas ao mesmo.<\/p>\n<p>Na hip\u00f3tese de n\u00e3o haver resposta ou de n\u00e3o cumprimento da obriga\u00e7\u00e3o, recomenda-se a consulta a um(a) advogado(a). A contesta\u00e7\u00e3o decorre de uma transa\u00e7\u00e3o realizada via Pix, a qual foi indevidamente estornada. Para a quita\u00e7\u00e3o e anula\u00e7\u00e3o do registro, disponibilizamos o c\u00f3digo Pix Copia e Cola, ressaltando o valor total, atualizado com impostos, de<strong> R$ 59,91<\/strong>.<\/p>\n<p><strong>Segue o c\u00f3digo Pix Copia e Cola:<\/strong><\/p>\n<p>&lt;chave pix&gt;<\/p>\n<p><span style=\"background-color: #ffff00;\"><em>A aus\u00eancia de resposta ou a inadimpl\u00eancia poder\u00e1 ensejar medidas legais. Recomenda-se, neste caso, a busca por assist\u00eancia de um(a) advogado(a) para a protocola\u00e7\u00e3o da devida defesa. <\/em><\/span><\/p>\n<p>Atenciosamente,<br \/>\nSetor Juridico.<\/p>\n<p>\u00a91984-Gest\u00e3o de Documentos Judiciais.<\/p>\n<h2><span style=\"color: #043499;\">Imagens<\/span><\/h2>\n<p><a href=\"https:\/\/wp.ufpel.edu.br\/gepesc\/material-informativo\/catalogo-de-fraudes\/fraude-id-apple-bloqueado\/cnpj\/\"><img class=\"alignnone wp-image-1379\" src=\"https:\/\/wp.ufpel.edu.br\/gepesc\/files\/2024\/10\/cnpj.png\" alt=\"\" width=\"1398\" height=\"666\" srcset=\"https:\/\/wp.ufpel.edu.br\/gepesc\/files\/2024\/10\/cnpj.png 1608w, https:\/\/wp.ufpel.edu.br\/gepesc\/files\/2024\/10\/cnpj-400x191.png 400w, https:\/\/wp.ufpel.edu.br\/gepesc\/files\/2024\/10\/cnpj-1024x488.png 1024w, https:\/\/wp.ufpel.edu.br\/gepesc\/files\/2024\/10\/cnpj-768x366.png 768w, https:\/\/wp.ufpel.edu.br\/gepesc\/files\/2024\/10\/cnpj-1536x732.png 1536w\" sizes=\"(max-width: 1398px) 100vw, 1398px\" \/><\/a><\/p>\n\n","protected":false},"excerpt":{"rendered":"<p>Data de inclus\u00e3o: 15\/10\/2024 Descri\u00e7\u00e3o: A v\u00edtima recebe um e-mail informando a respeito de uma vincula\u00e7\u00e3o vinculada a um CNPJ seu. Ao final da mensagem, h\u00e1 uma chave PIX aleat\u00f3ria para que a v\u00edtima fa\u00e7a a transfer\u00eancia do valor requisitado. ATEN\u00c7\u00c3O! O texto abaixo foi transcrito de uma fraude identificada atrav\u00e9s do NIMAR e da [&hellip;]<\/p>\n","protected":false},"author":1403,"featured_media":0,"parent":32,"menu_order":0,"comment_status":"closed","ping_status":"closed","template":"","meta":{"jetpack_post_was_ever_published":false,"footnotes":""},"class_list":["post-1384","page","type-page","status-publish","hentry"],"jetpack_sharing_enabled":true,"jetpack_likes_enabled":false,"jetpack_shortlink":"https:\/\/wp.me\/Pg1U19-mk","_links":{"self":[{"href":"https:\/\/wp.ufpel.edu.br\/gepesc\/wp-json\/wp\/v2\/pages\/1384","targetHints":{"allow":["GET"]}}],"collection":[{"href":"https:\/\/wp.ufpel.edu.br\/gepesc\/wp-json\/wp\/v2\/pages"}],"about":[{"href":"https:\/\/wp.ufpel.edu.br\/gepesc\/wp-json\/wp\/v2\/types\/page"}],"author":[{"embeddable":true,"href":"https:\/\/wp.ufpel.edu.br\/gepesc\/wp-json\/wp\/v2\/users\/1403"}],"replies":[{"embeddable":true,"href":"https:\/\/wp.ufpel.edu.br\/gepesc\/wp-json\/wp\/v2\/comments?post=1384"}],"version-history":[{"count":3,"href":"https:\/\/wp.ufpel.edu.br\/gepesc\/wp-json\/wp\/v2\/pages\/1384\/revisions"}],"predecessor-version":[{"id":2168,"href":"https:\/\/wp.ufpel.edu.br\/gepesc\/wp-json\/wp\/v2\/pages\/1384\/revisions\/2168"}],"up":[{"embeddable":true,"href":"https:\/\/wp.ufpel.edu.br\/gepesc\/wp-json\/wp\/v2\/pages\/32"}],"wp:attachment":[{"href":"https:\/\/wp.ufpel.edu.br\/gepesc\/wp-json\/wp\/v2\/media?parent=1384"}],"curies":[{"name":"wp","href":"https:\/\/api.w.org\/{rel}","templated":true}]}}