{"id":1257,"date":"2024-10-05T21:13:18","date_gmt":"2024-10-06T00:13:18","guid":{"rendered":"https:\/\/wp.ufpel.edu.br\/gepesc\/?page_id=1257"},"modified":"2025-03-01T19:40:09","modified_gmt":"2025-03-01T22:40:09","slug":"fraude-falsa-nota-fiscal-fedex","status":"publish","type":"page","link":"https:\/\/wp.ufpel.edu.br\/gepesc\/material-informativo\/catalogo-de-fraudes\/fraude-falsa-nota-fiscal-fedex\/","title":{"rendered":"Fraude &#8211; Falsa Nota Fiscal FedEx"},"content":{"rendered":"<p><strong>Data de inclus\u00e3o:<\/strong> 04\/10\/2024<\/p>\n<p><strong>Descri\u00e7\u00e3o:<\/strong> A v\u00edtima recebe um e-mail referente ao envio de uma nota fiscal de um pedido entregue pela FedEx. Logo abaixo da mensagem h\u00e1 um link de um arquivo PDF para que a v\u00edtima visualize o documento, no entanto, trata-se de um arquivo malicioso.<\/p>\n<table style=\"height: 191px; width: 100%; border-collapse: collapse; background-color: #fff3f3; border: 5px solid #ff0000;\">\n<tbody>\n<tr style=\"height: 191px;\">\n<td style=\"border: 5px solid #ff0000; text-align: center; padding: 0px 20px;\"><!-- Diminu\u00ed o padding superior e inferior --><\/p>\n<h2 style=\"text-align: center;\"><span style=\"color: #ff0000;\"><strong>ATEN\u00c7\u00c3O!<\/strong><\/span><\/h2>\n<p>O texto abaixo foi transcrito de uma fraude identificada atrav\u00e9s do NIMAR e da coleta de dados na internet.<\/p>\n<p>Caso tenha d\u00favidas ou necessite de esclarecimentos, entre em contato pelo e-mail: <strong>nimar.gepesc@ufpel.edu.br<\/strong>.<\/p>\n<p><strong>N\u00facleo de Inspe\u00e7\u00e3o de Mensagens e An\u00e1lise de Riscos &#8211; NIMAR<\/strong><br \/>\n<strong>Grupo de Ensino, Pesquisa e Extens\u00e3o em Seguran\u00e7a Cibern\u00e9tica &#8211; GEPESC<\/strong><\/td>\n<\/tr>\n<\/tbody>\n<\/table>\n<h2><span style=\"color: #043499;\">Conte\u00fado da mensagem<\/span><\/h2>\n<p>Esta mensagem refere-se \u00e1 Nota Fiscal Eletr\u00f4nica de Servi\u00e7os No. &lt;n\u00famero de servi\u00e7o&gt; emitida pelo prestador de servi\u00e7os:<\/p>\n<p>Raz\u00e3o Social: Fedex Brasil Log. e Transportes ltda<br \/>\nE-mail: expresso@fedex.com.br<br \/>\nInscri\u00e7\u00e3o municipal: 0125831-11<br \/>\nCNPJ: 10.970.887\/0001-02<\/p>\n<p>Segue abaixo o acesso contendo a NF-e acima relacionada:<\/p>\n<p>Segue abaixo os acessos contendo os dados acima relacionados:<br \/>\n&lt;link&gt;<br \/>\nPara melhor visualiza\u00e7\u00e3o abrir a partir de um computador. (Windows)<\/p>\n<h2><span style=\"color: #043499;\">Imagens<\/span><\/h2>\n<p><a href=\"https:\/\/wp.ufpel.edu.br\/gepesc\/fraude\/\"><img class=\"alignnone wp-image-1215\" src=\"https:\/\/wp.ufpel.edu.br\/gepesc\/files\/2024\/10\/FRAUDE.png\" alt=\"\" width=\"537\" height=\"327\" srcset=\"https:\/\/wp.ufpel.edu.br\/gepesc\/files\/2024\/10\/FRAUDE.png 1161w, https:\/\/wp.ufpel.edu.br\/gepesc\/files\/2024\/10\/FRAUDE-400x243.png 400w, https:\/\/wp.ufpel.edu.br\/gepesc\/files\/2024\/10\/FRAUDE-1024x623.png 1024w, https:\/\/wp.ufpel.edu.br\/gepesc\/files\/2024\/10\/FRAUDE-768x467.png 768w\" sizes=\"(max-width: 537px) 100vw, 537px\" \/><\/a><\/p>\n\n","protected":false},"excerpt":{"rendered":"<p>Data de inclus\u00e3o: 04\/10\/2024 Descri\u00e7\u00e3o: A v\u00edtima recebe um e-mail referente ao envio de uma nota fiscal de um pedido entregue pela FedEx. Logo abaixo da mensagem h\u00e1 um link de um arquivo PDF para que a v\u00edtima visualize o documento, no entanto, trata-se de um arquivo malicioso. ATEN\u00c7\u00c3O! O texto abaixo foi transcrito de [&hellip;]<\/p>\n","protected":false},"author":1403,"featured_media":0,"parent":32,"menu_order":0,"comment_status":"closed","ping_status":"closed","template":"","meta":{"jetpack_post_was_ever_published":false,"footnotes":""},"class_list":["post-1257","page","type-page","status-publish","hentry"],"jetpack_sharing_enabled":true,"jetpack_likes_enabled":false,"jetpack_shortlink":"https:\/\/wp.me\/Pg1U19-kh","_links":{"self":[{"href":"https:\/\/wp.ufpel.edu.br\/gepesc\/wp-json\/wp\/v2\/pages\/1257","targetHints":{"allow":["GET"]}}],"collection":[{"href":"https:\/\/wp.ufpel.edu.br\/gepesc\/wp-json\/wp\/v2\/pages"}],"about":[{"href":"https:\/\/wp.ufpel.edu.br\/gepesc\/wp-json\/wp\/v2\/types\/page"}],"author":[{"embeddable":true,"href":"https:\/\/wp.ufpel.edu.br\/gepesc\/wp-json\/wp\/v2\/users\/1403"}],"replies":[{"embeddable":true,"href":"https:\/\/wp.ufpel.edu.br\/gepesc\/wp-json\/wp\/v2\/comments?post=1257"}],"version-history":[{"count":6,"href":"https:\/\/wp.ufpel.edu.br\/gepesc\/wp-json\/wp\/v2\/pages\/1257\/revisions"}],"predecessor-version":[{"id":2175,"href":"https:\/\/wp.ufpel.edu.br\/gepesc\/wp-json\/wp\/v2\/pages\/1257\/revisions\/2175"}],"up":[{"embeddable":true,"href":"https:\/\/wp.ufpel.edu.br\/gepesc\/wp-json\/wp\/v2\/pages\/32"}],"wp:attachment":[{"href":"https:\/\/wp.ufpel.edu.br\/gepesc\/wp-json\/wp\/v2\/media?parent=1257"}],"curies":[{"name":"wp","href":"https:\/\/api.w.org\/{rel}","templated":true}]}}