{"id":16,"date":"2018-05-29T17:06:16","date_gmt":"2018-05-29T20:06:16","guid":{"rendered":"https:\/\/wp.ufpel.edu.br\/gepaar\/?page_id=16"},"modified":"2020-09-02T14:08:45","modified_gmt":"2020-09-02T17:08:45","slug":"integrantes","status":"publish","type":"page","link":"https:\/\/wp.ufpel.edu.br\/gepaar\/integrantes\/","title":{"rendered":"Integrantes"},"content":{"rendered":"<div class=\"row\">\n<div class=\"column\">\n<div class=\"card\">\n<p>&nbsp;<\/p>\n<p><img decoding=\"async\" class=\"photomember\" src=\"https:\/\/wp.ufpel.edu.br\/gepaar\/files\/2018\/07\/image1.jpeg\" alt=\"Lourdes\" \/><\/p>\n<div class=\"container\">\n<p class=\"namemember\"><strong>LOURDES MARIA BRAGAGNOLO FRISON<\/strong><\/p>\n<p class=\"title\">Coordenadora<\/p>\n<p><strong>Forma\u00e7\u00e3o acad\u00eamica:<\/strong> Doutorado em Faculdade de Psicologia &#8211; Universidade de Lisboa, UL, Portugal; Doutorado em Educa\u00e7\u00e3o &#8211; Pontif\u00edcia Universidade Cat\u00f3lica do Rio Grande do Sul, PUCRS, Brasil; Mestrado em Educa\u00e7\u00e3o &#8211; Pontif\u00edcia Universidade Cat\u00f3lica do Rio Grande do Sul, PUCRS, Brasil.<\/p>\n<ul id=\"iconslo\">\n<li><a href=\"http:\/\/lattes.cnpq.br\/3997773314507845\"> <img decoding=\"async\" class=\"lattes\" src=\"https:\/\/wp.ufpel.edu.br\/gepaar\/files\/2018\/07\/lattes-393x400.png\" alt=\"Lattes\" \/><\/a><\/li>\n<li><a href=\"http:\/\/orcid.org\/0000-0001-6671-5808\"> <img decoding=\"async\" class=\"orcid\" src=\"https:\/\/wp.ufpel.edu.br\/gepaar\/files\/2018\/07\/orcid_128x128.png\" alt=\"Orcid\" \/><\/a><\/li>\n<\/ul>\n<\/div>\n<\/div>\n<\/div>\n<div class=\"column\">\n<div class=\"card\">\n<p><img decoding=\"async\" class=\"photomember\" src=\"https:\/\/wp.ufpel.edu.br\/gepaar\/files\/2018\/07\/AnaMargarida-VeigaSimao-400x368.jpg\" alt=\"AnaMargarida\" \/><\/p>\n<div class=\"container\">\n<p class=\"namemember\"><strong>ANA MARGARIDA VEIGA SIM\u00c3O<\/strong><\/p>\n<p class=\"title\">Colaboradora<\/p>\n<p><strong>Forma\u00e7\u00e3o acad\u00eamica:<\/strong> Doutoramento em Ci\u00eancias da Educa\u00e7\u00e3o, na especialidade de Desenvolvimento Curricular e Avalia\u00e7\u00e3o em Educa\u00e7\u00e3o (UL, Faculdade de Psicologia e de Ci\u00eancias da Educa\u00e7\u00e3o); Mestrado em Ci\u00eancias da Educa\u00e7\u00e3o, na \u00e1rea de especializa\u00e7\u00e3o em Psicologia da Educa\u00e7\u00e3o (UL &#8211; Faculdade de Psicologia e de Ci\u00eancias da Educa\u00e7\u00e3o); Licenciatura em Psicologia (Faculdade de Psicologia e de Ci\u00eancias da Educa\u00e7\u00e3o, da UL); Curso do Magist\u00e9rio Prim\u00e1rio (Escola do Magist\u00e9rio Prim\u00e1rio de Lisboa).<\/p>\n<ul id=\"iconslo\">\n<li><a href=\"http:\/\/lattes.cnpq.br\/7219013507425189\"> <img decoding=\"async\" class=\"lattes\" src=\"https:\/\/wp.ufpel.edu.br\/gepaar\/files\/2018\/07\/lattes-393x400.png\" alt=\"Lattes\" \/><\/a><\/li>\n<li><a href=\"http:\/\/orcid.org\/0000-0003-3652-5573\"> <img decoding=\"async\" class=\"orcid\" src=\"https:\/\/wp.ufpel.edu.br\/gepaar\/files\/2018\/07\/orcid_128x128.png\" alt=\"Orcid\" \/><\/a><\/li>\n<\/ul>\n<\/div>\n<\/div>\n<\/div>\n<div class=\"column\">\n<div class=\"card\">\n<p><img decoding=\"async\" class=\"photomember\" src=\"https:\/\/wp.ufpel.edu.br\/gepaar\/files\/2018\/07\/Webp.net-resizeimage-e1531667356605.jpg\" alt=\"Liz\" \/><\/p>\n<div class=\"container\">\n<p class=\"namemember\"><strong>LIZ CRISTIANE DIAS<\/strong><\/p>\n<p class=\"title\">Colaboradora<\/p>\n<p><strong>Forma\u00e7\u00e3o acad\u00eamica:<\/strong> Doutorado em Programa de P\u00f3s-Gradua\u00e7\u00e3o em Geografia &#8211; Universidade Estadual Paulista J\u00falio de Mesquita Filho, UNESP, Brasil.<br \/>\nMestrado em Programa de P\u00f3s-Gradua\u00e7\u00e3o em Geografia &#8211; Universidade Estadual Paulista J\u00falio de Mesquita Filho, UNESP, Brasil ; Gradua\u00e7\u00e3o em Licenciatura em Geografia &#8211; Universidade Estadual Paulista J\u00falio de Mesquita Filho, UNESP, Brasil.<\/p>\n<ul id=\"iconslo\">\n<li><a href=\"http:\/\/lattes.cnpq.br\/2974384756028670\"> <img decoding=\"async\" class=\"lattes\" src=\"https:\/\/wp.ufpel.edu.br\/gepaar\/files\/2018\/07\/lattes-393x400.png\" alt=\"Lattes\" \/><\/a><\/li>\n<\/ul>\n<\/div>\n<\/div>\n<\/div>\n<\/div>\n<div class=\"row\">\n<div class=\"column\">\n<div class=\"card\">\n<p><img decoding=\"async\" class=\"photomember\" src=\"https:\/\/wp.ufpel.edu.br\/gepaar\/files\/2018\/07\/image4-e1531667808723.jpeg\" alt=\"Rejane\" \/><\/p>\n<div class=\"container\">\n<p class=\"namemember\"><strong>REJANE FLOR MACHADO<\/strong><\/p>\n<p class=\"title\">Colaboradora<\/p>\n<p><strong>Forma\u00e7\u00e3o acad\u00eamica:<\/strong> Doutorado em Letras &#8211; Pontif\u00edcia Universidade Cat\u00f3lica do Rio Grande do Sul, PUCRS, Brasil.<br \/>\nMestrado em Ling\u00fc\u00edstica e Letras &#8211; Pontif\u00edcia Universidade Cat\u00f3lica do Rio Grande do Sul, PUCRS, Brasil.<br \/>\nEspecializa\u00e7\u00e3o em Metodologia do Ensino de Portug. e Ling. Estrangeira &#8211; Universidade do Vale do Rio dos Sinos, UNISINOS, Brasil.<br \/>\nGradua\u00e7\u00e3o em Letras &#8211; Faculdade Porto-Alegrense, FAPA, Brasil.<\/p>\n<ul id=\"iconslo\">\n<li><a href=\"http:\/\/lattes.cnpq.br\/8861675082220159\"> <img decoding=\"async\" class=\"lattes\" src=\"https:\/\/wp.ufpel.edu.br\/gepaar\/files\/2018\/07\/lattes-393x400.png\" alt=\"Lattes\" \/><\/a><\/li>\n<\/ul>\n<\/div>\n<\/div>\n<\/div>\n<div class=\"column\">\n<div class=\"card\">\n<p><img decoding=\"async\" class=\"photomember\" src=\"https:\/\/wp.ufpel.edu.br\/gepaar\/files\/2018\/07\/image3-e1531667840593.jpg\" alt=\"Luciana\" \/><\/p>\n<div class=\"container\">\n<p class=\"namemember\"><strong>LUCIANA TOALDO GENTILINI AVILA<\/strong><\/p>\n<p class=\"title\">Colaboradora<\/p>\n<p><strong>Forma\u00e7\u00e3o acad\u00eamica:<\/strong> Doutorado em Programa de P\u00f3s-Gradua\u00e7\u00e3o em Educa\u00e7\u00e3o &#8211; Universidade Federal de Pelotas, UFPEL, Brasil.<br \/>\nDoutorado em Programa Intercalar de Doutoramento &#8211; Universidade de Lisboa, UL, Portugal.<br \/>\nMestrado em Educa\u00e7\u00e3o F\u00edsica &#8211; Universidade Federal de Pelotas, UFPEL, Brasil.<br \/>\nGradua\u00e7\u00e3o em Educa\u00e7\u00e3o F\u00edsica ( Licenciatura) &#8211; Universidade Federal de Pelotas, UFPEL, Brasil.<\/p>\n<ul id=\"iconslo\">\n<li><a href=\"http:\/\/lattes.cnpq.br\/9505177298824946\"> <img decoding=\"async\" class=\"lattes\" src=\"https:\/\/wp.ufpel.edu.br\/gepaar\/files\/2018\/07\/lattes-393x400.png\" alt=\"Lattes\" \/><\/a><\/li>\n<li><a href=\"http:\/\/orcid.org\/0000-0002-8559-7904\"> <img decoding=\"async\" class=\"orcid\" src=\"https:\/\/wp.ufpel.edu.br\/gepaar\/files\/2018\/07\/orcid_128x128.png\" alt=\"Orcid\" \/><\/a><\/li>\n<\/ul>\n<\/div>\n<\/div>\n<\/div>\n<div class=\"column\">\n<div class=\"card\">\n<p><img decoding=\"async\" class=\"photomember\" src=\"https:\/\/wp.ufpel.edu.br\/gepaar\/files\/2018\/07\/image5-e1531667759877.jpeg\" alt=\"Julia\" \/><\/p>\n<div class=\"container\">\n<p class=\"namemember\"><strong>J\u00daLIA GUIMAR\u00c3ES NEVES<\/strong><\/p>\n<p class=\"title\">Colaboradora<\/p>\n<p><strong>Forma\u00e7\u00e3o acad\u00eamica:<\/strong> Doutorado em andamento em Educa\u00e7\u00e3o &#8211; Universidade Federal de Pelotas, UFPEL, Brasil<br \/>\nMestrado em Educa\u00e7\u00e2o &#8211; Universidade Federal do Rio Grande, FURG, Brasil<br \/>\nEspecializa\u00e7\u00e3o em Educa\u00e7\u00e3o Ambiental &#8211; Universidade Federal do Rio Grande, FURG, Brasil<br \/>\nGradua\u00e7\u00e3o em Pedagogia &#8211; Centro Universit\u00e1rio Internacional, UNINTER, Brasil<br \/>\nGradua\u00e7\u00e3o em ci\u00eancias biol\u00f3gicas licenciatura &#8211; Universidade Federal do Rio Grande, FURG, Brasil<\/p>\n<ul id=\"iconslo\">\n<li><a href=\"http:\/\/lattes.cnpq.br\/3012189720628803\"> <img decoding=\"async\" class=\"lattes\" src=\"https:\/\/wp.ufpel.edu.br\/gepaar\/files\/2018\/07\/lattes-393x400.png\" alt=\"Lattes\" \/><\/a><\/li>\n<\/ul>\n<\/div>\n<\/div>\n<\/div>\n<\/div>\n<div class=\"row\">\n<div class=\"column\">\n<div class=\"card\">\n<p><img decoding=\"async\" class=\"photomember\" src=\"https:\/\/wp.ufpel.edu.br\/gepaar\/files\/2018\/07\/image6-e1531667709187.jpeg\" alt=\"Celia\" \/><\/p>\n<div class=\"container\">\n<p class=\"namemember\"><strong>C\u00c9LIA ARTEMISA GOMES RODRIGUES MIRANDA<\/strong><\/p>\n<p class=\"title\">Colaboradora<\/p>\n<p><strong>Forma\u00e7\u00e3o acad\u00eamica:<\/strong> Doutorado em andamento em Educa\u00e7\u00e3o &#8211; Universidade Federal de Pelotas, UFPEL, Brasil<br \/>\nMestrado em Educa\u00e7\u00e2o &#8211; Universidade Federal de Pelotas, UFPEL, Brasil<br \/>\nGradua\u00e7\u00e3o em andamento em F\u00edsica &#8211; Universidade Federal de Pelotas, UFPEL, Brasil<br \/>\nGradua\u00e7\u00e3o em Ci\u00eancias Biol\u00f3gicas &#8211; Universidade Federal de Pelotas, UFPEL, Brasil<\/p>\n<ul id=\"iconslo\">\n<li><a href=\"http:\/\/lattes.cnpq.br\/9822090280059963\"> <img decoding=\"async\" class=\"lattes\" src=\"https:\/\/wp.ufpel.edu.br\/gepaar\/files\/2018\/07\/lattes-393x400.png\" alt=\"Lattes\" \/><\/a><\/li>\n<\/ul>\n<\/div>\n<\/div>\n<\/div>\n<div class=\"column\">\n<div class=\"card\">\n<p><img decoding=\"async\" class=\"photomember\" src=\"https:\/\/wp.ufpel.edu.br\/gepaar\/files\/2018\/07\/image7-e1531667665129.jpeg\" alt=\"Amanda Pranke\" \/><\/p>\n<div class=\"container\">\n<p class=\"namemember\"><strong>AMANDA PRANKE<\/strong><\/p>\n<p class=\"title\">Colaboradora<\/p>\n<p><strong>Forma\u00e7\u00e3o acad\u00eamica:<\/strong> Doutorado em Educa\u00e7\u00e3o &#8211; Universidade Federal de Pelotas, UFPEL, Brasil<br \/>\nMestrado em Educa\u00e7\u00e2o &#8211; Universidade Federal de Pelotas, UFPEL, Brasil<br \/>\nGradua\u00e7\u00e3o em Licenciatura em Matem\u00e1tica &#8211; Universidade Federal de Pelotas, UFPEL, Brasil<\/p>\n<ul id=\"iconslo\">\n<li><a href=\"http:\/\/lattes.cnpq.br\/8925293064700979\"> <img decoding=\"async\" class=\"lattes\" src=\"https:\/\/wp.ufpel.edu.br\/gepaar\/files\/2018\/07\/lattes-393x400.png\" alt=\"Lattes\" \/><\/a><\/li>\n<li><a href=\"https:\/\/orcid.org\/0000-0002-3741-1394\"> <img decoding=\"async\" class=\"orcid\" src=\"https:\/\/wp.ufpel.edu.br\/gepaar\/files\/2018\/07\/orcid_128x128.png\" alt=\"Orcid\" \/><\/a><\/li>\n<\/ul>\n<\/div>\n<\/div>\n<\/div>\n<div class=\"column\">\n<div class=\"card\">\n<p><img decoding=\"async\" class=\"photomember\" src=\"https:\/\/wp.ufpel.edu.br\/gepaar\/files\/2018\/07\/image8-e1531667612115.jpeg\" alt=\"VERIDIANA\" \/><\/p>\n<div class=\"container\">\n<p class=\"namemember\"><strong>VERIDIANA DE LIMA GOMES KR\u00dcGER<\/strong><\/p>\n<p class=\"title\">Colaboradora<\/p>\n<p><strong>Forma\u00e7\u00e3o acad\u00eamica:<\/strong> Doutorado em andamento em Educa\u00e7\u00e3o &#8211; Universidade Federal de Pelotas, UFPEL, Brasil<br \/>\nMestrado em M\u00fasica &#8211; Universidade Federal do Paran\u00e1, UFPR, Brasil<br \/>\nGradua\u00e7\u00e3o em andamento em Pedagogia &#8211; Faculdade Educacional da Lapa, FAEL, Brasil.<br \/>\nGradua\u00e7\u00e3o em M\u00fasica &#8211; Universidade Federal de Pelotas, UFPEL, Brasil.<\/p>\n<ul id=\"iconslo\">\n<li><a href=\"http:\/\/lattes.cnpq.br\/1368675801505177\"> <img decoding=\"async\" class=\"lattes\" src=\"https:\/\/wp.ufpel.edu.br\/gepaar\/files\/2018\/07\/lattes-393x400.png\" alt=\"Lattes\" \/><\/a><\/li>\n<\/ul>\n<\/div>\n<\/div>\n<\/div>\n<\/div>\n<div class=\"row\">\n<div class=\"column\">\n<div class=\"card\">\n<p><img decoding=\"async\" class=\"photomember\" src=\"https:\/\/wp.ufpel.edu.br\/gepaar\/files\/2018\/07\/image9-e1531667564382.jpeg\" alt=\"IGOR\" \/><\/p>\n<div class=\"container\">\n<p class=\"namemember\"><strong>IGOR MENDES KR\u00dcGER<\/strong><\/p>\n<p class=\"title\">Colaborador<\/p>\n<p><strong>Forma\u00e7\u00e3o acad\u00eamica:<\/strong> Doutorado em andamento em Educa\u00e7\u00e3o &#8211; Universidade Federal de Pelotas, UFPEL, Brasil<br \/>\nMestrado em M\u00fasica &#8211; Universidade Federal do Paran\u00e1, UFPR, Brasil<br \/>\nEspecializa\u00e7\u00e3o em Gest\u00e3o Cultural &#8211; Servi\u00e7o Nacional de Aprendizagem Comercial, SENAC-RS, Brasil<br \/>\nGradua\u00e7\u00e3o em Bacharelado em M\u00fasica. Habilita\u00e7\u00e3o em Viol\u00e3o &#8211; Universidade Federal de Pelotas, UFPEL, Brasil<\/p>\n<ul id=\"iconslo\">\n<li><a href=\"http:\/\/lattes.cnpq.br\/0548920024170297\"> <img decoding=\"async\" class=\"lattes\" src=\"https:\/\/wp.ufpel.edu.br\/gepaar\/files\/2018\/07\/lattes-393x400.png\" alt=\"Lattes\" \/><\/a><\/li>\n<\/ul>\n<\/div>\n<\/div>\n<\/div>\n<div class=\"column\">\n<div class=\"card\">\n<p><img decoding=\"async\" class=\"photomember\" src=\"https:\/\/wp.ufpel.edu.br\/gepaar\/files\/2018\/09\/servletrecuperafoto.jpg\" alt=\"Emily Maciel\" \/><\/p>\n<div class=\"container\">\n<p class=\"namemember\"><strong>EMILY MACIEL DA COSTA<\/strong><\/p>\n<p class=\"title\">Colaboradora<\/p>\n<p><strong>Forma\u00e7\u00e3o acad\u00eamica:<\/strong> Gradua\u00e7\u00e3o em andamento em Psicologia &#8211; Universidade Federal de Pelotas, UFPEL, Brasil.<\/p>\n<ul id=\"iconslo\">\n<li><a href=\"http:\/\/lattes.cnpq.br\/0009888212899992\"> <img decoding=\"async\" class=\"lattes\" src=\"https:\/\/wp.ufpel.edu.br\/gepaar\/files\/2018\/07\/lattes-393x400.png\" alt=\"Lattes\" \/><\/a><\/li>\n<\/ul>\n<\/div>\n<\/div>\n<\/div>\n<div class=\"column\">\n<div class=\"card\">\n<p><img decoding=\"async\" class=\"photomember\" src=\"https:\/\/wp.ufpel.edu.br\/gepaar\/files\/2018\/07\/servletrecuperafoto.jpg\" alt=\"Am\u00e9lia Nonticuri\" \/><\/p>\n<div class=\"container\">\n<p class=\"namemember\"><strong>AM\u00c9LIA RODRIGUES NONTICURI<\/strong><\/p>\n<p class=\"title\">Colaboradora<\/p>\n<p><strong>Forma\u00e7\u00e3o acad\u00eamica:<\/strong> Mestrado em Pol\u00edtica Social &#8211; Universidade Cat\u00f3lica de Pelotas, UCPEL, Brasil<br \/>\nEspecializa\u00e7\u00e3o em Administra\u00e7\u00e3o e Planejamento em projetos sociais &#8211; Universidade Gama Filho, UGF, Brasil<br \/>\nEspecializa\u00e7\u00e3o em Forma\u00e7\u00e3o em Terapia e Orienta\u00e7\u00e3o de Fam\u00edlia e de C. &#8211; Centro de Atendimento Integrado \u00e0 Fam\u00edlia, CAIF, Brasil<br \/>\nGradua\u00e7\u00e3o em Servi\u00e7o Social &#8211; Universidade Cat\u00f3lica de Pelotas, UCPEL, Brasil<\/p>\n<ul id=\"iconslo\">\n<li><a href=\"http:\/\/lattes.cnpq.br\/0127352757676639\"> <img decoding=\"async\" class=\"lattes\" src=\"https:\/\/wp.ufpel.edu.br\/gepaar\/files\/2018\/07\/lattes-393x400.png\" alt=\"Lattes\" \/><\/a><\/li>\n<\/ul>\n<\/div>\n<\/div>\n<\/div>\n<\/div>\n<div class=\"row\">\n<div class=\"column\">\n<div class=\"card\">\n<p><img loading=\"lazy\" decoding=\"async\" class=\"aligncenter wp-image-843\" src=\"https:\/\/wp.ufpel.edu.br\/gepaar\/files\/2020\/09\/WhatsApp-Image-2020-09-02-at-11.50-376x400.png\" alt=\"\" width=\"105\" height=\"111\" srcset=\"https:\/\/wp.ufpel.edu.br\/gepaar\/files\/2020\/09\/WhatsApp-Image-2020-09-02-at-11.50-376x400.png 376w, https:\/\/wp.ufpel.edu.br\/gepaar\/files\/2020\/09\/WhatsApp-Image-2020-09-02-at-11.50.png 720w\" sizes=\"auto, (max-width: 105px) 100vw, 105px\" \/><\/p>\n<div class=\"container\">\n<p class=\"namemember\"><strong>ANNELISE COSTA DE JESUS<\/strong><\/p>\n<p class=\"title\">Colaboradora<\/p>\n<p><strong>Forma\u00e7\u00e3o acad\u00eamica:<\/strong> Gradua\u00e7\u00e3o em andamento em Pedagogia \u2013 Universidade Federal de Pelotas, UFPEL, Brasil.<\/p>\n<ul id=\"iconslo\">\n<li><a href=\"http:\/\/lattes.cnpq.br\/7253788557121223\"><img loading=\"lazy\" decoding=\"async\" class=\"lattes alignnone\" src=\"https:\/\/wp.ufpel.edu.br\/gepaar\/files\/2018\/07\/lattes-393x400.png\" alt=\"Lattes\" width=\"393\" height=\"400\" \/><\/a><\/li>\n<\/ul>\n<\/div>\n<\/div>\n<\/div>\n<div class=\"column\">\n<div class=\"card\">\n<p><img loading=\"lazy\" decoding=\"async\" class=\"aligncenter wp-image-844\" src=\"https:\/\/wp.ufpel.edu.br\/gepaar\/files\/2020\/09\/Sem-Titulo-2-397x400.png\" alt=\"\" width=\"118\" height=\"119\" srcset=\"https:\/\/wp.ufpel.edu.br\/gepaar\/files\/2020\/09\/Sem-Titulo-2-397x400.png 397w, https:\/\/wp.ufpel.edu.br\/gepaar\/files\/2020\/09\/Sem-Titulo-2-200x200.png 200w, https:\/\/wp.ufpel.edu.br\/gepaar\/files\/2020\/09\/Sem-Titulo-2-50x50.png 50w, https:\/\/wp.ufpel.edu.br\/gepaar\/files\/2020\/09\/Sem-Titulo-2.png 460w\" sizes=\"auto, (max-width: 118px) 100vw, 118px\" \/><\/p>\n<div class=\"container\">\n<p class=\"namemember\"><strong>CAROLINA BORBA DOS SANTOS<\/strong><\/p>\n<p class=\"title\">Colaboradora<\/p>\n<p><strong>Forma\u00e7\u00e3o acad\u00eamica:<\/strong> Gradua\u00e7\u00e3o em andamento em Geografia Licenciatura \u2013 Universidade Federal de Pelotas, UFPEL, Brasil.<\/p>\n<ul id=\"iconslo\">\n<li><a href=\"http:\/\/lattes.cnpq.br\/3614463661778233\"><img loading=\"lazy\" decoding=\"async\" class=\"lattes alignnone\" src=\"https:\/\/wp.ufpel.edu.br\/gepaar\/files\/2018\/07\/lattes-393x400.png\" alt=\"Lattes\" width=\"393\" height=\"400\" \/><\/a><\/li>\n<\/ul>\n<\/div>\n<\/div>\n<\/div>\n<div class=\"column\">\n<div class=\"card\">\n<p><img loading=\"lazy\" decoding=\"async\" class=\"wp-image-799 aligncenter\" src=\"https:\/\/wp.ufpel.edu.br\/gepaar\/files\/2020\/09\/20190424_173824-400x385.png\" alt=\"\" width=\"121\" height=\"116\" srcset=\"https:\/\/wp.ufpel.edu.br\/gepaar\/files\/2020\/09\/20190424_173824-400x385.png 400w, https:\/\/wp.ufpel.edu.br\/gepaar\/files\/2020\/09\/20190424_173824-1024x985.png 1024w, https:\/\/wp.ufpel.edu.br\/gepaar\/files\/2020\/09\/20190424_173824-768x739.png 768w, https:\/\/wp.ufpel.edu.br\/gepaar\/files\/2020\/09\/20190424_173824-1536x1477.png 1536w, https:\/\/wp.ufpel.edu.br\/gepaar\/files\/2020\/09\/20190424_173824.png 1858w\" sizes=\"auto, (max-width: 121px) 100vw, 121px\" \/><\/p>\n<div class=\"container\">\n<p class=\"namemember\"><strong>PEDRO CASTILHOS DA ROSA<\/strong><\/p>\n<p class=\"title\">Colaborador<\/p>\n<p><strong>Forma\u00e7\u00e3o acad\u00eamica: <\/strong>Gradua\u00e7\u00e3o em andamento em Geografia Licenciatura \u2013 Universidade Federal de Pelotas, UFPEL, Brasil.<\/p>\n<ul id=\"iconslo\">\n<li><a href=\"http:\/\/lattes.cnpq.br\/9645047853123449\"><img loading=\"lazy\" decoding=\"async\" class=\"lattes alignnone\" src=\"https:\/\/wp.ufpel.edu.br\/gepaar\/files\/2018\/07\/lattes-393x400.png\" alt=\"Lattes\" width=\"393\" height=\"400\" \/><\/a><\/li>\n<\/ul>\n<\/div>\n<\/div>\n<\/div>\n<\/div>\n","protected":false},"excerpt":{"rendered":"<p>&nbsp; LOURDES MARIA BRAGAGNOLO FRISON Coordenadora Forma\u00e7\u00e3o acad\u00eamica: Doutorado em Faculdade de Psicologia &#8211; Universidade de Lisboa, UL, Portugal; Doutorado em Educa\u00e7\u00e3o &#8211; Pontif\u00edcia Universidade Cat\u00f3lica do Rio Grande do Sul, PUCRS, Brasil; Mestrado em Educa\u00e7\u00e3o &#8211; Pontif\u00edcia Universidade Cat\u00f3lica do Rio Grande do Sul, PUCRS, Brasil. ANA MARGARIDA VEIGA SIM\u00c3O Colaboradora Forma\u00e7\u00e3o acad\u00eamica: Doutoramento&hellip;<\/p>\n","protected":false},"author":858,"featured_media":0,"parent":0,"menu_order":0,"comment_status":"closed","ping_status":"closed","template":"","meta":{"footnotes":""},"class_list":["post-16","page","type-page","status-publish","hentry"],"_links":{"self":[{"href":"https:\/\/wp.ufpel.edu.br\/gepaar\/wp-json\/wp\/v2\/pages\/16","targetHints":{"allow":["GET"]}}],"collection":[{"href":"https:\/\/wp.ufpel.edu.br\/gepaar\/wp-json\/wp\/v2\/pages"}],"about":[{"href":"https:\/\/wp.ufpel.edu.br\/gepaar\/wp-json\/wp\/v2\/types\/page"}],"author":[{"embeddable":true,"href":"https:\/\/wp.ufpel.edu.br\/gepaar\/wp-json\/wp\/v2\/users\/858"}],"replies":[{"embeddable":true,"href":"https:\/\/wp.ufpel.edu.br\/gepaar\/wp-json\/wp\/v2\/comments?post=16"}],"version-history":[{"count":78,"href":"https:\/\/wp.ufpel.edu.br\/gepaar\/wp-json\/wp\/v2\/pages\/16\/revisions"}],"predecessor-version":[{"id":846,"href":"https:\/\/wp.ufpel.edu.br\/gepaar\/wp-json\/wp\/v2\/pages\/16\/revisions\/846"}],"wp:attachment":[{"href":"https:\/\/wp.ufpel.edu.br\/gepaar\/wp-json\/wp\/v2\/media?parent=16"}],"curies":[{"name":"wp","href":"https:\/\/api.w.org\/{rel}","templated":true}]}}