{"id":611,"date":"2021-05-25T14:43:38","date_gmt":"2021-05-25T17:43:38","guid":{"rendered":"https:\/\/wp.ufpel.edu.br\/geoter\/?page_id=611"},"modified":"2021-05-25T14:43:58","modified_gmt":"2021-05-25T17:43:58","slug":"fronteira-seguranca-publica-e-territorio","status":"publish","type":"page","link":"https:\/\/wp.ufpel.edu.br\/geoter\/?page_id=611","title":{"rendered":"Fronteira, Seguran\u00e7a Publica e Territ\u00f3rio"},"content":{"rendered":"<p><img class=\"alignnone wp-image-594 aligncenter\" src=\"https:\/\/wp.ufpel.edu.br\/geoter\/files\/2021\/05\/PARTICIPANTES-DO-GRUPO-DE-ESTUDOS-GEOTER-8.png\" alt=\"\" width=\"693\" height=\"138\" srcset=\"https:\/\/wp.ufpel.edu.br\/geoter\/files\/2021\/05\/PARTICIPANTES-DO-GRUPO-DE-ESTUDOS-GEOTER-8.png 500w, https:\/\/wp.ufpel.edu.br\/geoter\/files\/2021\/05\/PARTICIPANTES-DO-GRUPO-DE-ESTUDOS-GEOTER-8-400x80.png 400w\" sizes=\"(max-width: 693px) 100vw, 693px\" \/><\/p>\n<p><span style=\"color: #333333\"><a style=\"color: #333333\" href=\"https:\/\/wp.ufpel.edu.br\/geoter\/files\/2020\/11\/Fronteiras-e-Ilegalismos.-O-papel-do-Rio-Grande-do-Sul-no-trafico-de-maconha-para-o-Uruguai-no-periodo-de-2017-a-2019.pdf\">ARTIGO: FRONTEIRAS E ILEGALISMO: O PAPEL DO ESTADO DO RIO GRANDE DO SUL NO TR\u00c1FICO DE MACONHA PARA O URUGUAI NO PER\u00cdODO DE 2017 A 2019. <\/a><\/span><\/p>\n<p style=\"text-align: center\"><span style=\"color: #333333\">Autores: Antonio Lourence Kila de Queiroz; Eduardo Schumann; Tiaraju Salini Duarte.<\/span><\/p>\n<p style=\"text-align: justify\">O objetivo principal do presente artigo \u00e9 analisar o tr\u00e1fico de maconha entre Paraguai-Brasil-Uruguai, buscando compreender o papel que o estado do Rio Grande do Sul nesta din\u00e2mica territorial. Como recorte emp\u00edrico, det\u00e9m-se principalmente em analisar o estado do Rio Grande do Sul, devido ao mesmo fazer fronteira com o Uruguai e evidenciar nos \u00faltimos anos um crescente aumento nos \u00edndices criminais relacionados ao tr\u00e1fico de drogas. Em termos metodol\u00f3gicos, o trabalho assenta-se em tr\u00eas pilares: O primeiro \u00e9 a an\u00e1lise de dados disponibilizados pela Policia Rodovi\u00e1ria Federal e Pol\u00edcia Civil nos anos de 2017 a 2019; o segundo refere-se a reportagens de jornais do estado Ga\u00facho que retratam a quest\u00e3o do tr\u00e1fico na fronteira; o \u00faltimo centra-se na tabula\u00e7\u00e3o e espacializa\u00e7\u00e3o destes dados atrav\u00e9s do software Excel e QGIS. Foi poss\u00edvel entender que mesmo n\u00e3o existindo uma liga\u00e7\u00e3o direta entre o Paraguai e o Uruguai, ocorre na atualidade a forma\u00e7\u00e3o de uma continuidade no que tange ao tr\u00e1fico de maconha, sendo o estado sulino o corredor de passagem e uma extens\u00e3o das rela\u00e7\u00f5es interfronteiri\u00e7as.<\/p>\n<p style=\"text-align: center\"><span style=\"color: #333333\"><a style=\"color: #333333\" href=\"https:\/\/wp.ufpel.edu.br\/geoter\/files\/2020\/11\/artigo-cic-Joao-pedro.pdf\">RESUMO EXPANDIDO: O TR\u00c1FICO DE DROGAS E A INTERIORIZA\u00c7\u00c3O DA VIOL\u00caNCIA NA FRONTEIRA SUL DO RIO GRANDE DO SUL: UM ESTUDO DA RELA\u00c7\u00c3O CHU\u00cd\/CHUY. <\/a><\/span><\/p>\n<p style=\"text-align: center\"><span style=\"color: #333333\">\u00a0AUTORES: Jo\u00e3o Pedro Orcina; Tiaraju Salini Duarte<\/span><\/p>\n<p style=\"text-align: justify\">O objetivo principal do presente artigo \u00e9 analisar o tr\u00e1fico de maconha entre ParaguaiBrasil-Uruguai, buscando compreender o papel que o estado do Rio Grande do Sul nesta din\u00e2mica territorial. Como recorte emp\u00edrico, det\u00e9m-se principalmente em analisar o estado do Rio Grande do Sul, devido ao mesmo fazer fronteira com o Uruguai e evidenciar nos \u00faltimos anos um crescente aumento nos \u00edndices criminais relacionados ao tr\u00e1fico de drogas. Em termos metodol\u00f3gicos, o trabalho assenta-se em tr\u00eas pilares: O primeiro \u00e9 a an\u00e1lise de dados disponibilizados pela Policia Rodovi\u00e1ria Federal e Pol\u00edcia Civil nos anos de 2017 a 2019; o segundo refere-se a reportagens de jornais do estado Ga\u00facho que retratam a quest\u00e3o do tr\u00e1fico na fronteira; o \u00faltimo centra-se na tabula\u00e7\u00e3o e espacializa\u00e7\u00e3o destes dados atrav\u00e9s do software Excel e QGIS. Foi poss\u00edvel entender que mesmo n\u00e3o existindo uma liga\u00e7\u00e3o direta entre o Paraguai e o Uruguai, ocorre na atualidade a forma\u00e7\u00e3o de uma continuidade no que tange ao tr\u00e1fico de maconha, sendo o estado sulino o corredor de passagem e uma extens\u00e3o das rela\u00e7\u00f5es interfronteiri\u00e7as.<\/p>\n","protected":false},"excerpt":{"rendered":"<p>ARTIGO: FRONTEIRAS E ILEGALISMO: O PAPEL DO ESTADO DO RIO GRANDE DO SUL NO TR\u00c1FICO DE MACONHA PARA O URUGUAI NO PER\u00cdODO DE 2017 A 2019. Autores: Antonio Lourence Kila de Queiroz; Eduardo Schumann; Tiaraju Salini Duarte. O objetivo principal do presente artigo \u00e9 analisar o tr\u00e1fico de maconha entre Paraguai-Brasil-Uruguai, buscando compreender o papel [&hellip;]<\/p>\n","protected":false},"author":895,"featured_media":0,"parent":107,"menu_order":0,"comment_status":"closed","ping_status":"closed","template":"","meta":{"jetpack_post_was_ever_published":false,"footnotes":""},"class_list":["post-611","page","type-page","status-publish","hentry"],"yoast_head":"<!-- This site is optimized with the Yoast SEO plugin v26.7 - https:\/\/yoast.com\/wordpress\/plugins\/seo\/ -->\n<title>Fronteira, Seguran\u00e7a Publica e Territ\u00f3rio - GRUPO DE PESQUISA: GEOGRAFIA POL\u00cdTICA, GEOPOL\u00cdTICA E TERRITORIALIDADES<\/title>\n<meta name=\"robots\" content=\"index, follow, max-snippet:-1, max-image-preview:large, max-video-preview:-1\" \/>\n<link rel=\"canonical\" href=\"https:\/\/wp.ufpel.edu.br\/geoter\/?page_id=611\" \/>\n<meta property=\"og:locale\" content=\"pt_BR\" \/>\n<meta property=\"og:type\" content=\"article\" \/>\n<meta property=\"og:title\" content=\"Fronteira, Seguran\u00e7a Publica e Territ\u00f3rio - GRUPO DE PESQUISA: GEOGRAFIA POL\u00cdTICA, GEOPOL\u00cdTICA E TERRITORIALIDADES\" \/>\n<meta property=\"og:description\" content=\"ARTIGO: FRONTEIRAS E ILEGALISMO: O PAPEL DO ESTADO DO RIO GRANDE DO SUL NO TR\u00c1FICO DE MACONHA PARA O URUGUAI NO PER\u00cdODO DE 2017 A 2019. Autores: Antonio Lourence Kila de Queiroz; Eduardo Schumann; Tiaraju Salini Duarte. O objetivo principal do presente artigo \u00e9 analisar o tr\u00e1fico de maconha entre Paraguai-Brasil-Uruguai, buscando compreender o papel [&hellip;]\" \/>\n<meta property=\"og:url\" content=\"https:\/\/wp.ufpel.edu.br\/geoter\/?page_id=611\" \/>\n<meta property=\"og:site_name\" content=\"GRUPO DE PESQUISA: GEOGRAFIA POL\u00cdTICA, GEOPOL\u00cdTICA E TERRITORIALIDADES\" \/>\n<meta property=\"article:publisher\" content=\"https:\/\/www.facebook.com\/GeoTerUFPEL\" \/>\n<meta property=\"article:modified_time\" content=\"2021-05-25T17:43:58+00:00\" \/>\n<meta property=\"og:image\" content=\"https:\/\/wp.ufpel.edu.br\/geoter\/files\/2021\/05\/PARTICIPANTES-DO-GRUPO-DE-ESTUDOS-GEOTER-8.png\" \/>\n<meta name=\"twitter:card\" content=\"summary_large_image\" \/>\n<meta name=\"twitter:label1\" content=\"Est. tempo de leitura\" \/>\n\t<meta name=\"twitter:data1\" content=\"3 minutos\" \/>\n<script type=\"application\/ld+json\" class=\"yoast-schema-graph\">{\"@context\":\"https:\/\/schema.org\",\"@graph\":[{\"@type\":\"WebPage\",\"@id\":\"https:\/\/wp.ufpel.edu.br\/geoter\/?page_id=611\",\"url\":\"https:\/\/wp.ufpel.edu.br\/geoter\/?page_id=611\",\"name\":\"Fronteira, Seguran\u00e7a Publica e Territ\u00f3rio - GRUPO DE PESQUISA: GEOGRAFIA POL\u00cdTICA, GEOPOL\u00cdTICA E TERRITORIALIDADES\",\"isPartOf\":{\"@id\":\"https:\/\/wp.ufpel.edu.br\/geoter\/#website\"},\"primaryImageOfPage\":{\"@id\":\"https:\/\/wp.ufpel.edu.br\/geoter\/?page_id=611#primaryimage\"},\"image\":{\"@id\":\"https:\/\/wp.ufpel.edu.br\/geoter\/?page_id=611#primaryimage\"},\"thumbnailUrl\":\"https:\/\/wp.ufpel.edu.br\/geoter\/files\/2021\/05\/PARTICIPANTES-DO-GRUPO-DE-ESTUDOS-GEOTER-8.png\",\"datePublished\":\"2021-05-25T17:43:38+00:00\",\"dateModified\":\"2021-05-25T17:43:58+00:00\",\"breadcrumb\":{\"@id\":\"https:\/\/wp.ufpel.edu.br\/geoter\/?page_id=611#breadcrumb\"},\"inLanguage\":\"pt-BR\",\"potentialAction\":[{\"@type\":\"ReadAction\",\"target\":[\"https:\/\/wp.ufpel.edu.br\/geoter\/?page_id=611\"]}]},{\"@type\":\"ImageObject\",\"inLanguage\":\"pt-BR\",\"@id\":\"https:\/\/wp.ufpel.edu.br\/geoter\/?page_id=611#primaryimage\",\"url\":\"https:\/\/wp.ufpel.edu.br\/geoter\/files\/2021\/05\/PARTICIPANTES-DO-GRUPO-DE-ESTUDOS-GEOTER-8.png\",\"contentUrl\":\"https:\/\/wp.ufpel.edu.br\/geoter\/files\/2021\/05\/PARTICIPANTES-DO-GRUPO-DE-ESTUDOS-GEOTER-8.png\",\"width\":500,\"height\":100},{\"@type\":\"BreadcrumbList\",\"@id\":\"https:\/\/wp.ufpel.edu.br\/geoter\/?page_id=611#breadcrumb\",\"itemListElement\":[{\"@type\":\"ListItem\",\"position\":1,\"name\":\"In\u00edcio\",\"item\":\"https:\/\/wp.ufpel.edu.br\/geoter\"},{\"@type\":\"ListItem\",\"position\":2,\"name\":\"Publica\u00e7\u00f5es\",\"item\":\"https:\/\/wp.ufpel.edu.br\/geoter\/?page_id=107\"},{\"@type\":\"ListItem\",\"position\":3,\"name\":\"Fronteira, Seguran\u00e7a Publica e Territ\u00f3rio\"}]},{\"@type\":\"WebSite\",\"@id\":\"https:\/\/wp.ufpel.edu.br\/geoter\/#website\",\"url\":\"https:\/\/wp.ufpel.edu.br\/geoter\/\",\"name\":\"GRUPO DE PESQUISA: GEOGRAFIA POL\u00cdTICA, GEOPOL\u00cdTICA E TERRITORIALIDADES\",\"description\":\"TESTE\",\"publisher\":{\"@id\":\"https:\/\/wp.ufpel.edu.br\/geoter\/#organization\"},\"potentialAction\":[{\"@type\":\"SearchAction\",\"target\":{\"@type\":\"EntryPoint\",\"urlTemplate\":\"https:\/\/wp.ufpel.edu.br\/geoter\/?s={search_term_string}\"},\"query-input\":{\"@type\":\"PropertyValueSpecification\",\"valueRequired\":true,\"valueName\":\"search_term_string\"}}],\"inLanguage\":\"pt-BR\"},{\"@type\":\"Organization\",\"@id\":\"https:\/\/wp.ufpel.edu.br\/geoter\/#organization\",\"name\":\"GRUPO DE PESQUISA: GEOGRAFIA POL\u00cdTICA, GEOPOL\u00cdTICA E TERRITORIALIDADES\",\"url\":\"https:\/\/wp.ufpel.edu.br\/geoter\/\",\"logo\":{\"@type\":\"ImageObject\",\"inLanguage\":\"pt-BR\",\"@id\":\"https:\/\/wp.ufpel.edu.br\/geoter\/#\/schema\/logo\/image\/\",\"url\":\"https:\/\/wp.ufpel.edu.br\/geoter\/files\/2021\/05\/imagem_2021-05-21_114443.png\",\"contentUrl\":\"https:\/\/wp.ufpel.edu.br\/geoter\/files\/2021\/05\/imagem_2021-05-21_114443.png\",\"width\":796,\"height\":758,\"caption\":\"GRUPO DE PESQUISA: GEOGRAFIA POL\u00cdTICA, GEOPOL\u00cdTICA E TERRITORIALIDADES\"},\"image\":{\"@id\":\"https:\/\/wp.ufpel.edu.br\/geoter\/#\/schema\/logo\/image\/\"},\"sameAs\":[\"https:\/\/www.facebook.com\/GeoTerUFPEL\"]}]}<\/script>\n<!-- \/ Yoast SEO plugin. -->","yoast_head_json":{"title":"Fronteira, Seguran\u00e7a Publica e Territ\u00f3rio - GRUPO DE PESQUISA: GEOGRAFIA POL\u00cdTICA, GEOPOL\u00cdTICA E TERRITORIALIDADES","robots":{"index":"index","follow":"follow","max-snippet":"max-snippet:-1","max-image-preview":"max-image-preview:large","max-video-preview":"max-video-preview:-1"},"canonical":"https:\/\/wp.ufpel.edu.br\/geoter\/?page_id=611","og_locale":"pt_BR","og_type":"article","og_title":"Fronteira, Seguran\u00e7a Publica e Territ\u00f3rio - GRUPO DE PESQUISA: GEOGRAFIA POL\u00cdTICA, GEOPOL\u00cdTICA E TERRITORIALIDADES","og_description":"ARTIGO: FRONTEIRAS E ILEGALISMO: O PAPEL DO ESTADO DO RIO GRANDE DO SUL NO TR\u00c1FICO DE MACONHA PARA O URUGUAI NO PER\u00cdODO DE 2017 A 2019. Autores: Antonio Lourence Kila de Queiroz; Eduardo Schumann; Tiaraju Salini Duarte. O objetivo principal do presente artigo \u00e9 analisar o tr\u00e1fico de maconha entre Paraguai-Brasil-Uruguai, buscando compreender o papel [&hellip;]","og_url":"https:\/\/wp.ufpel.edu.br\/geoter\/?page_id=611","og_site_name":"GRUPO DE PESQUISA: GEOGRAFIA POL\u00cdTICA, GEOPOL\u00cdTICA E TERRITORIALIDADES","article_publisher":"https:\/\/www.facebook.com\/GeoTerUFPEL","article_modified_time":"2021-05-25T17:43:58+00:00","og_image":[{"url":"https:\/\/wp.ufpel.edu.br\/geoter\/files\/2021\/05\/PARTICIPANTES-DO-GRUPO-DE-ESTUDOS-GEOTER-8.png","type":"","width":"","height":""}],"twitter_card":"summary_large_image","twitter_misc":{"Est. tempo de leitura":"3 minutos"},"schema":{"@context":"https:\/\/schema.org","@graph":[{"@type":"WebPage","@id":"https:\/\/wp.ufpel.edu.br\/geoter\/?page_id=611","url":"https:\/\/wp.ufpel.edu.br\/geoter\/?page_id=611","name":"Fronteira, Seguran\u00e7a Publica e Territ\u00f3rio - GRUPO DE PESQUISA: GEOGRAFIA POL\u00cdTICA, GEOPOL\u00cdTICA E TERRITORIALIDADES","isPartOf":{"@id":"https:\/\/wp.ufpel.edu.br\/geoter\/#website"},"primaryImageOfPage":{"@id":"https:\/\/wp.ufpel.edu.br\/geoter\/?page_id=611#primaryimage"},"image":{"@id":"https:\/\/wp.ufpel.edu.br\/geoter\/?page_id=611#primaryimage"},"thumbnailUrl":"https:\/\/wp.ufpel.edu.br\/geoter\/files\/2021\/05\/PARTICIPANTES-DO-GRUPO-DE-ESTUDOS-GEOTER-8.png","datePublished":"2021-05-25T17:43:38+00:00","dateModified":"2021-05-25T17:43:58+00:00","breadcrumb":{"@id":"https:\/\/wp.ufpel.edu.br\/geoter\/?page_id=611#breadcrumb"},"inLanguage":"pt-BR","potentialAction":[{"@type":"ReadAction","target":["https:\/\/wp.ufpel.edu.br\/geoter\/?page_id=611"]}]},{"@type":"ImageObject","inLanguage":"pt-BR","@id":"https:\/\/wp.ufpel.edu.br\/geoter\/?page_id=611#primaryimage","url":"https:\/\/wp.ufpel.edu.br\/geoter\/files\/2021\/05\/PARTICIPANTES-DO-GRUPO-DE-ESTUDOS-GEOTER-8.png","contentUrl":"https:\/\/wp.ufpel.edu.br\/geoter\/files\/2021\/05\/PARTICIPANTES-DO-GRUPO-DE-ESTUDOS-GEOTER-8.png","width":500,"height":100},{"@type":"BreadcrumbList","@id":"https:\/\/wp.ufpel.edu.br\/geoter\/?page_id=611#breadcrumb","itemListElement":[{"@type":"ListItem","position":1,"name":"In\u00edcio","item":"https:\/\/wp.ufpel.edu.br\/geoter"},{"@type":"ListItem","position":2,"name":"Publica\u00e7\u00f5es","item":"https:\/\/wp.ufpel.edu.br\/geoter\/?page_id=107"},{"@type":"ListItem","position":3,"name":"Fronteira, Seguran\u00e7a Publica e Territ\u00f3rio"}]},{"@type":"WebSite","@id":"https:\/\/wp.ufpel.edu.br\/geoter\/#website","url":"https:\/\/wp.ufpel.edu.br\/geoter\/","name":"GRUPO DE PESQUISA: GEOGRAFIA POL\u00cdTICA, GEOPOL\u00cdTICA E TERRITORIALIDADES","description":"TESTE","publisher":{"@id":"https:\/\/wp.ufpel.edu.br\/geoter\/#organization"},"potentialAction":[{"@type":"SearchAction","target":{"@type":"EntryPoint","urlTemplate":"https:\/\/wp.ufpel.edu.br\/geoter\/?s={search_term_string}"},"query-input":{"@type":"PropertyValueSpecification","valueRequired":true,"valueName":"search_term_string"}}],"inLanguage":"pt-BR"},{"@type":"Organization","@id":"https:\/\/wp.ufpel.edu.br\/geoter\/#organization","name":"GRUPO DE PESQUISA: GEOGRAFIA POL\u00cdTICA, GEOPOL\u00cdTICA E TERRITORIALIDADES","url":"https:\/\/wp.ufpel.edu.br\/geoter\/","logo":{"@type":"ImageObject","inLanguage":"pt-BR","@id":"https:\/\/wp.ufpel.edu.br\/geoter\/#\/schema\/logo\/image\/","url":"https:\/\/wp.ufpel.edu.br\/geoter\/files\/2021\/05\/imagem_2021-05-21_114443.png","contentUrl":"https:\/\/wp.ufpel.edu.br\/geoter\/files\/2021\/05\/imagem_2021-05-21_114443.png","width":796,"height":758,"caption":"GRUPO DE PESQUISA: GEOGRAFIA POL\u00cdTICA, GEOPOL\u00cdTICA E TERRITORIALIDADES"},"image":{"@id":"https:\/\/wp.ufpel.edu.br\/geoter\/#\/schema\/logo\/image\/"},"sameAs":["https:\/\/www.facebook.com\/GeoTerUFPEL"]}]}},"jetpack_sharing_enabled":true,"jetpack_shortlink":"https:\/\/wp.me\/PaQxRW-9R","_links":{"self":[{"href":"https:\/\/wp.ufpel.edu.br\/geoter\/index.php?rest_route=\/wp\/v2\/pages\/611","targetHints":{"allow":["GET"]}}],"collection":[{"href":"https:\/\/wp.ufpel.edu.br\/geoter\/index.php?rest_route=\/wp\/v2\/pages"}],"about":[{"href":"https:\/\/wp.ufpel.edu.br\/geoter\/index.php?rest_route=\/wp\/v2\/types\/page"}],"author":[{"embeddable":true,"href":"https:\/\/wp.ufpel.edu.br\/geoter\/index.php?rest_route=\/wp\/v2\/users\/895"}],"replies":[{"embeddable":true,"href":"https:\/\/wp.ufpel.edu.br\/geoter\/index.php?rest_route=%2Fwp%2Fv2%2Fcomments&post=611"}],"version-history":[{"count":1,"href":"https:\/\/wp.ufpel.edu.br\/geoter\/index.php?rest_route=\/wp\/v2\/pages\/611\/revisions"}],"predecessor-version":[{"id":613,"href":"https:\/\/wp.ufpel.edu.br\/geoter\/index.php?rest_route=\/wp\/v2\/pages\/611\/revisions\/613"}],"up":[{"embeddable":true,"href":"https:\/\/wp.ufpel.edu.br\/geoter\/index.php?rest_route=\/wp\/v2\/pages\/107"}],"wp:attachment":[{"href":"https:\/\/wp.ufpel.edu.br\/geoter\/index.php?rest_route=%2Fwp%2Fv2%2Fmedia&parent=611"}],"curies":[{"name":"wp","href":"https:\/\/api.w.org\/{rel}","templated":true}]}}