{"id":605,"date":"2021-05-25T14:35:22","date_gmt":"2021-05-25T17:35:22","guid":{"rendered":"https:\/\/wp.ufpel.edu.br\/geoter\/?page_id=605"},"modified":"2021-05-25T15:41:37","modified_gmt":"2021-05-25T18:41:37","slug":"geografia-politica-e-geopolitica","status":"publish","type":"page","link":"https:\/\/wp.ufpel.edu.br\/geoter\/?page_id=605","title":{"rendered":"Geografia Pol\u00edtica e Geopol\u00edtica"},"content":{"rendered":"<p><img class=\"wp-image-602 aligncenter\" src=\"https:\/\/wp.ufpel.edu.br\/geoter\/files\/2021\/05\/PARTICIPANTES-DO-GRUPO-DE-ESTUDOS-GEOTER-9.png\" alt=\"\" width=\"711\" height=\"142\" srcset=\"https:\/\/wp.ufpel.edu.br\/geoter\/files\/2021\/05\/PARTICIPANTES-DO-GRUPO-DE-ESTUDOS-GEOTER-9.png 500w, https:\/\/wp.ufpel.edu.br\/geoter\/files\/2021\/05\/PARTICIPANTES-DO-GRUPO-DE-ESTUDOS-GEOTER-9-400x80.png 400w\" sizes=\"(max-width: 711px) 100vw, 711px\" \/><\/p>\n<p><span style=\"color: #333333\"><a style=\"color: #333333\" href=\"https:\/\/wp.ufpel.edu.br\/geoter\/files\/2020\/11\/ACFrOgDdi_ytqWpeglDeLlxqUGgrDoAUX1gCmn7M_UmwThVQ_T0zq3TE36ZFzywqP5GyhLnNC3DP_tvtABPjszW-bDOBFk-2kBhzLSvjAsIWinJAC6k_gGOe5tcGwe1C-gfQqLiCET-nhep9uS-Q.pdf\">ARTIGO: DIVERSIDADE E POSS\u00cdVEIS CAMPOS DE PESQUISA EM GEOPOL\u00cdTICA NA GEOGRAFIA BRASILEIRA.<\/a><\/span><\/p>\n<p style=\"text-align: center\">Autores: William Martins Louren\u00e7o, Tiaraju Salini Duarte<\/p>\n<p style=\"text-align: justify\">Resumo: A Geopol\u00edtica enquanto \u00e1rea do saber nos possibilita compreender as diversas formas de proje\u00e7\u00e3o das rela\u00e7\u00f5es de poder no espa\u00e7o. A denominada Geopol\u00edtica Cl\u00e1ssica, neste sentido, constituiu-se como uma forma de pensar essas tendo como base do Estado-Na\u00e7\u00e3o. Na contracorrente surgem no s\u00e9culo XXI distintas pesquisas que buscam construir um conhecimento que diversifica as formas de compreender esta \u00e1rea. Neste sentido, o objetivo geral do presente trabalho \u00e9 analisar o campo de saber da Geopol\u00edtica na ci\u00eancia Geogr\u00e1fica, buscando compreender a constitui\u00e7\u00e3o e diversidade de pesquisas sobre esta \u00e1rea. Como base emp\u00edrica utilizamos o reposit\u00f3rio de dados da CAPES, tendo como recorte as disserta\u00e7\u00f5es e teses publicadas no ano de 2016-17. A<br \/>\nmetodologia da pesquisa se divide em: revis\u00e3o bibliogr\u00e1fica, coleta de dados e an\u00e1lise textual descritiva. Por fim, evidenciou-se que, por mais que existam pesquisas que trabalham o EstadoNa\u00e7\u00e3o como um pilar, a diversidade de tem\u00e1ticas oriundas desta \u00e1rea constroem na atualidade novos rumos para este conhecimento.<\/p>\n<p><span style=\"color: #333333\"><a style=\"color: #333333\" href=\"https:\/\/wp.ufpel.edu.br\/geoter\/files\/2020\/11\/12515-Texto-do-artigo-39738-1-10-20200622.pdf\">ARTIGO: GUERRA DE CANUDOS (1896 \u2013 1897): DA EMANCIPA\u00c7\u00c3O SERTANEJA A BARB\u00c1RIE PROMOVIDA PELO ESTADO-NA\u00c7\u00c3O.<\/a><\/span><\/p>\n<p style=\"text-align: center\">Autores: Robinson Santos Pinheiro, Tiaraju Salini Duarte<\/p>\n<p style=\"text-align: justify\">A partir da revis\u00e3o bibliogr\u00e1fica sobre a biografia de Ant\u00f4nio Conselheiro, a forma\u00e7\u00e3o de Belo Monte e a Guerra de Canudos, se objetiva teoricamente versar acerca da emancipa\u00e7\u00e3o sertaneja que culminou num dos maiores conflitos armados no campo brasileiro. Na barb\u00e1rie denominada Guerra de Canudos (1896 \u2013 1897), de um lado estavam os sertanejos, localizados na cidade de Belo Monte, norte do estado da Bahia, liderados pelo religioso e simpatizante da Monarquia Ant\u00f4nio Conselheiro; e de outro lado estava o Ex\u00e9rcito, representante do Governo Republicano (1889). De forma geral, o ataque aos sertanejos foi justificado pelo argumento do perigo da Monarquia se reorganizar. Contudo, de fato, o que explica a Guerra foi o interesse de retomada do poder regional por parte de algumas lideran\u00e7as religiosas, pol\u00edticas e econ\u00f4micas; pois a organiza\u00e7\u00e3o de vida em Belo Monte permitiu romper com um sistema que h\u00e1 s\u00e9culos sufocava os sertanejos: a concentra\u00e7\u00e3o de terra e de \u00e1gua. A terra e a \u00e1gua tinham o seu uso socializado, o que permitiu a divis\u00e3o mais justa da riqueza gerada, garantindo melhor qualidade de vida para os sertanejos. Tal fato fez com que Belo Monte, diante \u00e0 mis\u00e9ria do sert\u00e3o semi\u00e1rido, fosse considerada um para\u00edso terrestre.<\/p>\n<p><span style=\"color: #333333\"><a style=\"color: #333333\" href=\"https:\/\/wp.ufpel.edu.br\/geoter\/files\/2020\/11\/ACFrOgApWF6mo50roWrnUmJduOeKr98Kibow7ZqiUYbS60tZB4MhQDG1kLZlEBOUwQludHyc7A7eXyVUUkqDI42lmdWqMzrAYG7Gw9vTYkk9eUYcW4NfcM8-2J25S-2s2_uD_23on7-JRlYokma9.pdf\">ARTIGO: GEOPOL\u00cdTICA E A GEOGRAFIA: UMA AN\u00c1LISE DE PESQUISAS ATRAV\u00c9S DO BANCO DE DADOS DA CAPES NOS ANOS DE 2016 E 2017. AUTORES: WILLIAM MARTINS LOUREN\u00c7O; TIARAJU SALINI DUARTE<\/a><\/span><\/p>\n<p style=\"text-align: justify\">Para compreender a constru\u00e7\u00e3o de um discurso geopol\u00edtico devemos buscar an\u00e1lises que se centram nas diversas formas de poder que emanam das distintas organiza\u00e7\u00f5es mundiais. Desta maneira, a Geopol\u00edtica nos remete a dimens\u00e3o e organiza\u00e7\u00e3o pol\u00edtica do espa\u00e7o pelos atores que o comp\u00f5e e seus variados campos de disputa. Pensar na Geopol\u00edtica no contexto atual nos remete a uma an\u00e1lise que busca dar conta de um movimento global intenso, tanto na velocidade como tamb\u00e9m na fluidez de informa\u00e7\u00f5es, fronteiras, tecnologias, etc. As transforma\u00e7\u00f5es no planeta, hoje em grande medida condicionadas ao fluxo de capital e a (in)soberania dos Estados Nacionais, nos remete a compreender as diversas formas de controle espacial. Na era dos processos de globaliza\u00e7\u00e3o que confluem na forma\u00e7\u00e3o de diversos discursos (hegem\u00f4nicos e contra hegem\u00f4nicos), a Geopol\u00edtica busca uma reafirma\u00e7\u00e3o enquanto campo do saber geogr\u00e1fico.<\/p>\n<p>&nbsp;<\/p>\n<p><span style=\"color: #333333\"><a style=\"color: #333333\" href=\"https:\/\/wp.ufpel.edu.br\/geoter\/files\/2020\/11\/Trabalho-CIC-Reduzido-4pag.pdf\">RESUMO EXPANDIDO: A GEOPOL\u00cdTICA: CAMPOS DO SABER HEGEM\u00d4NICOS E CONTRA- HEGEM\u00d4NICOS NA GEOGRAFIA. AUTORES: WILLIAM MARTINS LOUREN\u00c7O; TIARAJU SALINI DUARTE<\/a>.<\/span><\/p>\n<p style=\"text-align: justify\">Para compreender a constru\u00e7\u00e3o de um discurso geopol\u00edtico, devemos buscar an\u00e1lises que centram-se nas diversas formas de poder que emanam das mais distintas organiza\u00e7\u00f5es sociais em suas m\u00faltiplas escalas. Desta maneira, a Geopol\u00edtica nos remete a uma dimens\u00e3o pol\u00edtica do espa\u00e7o, na qual os atores que a comp\u00f5em est\u00e3o submersos em variados campos de disputa. A partir desta problem\u00e1tica, o objetivo geral do presente trabalho \u00e9 analisar a constitui\u00e7\u00e3o da Geopol\u00edtica na ci\u00eancia geogr\u00e1fica no contexto atual, buscando compreender os diversos discursos que constituem a ordem hegem\u00f4nica e contra hegem\u00f4nica deste saber.<\/p>\n<p><span style=\"color: #333333\"><a style=\"color: #333333\" href=\"https:\/\/wp.ufpel.edu.br\/geoter\/files\/2020\/11\/ENPOS_2020.pdf\">RESUMO EXPANDIDO: NEOLIBERALISMO E PRIVATIZA\u00c7\u00d5ES: NOTAS PRELIMINARES SOBRE O CASO BRASILEIRO. AUTORES: GUILHERME AUGUSTO CABREIRA; AM\u00d3S JUV\u00caNCIO PEREIRA DE MOURA; TIARAJU SALINI DUARTE<\/a><\/span><\/p>\n<p style=\"text-align: center\">Autores: Guilherme Augusto Cabreira, Tiaraju Salini Duarte<\/p>\n<p>A d\u00e9cada de 1950 marca o per\u00edodo em que o Estado brasileiro emprega esfor\u00e7os substanciais para efetivar seu processo de industrializa\u00e7\u00e3o, a internacionaliza\u00e7\u00e3o de sua economia e a inser\u00e7\u00e3o intensiva e subordinada do pa\u00eds no capitalismo mundial. Para que tais objetivos fossem alcan\u00e7ados, o governo brasileiro, sobre a presid\u00eancia de Jo\u00e3o Caf\u00e9 Filho, lan\u00e7a em 17 de Janeiro de 1955 a Instru\u00e7\u00e3o 113 da Superintend\u00eancia da Moeda e do Cr\u00e9dito (SUMOC), iniciativa respons\u00e1vel por orientar o pa\u00eds rumo \u00e0 sua internacionaliza\u00e7\u00e3o, criando condi\u00e7\u00f5es institucionais favor\u00e1veis ao aporte do capital internacional em territ\u00f3rio brasileiro.<\/p>\n","protected":false},"excerpt":{"rendered":"<p>ARTIGO: DIVERSIDADE E POSS\u00cdVEIS CAMPOS DE PESQUISA EM GEOPOL\u00cdTICA NA GEOGRAFIA BRASILEIRA. Autores: William Martins Louren\u00e7o, Tiaraju Salini Duarte Resumo: A Geopol\u00edtica enquanto \u00e1rea do saber nos possibilita compreender as diversas formas de proje\u00e7\u00e3o das rela\u00e7\u00f5es de poder no espa\u00e7o. A denominada Geopol\u00edtica Cl\u00e1ssica, neste sentido, constituiu-se como uma forma de pensar essas tendo como [&hellip;]<\/p>\n","protected":false},"author":895,"featured_media":0,"parent":107,"menu_order":0,"comment_status":"closed","ping_status":"closed","template":"","meta":{"jetpack_post_was_ever_published":false,"footnotes":""},"class_list":["post-605","page","type-page","status-publish","hentry"],"yoast_head":"<!-- This site is optimized with the Yoast SEO plugin v26.7 - https:\/\/yoast.com\/wordpress\/plugins\/seo\/ -->\n<title>Geografia Pol\u00edtica e Geopol\u00edtica - GRUPO DE PESQUISA: GEOGRAFIA POL\u00cdTICA, GEOPOL\u00cdTICA E TERRITORIALIDADES<\/title>\n<meta name=\"robots\" content=\"index, follow, max-snippet:-1, max-image-preview:large, max-video-preview:-1\" \/>\n<link rel=\"canonical\" href=\"https:\/\/wp.ufpel.edu.br\/geoter\/?page_id=605\" \/>\n<meta property=\"og:locale\" content=\"pt_BR\" \/>\n<meta property=\"og:type\" content=\"article\" \/>\n<meta property=\"og:title\" content=\"Geografia Pol\u00edtica e Geopol\u00edtica - GRUPO DE PESQUISA: GEOGRAFIA POL\u00cdTICA, GEOPOL\u00cdTICA E TERRITORIALIDADES\" \/>\n<meta property=\"og:description\" content=\"ARTIGO: DIVERSIDADE E POSS\u00cdVEIS CAMPOS DE PESQUISA EM GEOPOL\u00cdTICA NA GEOGRAFIA BRASILEIRA. Autores: William Martins Louren\u00e7o, Tiaraju Salini Duarte Resumo: A Geopol\u00edtica enquanto \u00e1rea do saber nos possibilita compreender as diversas formas de proje\u00e7\u00e3o das rela\u00e7\u00f5es de poder no espa\u00e7o. A denominada Geopol\u00edtica Cl\u00e1ssica, neste sentido, constituiu-se como uma forma de pensar essas tendo como [&hellip;]\" \/>\n<meta property=\"og:url\" content=\"https:\/\/wp.ufpel.edu.br\/geoter\/?page_id=605\" \/>\n<meta property=\"og:site_name\" content=\"GRUPO DE PESQUISA: GEOGRAFIA POL\u00cdTICA, GEOPOL\u00cdTICA E TERRITORIALIDADES\" \/>\n<meta property=\"article:publisher\" content=\"https:\/\/www.facebook.com\/GeoTerUFPEL\" \/>\n<meta property=\"article:modified_time\" content=\"2021-05-25T18:41:37+00:00\" \/>\n<meta property=\"og:image\" content=\"https:\/\/wp.ufpel.edu.br\/geoter\/files\/2021\/05\/PARTICIPANTES-DO-GRUPO-DE-ESTUDOS-GEOTER-9.png\" \/>\n<meta name=\"twitter:card\" content=\"summary_large_image\" \/>\n<meta name=\"twitter:label1\" content=\"Est. tempo de leitura\" \/>\n\t<meta name=\"twitter:data1\" content=\"4 minutos\" \/>\n<script type=\"application\/ld+json\" class=\"yoast-schema-graph\">{\"@context\":\"https:\/\/schema.org\",\"@graph\":[{\"@type\":\"WebPage\",\"@id\":\"https:\/\/wp.ufpel.edu.br\/geoter\/?page_id=605\",\"url\":\"https:\/\/wp.ufpel.edu.br\/geoter\/?page_id=605\",\"name\":\"Geografia Pol\u00edtica e Geopol\u00edtica - GRUPO DE PESQUISA: GEOGRAFIA POL\u00cdTICA, GEOPOL\u00cdTICA E TERRITORIALIDADES\",\"isPartOf\":{\"@id\":\"https:\/\/wp.ufpel.edu.br\/geoter\/#website\"},\"primaryImageOfPage\":{\"@id\":\"https:\/\/wp.ufpel.edu.br\/geoter\/?page_id=605#primaryimage\"},\"image\":{\"@id\":\"https:\/\/wp.ufpel.edu.br\/geoter\/?page_id=605#primaryimage\"},\"thumbnailUrl\":\"https:\/\/wp.ufpel.edu.br\/geoter\/files\/2021\/05\/PARTICIPANTES-DO-GRUPO-DE-ESTUDOS-GEOTER-9.png\",\"datePublished\":\"2021-05-25T17:35:22+00:00\",\"dateModified\":\"2021-05-25T18:41:37+00:00\",\"breadcrumb\":{\"@id\":\"https:\/\/wp.ufpel.edu.br\/geoter\/?page_id=605#breadcrumb\"},\"inLanguage\":\"pt-BR\",\"potentialAction\":[{\"@type\":\"ReadAction\",\"target\":[\"https:\/\/wp.ufpel.edu.br\/geoter\/?page_id=605\"]}]},{\"@type\":\"ImageObject\",\"inLanguage\":\"pt-BR\",\"@id\":\"https:\/\/wp.ufpel.edu.br\/geoter\/?page_id=605#primaryimage\",\"url\":\"https:\/\/wp.ufpel.edu.br\/geoter\/files\/2021\/05\/PARTICIPANTES-DO-GRUPO-DE-ESTUDOS-GEOTER-9.png\",\"contentUrl\":\"https:\/\/wp.ufpel.edu.br\/geoter\/files\/2021\/05\/PARTICIPANTES-DO-GRUPO-DE-ESTUDOS-GEOTER-9.png\",\"width\":500,\"height\":100},{\"@type\":\"BreadcrumbList\",\"@id\":\"https:\/\/wp.ufpel.edu.br\/geoter\/?page_id=605#breadcrumb\",\"itemListElement\":[{\"@type\":\"ListItem\",\"position\":1,\"name\":\"In\u00edcio\",\"item\":\"https:\/\/wp.ufpel.edu.br\/geoter\"},{\"@type\":\"ListItem\",\"position\":2,\"name\":\"Publica\u00e7\u00f5es\",\"item\":\"https:\/\/wp.ufpel.edu.br\/geoter\/?page_id=107\"},{\"@type\":\"ListItem\",\"position\":3,\"name\":\"Geografia Pol\u00edtica e Geopol\u00edtica\"}]},{\"@type\":\"WebSite\",\"@id\":\"https:\/\/wp.ufpel.edu.br\/geoter\/#website\",\"url\":\"https:\/\/wp.ufpel.edu.br\/geoter\/\",\"name\":\"GRUPO DE PESQUISA: GEOGRAFIA POL\u00cdTICA, GEOPOL\u00cdTICA E TERRITORIALIDADES\",\"description\":\"TESTE\",\"publisher\":{\"@id\":\"https:\/\/wp.ufpel.edu.br\/geoter\/#organization\"},\"potentialAction\":[{\"@type\":\"SearchAction\",\"target\":{\"@type\":\"EntryPoint\",\"urlTemplate\":\"https:\/\/wp.ufpel.edu.br\/geoter\/?s={search_term_string}\"},\"query-input\":{\"@type\":\"PropertyValueSpecification\",\"valueRequired\":true,\"valueName\":\"search_term_string\"}}],\"inLanguage\":\"pt-BR\"},{\"@type\":\"Organization\",\"@id\":\"https:\/\/wp.ufpel.edu.br\/geoter\/#organization\",\"name\":\"GRUPO DE PESQUISA: GEOGRAFIA POL\u00cdTICA, GEOPOL\u00cdTICA E TERRITORIALIDADES\",\"url\":\"https:\/\/wp.ufpel.edu.br\/geoter\/\",\"logo\":{\"@type\":\"ImageObject\",\"inLanguage\":\"pt-BR\",\"@id\":\"https:\/\/wp.ufpel.edu.br\/geoter\/#\/schema\/logo\/image\/\",\"url\":\"https:\/\/wp.ufpel.edu.br\/geoter\/files\/2021\/05\/imagem_2021-05-21_114443.png\",\"contentUrl\":\"https:\/\/wp.ufpel.edu.br\/geoter\/files\/2021\/05\/imagem_2021-05-21_114443.png\",\"width\":796,\"height\":758,\"caption\":\"GRUPO DE PESQUISA: GEOGRAFIA POL\u00cdTICA, GEOPOL\u00cdTICA E TERRITORIALIDADES\"},\"image\":{\"@id\":\"https:\/\/wp.ufpel.edu.br\/geoter\/#\/schema\/logo\/image\/\"},\"sameAs\":[\"https:\/\/www.facebook.com\/GeoTerUFPEL\"]}]}<\/script>\n<!-- \/ Yoast SEO plugin. -->","yoast_head_json":{"title":"Geografia Pol\u00edtica e Geopol\u00edtica - GRUPO DE PESQUISA: GEOGRAFIA POL\u00cdTICA, GEOPOL\u00cdTICA E TERRITORIALIDADES","robots":{"index":"index","follow":"follow","max-snippet":"max-snippet:-1","max-image-preview":"max-image-preview:large","max-video-preview":"max-video-preview:-1"},"canonical":"https:\/\/wp.ufpel.edu.br\/geoter\/?page_id=605","og_locale":"pt_BR","og_type":"article","og_title":"Geografia Pol\u00edtica e Geopol\u00edtica - GRUPO DE PESQUISA: GEOGRAFIA POL\u00cdTICA, GEOPOL\u00cdTICA E TERRITORIALIDADES","og_description":"ARTIGO: DIVERSIDADE E POSS\u00cdVEIS CAMPOS DE PESQUISA EM GEOPOL\u00cdTICA NA GEOGRAFIA BRASILEIRA. Autores: William Martins Louren\u00e7o, Tiaraju Salini Duarte Resumo: A Geopol\u00edtica enquanto \u00e1rea do saber nos possibilita compreender as diversas formas de proje\u00e7\u00e3o das rela\u00e7\u00f5es de poder no espa\u00e7o. A denominada Geopol\u00edtica Cl\u00e1ssica, neste sentido, constituiu-se como uma forma de pensar essas tendo como [&hellip;]","og_url":"https:\/\/wp.ufpel.edu.br\/geoter\/?page_id=605","og_site_name":"GRUPO DE PESQUISA: GEOGRAFIA POL\u00cdTICA, GEOPOL\u00cdTICA E TERRITORIALIDADES","article_publisher":"https:\/\/www.facebook.com\/GeoTerUFPEL","article_modified_time":"2021-05-25T18:41:37+00:00","og_image":[{"url":"https:\/\/wp.ufpel.edu.br\/geoter\/files\/2021\/05\/PARTICIPANTES-DO-GRUPO-DE-ESTUDOS-GEOTER-9.png","type":"","width":"","height":""}],"twitter_card":"summary_large_image","twitter_misc":{"Est. tempo de leitura":"4 minutos"},"schema":{"@context":"https:\/\/schema.org","@graph":[{"@type":"WebPage","@id":"https:\/\/wp.ufpel.edu.br\/geoter\/?page_id=605","url":"https:\/\/wp.ufpel.edu.br\/geoter\/?page_id=605","name":"Geografia Pol\u00edtica e Geopol\u00edtica - GRUPO DE PESQUISA: GEOGRAFIA POL\u00cdTICA, GEOPOL\u00cdTICA E TERRITORIALIDADES","isPartOf":{"@id":"https:\/\/wp.ufpel.edu.br\/geoter\/#website"},"primaryImageOfPage":{"@id":"https:\/\/wp.ufpel.edu.br\/geoter\/?page_id=605#primaryimage"},"image":{"@id":"https:\/\/wp.ufpel.edu.br\/geoter\/?page_id=605#primaryimage"},"thumbnailUrl":"https:\/\/wp.ufpel.edu.br\/geoter\/files\/2021\/05\/PARTICIPANTES-DO-GRUPO-DE-ESTUDOS-GEOTER-9.png","datePublished":"2021-05-25T17:35:22+00:00","dateModified":"2021-05-25T18:41:37+00:00","breadcrumb":{"@id":"https:\/\/wp.ufpel.edu.br\/geoter\/?page_id=605#breadcrumb"},"inLanguage":"pt-BR","potentialAction":[{"@type":"ReadAction","target":["https:\/\/wp.ufpel.edu.br\/geoter\/?page_id=605"]}]},{"@type":"ImageObject","inLanguage":"pt-BR","@id":"https:\/\/wp.ufpel.edu.br\/geoter\/?page_id=605#primaryimage","url":"https:\/\/wp.ufpel.edu.br\/geoter\/files\/2021\/05\/PARTICIPANTES-DO-GRUPO-DE-ESTUDOS-GEOTER-9.png","contentUrl":"https:\/\/wp.ufpel.edu.br\/geoter\/files\/2021\/05\/PARTICIPANTES-DO-GRUPO-DE-ESTUDOS-GEOTER-9.png","width":500,"height":100},{"@type":"BreadcrumbList","@id":"https:\/\/wp.ufpel.edu.br\/geoter\/?page_id=605#breadcrumb","itemListElement":[{"@type":"ListItem","position":1,"name":"In\u00edcio","item":"https:\/\/wp.ufpel.edu.br\/geoter"},{"@type":"ListItem","position":2,"name":"Publica\u00e7\u00f5es","item":"https:\/\/wp.ufpel.edu.br\/geoter\/?page_id=107"},{"@type":"ListItem","position":3,"name":"Geografia Pol\u00edtica e Geopol\u00edtica"}]},{"@type":"WebSite","@id":"https:\/\/wp.ufpel.edu.br\/geoter\/#website","url":"https:\/\/wp.ufpel.edu.br\/geoter\/","name":"GRUPO DE PESQUISA: GEOGRAFIA POL\u00cdTICA, GEOPOL\u00cdTICA E TERRITORIALIDADES","description":"TESTE","publisher":{"@id":"https:\/\/wp.ufpel.edu.br\/geoter\/#organization"},"potentialAction":[{"@type":"SearchAction","target":{"@type":"EntryPoint","urlTemplate":"https:\/\/wp.ufpel.edu.br\/geoter\/?s={search_term_string}"},"query-input":{"@type":"PropertyValueSpecification","valueRequired":true,"valueName":"search_term_string"}}],"inLanguage":"pt-BR"},{"@type":"Organization","@id":"https:\/\/wp.ufpel.edu.br\/geoter\/#organization","name":"GRUPO DE PESQUISA: GEOGRAFIA POL\u00cdTICA, GEOPOL\u00cdTICA E TERRITORIALIDADES","url":"https:\/\/wp.ufpel.edu.br\/geoter\/","logo":{"@type":"ImageObject","inLanguage":"pt-BR","@id":"https:\/\/wp.ufpel.edu.br\/geoter\/#\/schema\/logo\/image\/","url":"https:\/\/wp.ufpel.edu.br\/geoter\/files\/2021\/05\/imagem_2021-05-21_114443.png","contentUrl":"https:\/\/wp.ufpel.edu.br\/geoter\/files\/2021\/05\/imagem_2021-05-21_114443.png","width":796,"height":758,"caption":"GRUPO DE PESQUISA: GEOGRAFIA POL\u00cdTICA, GEOPOL\u00cdTICA E TERRITORIALIDADES"},"image":{"@id":"https:\/\/wp.ufpel.edu.br\/geoter\/#\/schema\/logo\/image\/"},"sameAs":["https:\/\/www.facebook.com\/GeoTerUFPEL"]}]}},"jetpack_sharing_enabled":true,"jetpack_shortlink":"https:\/\/wp.me\/PaQxRW-9L","_links":{"self":[{"href":"https:\/\/wp.ufpel.edu.br\/geoter\/index.php?rest_route=\/wp\/v2\/pages\/605","targetHints":{"allow":["GET"]}}],"collection":[{"href":"https:\/\/wp.ufpel.edu.br\/geoter\/index.php?rest_route=\/wp\/v2\/pages"}],"about":[{"href":"https:\/\/wp.ufpel.edu.br\/geoter\/index.php?rest_route=\/wp\/v2\/types\/page"}],"author":[{"embeddable":true,"href":"https:\/\/wp.ufpel.edu.br\/geoter\/index.php?rest_route=\/wp\/v2\/users\/895"}],"replies":[{"embeddable":true,"href":"https:\/\/wp.ufpel.edu.br\/geoter\/index.php?rest_route=%2Fwp%2Fv2%2Fcomments&post=605"}],"version-history":[{"count":2,"href":"https:\/\/wp.ufpel.edu.br\/geoter\/index.php?rest_route=\/wp\/v2\/pages\/605\/revisions"}],"predecessor-version":[{"id":622,"href":"https:\/\/wp.ufpel.edu.br\/geoter\/index.php?rest_route=\/wp\/v2\/pages\/605\/revisions\/622"}],"up":[{"embeddable":true,"href":"https:\/\/wp.ufpel.edu.br\/geoter\/index.php?rest_route=\/wp\/v2\/pages\/107"}],"wp:attachment":[{"href":"https:\/\/wp.ufpel.edu.br\/geoter\/index.php?rest_route=%2Fwp%2Fv2%2Fmedia&parent=605"}],"curies":[{"name":"wp","href":"https:\/\/api.w.org\/{rel}","templated":true}]}}