{"id":409,"date":"2021-04-23T13:38:47","date_gmt":"2021-04-23T16:38:47","guid":{"rendered":"https:\/\/wp.ufpel.edu.br\/geotechidrica\/?page_id=409"},"modified":"2021-08-21T19:22:19","modified_gmt":"2021-08-21T22:22:19","slug":"algaemap-4","status":"publish","type":"page","link":"https:\/\/wp.ufpel.edu.br\/geotechidrica\/algaemap-4\/","title":{"rendered":"AlgaeMAp"},"content":{"rendered":"<h3><strong>(<span style=\"text-decoration: underline\">Algae<\/span> Bloom <span style=\"text-decoration: underline\">M<\/span>onitoring <span style=\"text-decoration: underline\">Ap<\/span>plication), Vers\u00e3o 1.0\u00a0 \u00a0 \u00a0 \u00a0 \u00a0 \u00a0 \u00a0 \u00a0 \u00a0 \u00a0\u00a0<\/strong><\/h3>\n<h4><strong>LINK: <a href=\"https:\/\/felipellobo.users.earthengine.app\/view\/algaemapv10\">https:\/\/felipellobo.users.earthengine.app\/view\/algaemapv10<\/a><\/strong><\/h4>\n<h4 style=\"text-align: right\">\u00faltima atualiza\u00e7\u00e3o: 21\/ago\/2021<\/h4>\n<h4 style=\"text-align: left\">Projeto <a href=\"https:\/\/newsroom.eodatascience.com\/geo-gee-project-algae-bloom-monitoring-application\">GEOS\/GEE<\/a><\/h4>\n<h4 style=\"text-align: left\">pdf: <a href=\"https:\/\/wp.ufpel.edu.br\/geotechidrica\/files\/2021\/04\/Tutorial_AlgaeMap_apr2021.pdf\">Tutorial_AlgaeMap_apr2021<\/a><\/h4>\n<h4 style=\"text-align: left\"><a href=\"https:\/\/wp.ufpel.edu.br\/geotechidrica\/files\/2021\/06\/AlgaeMAp.mp4\">V\u00eddeo tutorial<\/a><\/h4>\n<p>O Aplicativo AlgaeMap foi desenvolvido dentro da plataforma Google Earth Engine (GEE) e fornece imagens hist\u00f3ricas e atuais contendo informa\u00e7\u00f5es do estado tr\u00f3fico, da concentra\u00e7\u00e3o de clorofila-a e da flora\u00e7\u00e3o de algas em reservat\u00f3rios e lagos da Am\u00e9rica do Sul. As imagens utilizadas s\u00e3o do sat\u00e9lite MSI\/Sentinel-2, que desde 2015 fornece imagens com 10m de resolu\u00e7\u00e3o espacial. No aplicativo, a cole\u00e7\u00e3o de imagens NDCI (Normalized Difference Cholorophyll Index) usada possui resolu\u00e7\u00e3o espacial de 30 m.<\/p>\n<p>\u00c9 importante deixar claro, que os produtos fornecidos (concentra\u00e7\u00e3o de clorofila-a, \u00cdndice de Estado Tr\u00f3fico e Ocorr\u00eancia de Flora\u00e7\u00f5es) foram gerados a partir de dados da CETESB, principalmente, da bacia do Rio Tiet\u00ea. A metodologia e resultados do desenvolvimento do AlgaeMAp podem ser encontrados no artigo (<a href=\"https:\/\/www.mdpi.com\/2072-4292\/13\/15\/2874\/htm#\">link<\/a>).<\/p>\n<p><em>Lobo, F.d.L.; Nagel, G.W.; Maciel, D.A.; Carvalho, L.A.S.d.; Martins, V.S.; Barbosa, C.C.F.; Novo, E.M.L.d.M. AlgaeMAp: Algae Bloom Monitoring Application for Inland Waters in Latin America.\u00a0Remote Sens.\u00a0<b>2021<\/b>,\u00a013, 2874. https:\/\/doi.org\/10.3390\/rs13152874 (<a href=\"https:\/\/wp.ufpel.edu.br\/geotechidrica\/files\/2021\/07\/remotesensing-13-02874.pdf\">PDF<\/a>)<\/em><\/p>\n<p>Caso tenha interesse em utilizar o aplicativo para os reservat\u00f3rios\/bacias listados abaixo ou para outros que n\u00e3o fazem parte da lista, favor entrar em <a href=\"mailto:felipe.lobo@ufpel.edu.br\">contato<\/a>.<\/p>\n<p>A seguir est\u00e1 a descri\u00e7\u00e3o, passo a passo, das funcionalidades do aplicativo.<\/p>\n<hr \/>\n<p><strong>1) Escolha da \u00e1rea de interesse e do tipo de processamento (imagens individuais ou estat\u00edsticas hist\u00f3ricas). <\/strong><\/p>\n<ul>\n<li>Primeiramente \u00e9 necess\u00e1rio escolher a \u00e1rea de interesse, que pode ser um determinado reservat\u00f3rio ou Bacia. A lista est\u00e1 dispon\u00edvel no App (Figura 1.a), mas pode ser previamente conferida na tabela 1.<\/li>\n<\/ul>\n<p style=\"text-align: center\">Tabela 1 &#8211; Lista de Reservat\u00f3rios e Bacias dispon\u00edveis no App.<\/p>\n<p><img loading=\"lazy\" decoding=\"async\" class=\"aligncenter wp-image-412 size-full\" src=\"https:\/\/wp.ufpel.edu.br\/geotechidrica\/files\/2021\/04\/shasuhu.png\" alt=\"\" width=\"713\" height=\"413\" srcset=\"https:\/\/wp.ufpel.edu.br\/geotechidrica\/files\/2021\/04\/shasuhu.png 713w, https:\/\/wp.ufpel.edu.br\/geotechidrica\/files\/2021\/04\/shasuhu-400x232.png 400w\" sizes=\"auto, (max-width: 713px) 100vw, 713px\" \/><\/p>\n<ul>\n<li>Ap\u00f3s escolher a \u00e1rea de interesse, h\u00e1 duas possibilidades para a visualiza\u00e7\u00e3o dos dados. A primeira \u00e9 a an\u00e1lise individual das imagens (Figura 1.c), explicada na se\u00e7\u00e3o 2. E segunda op\u00e7\u00e3o \u00e9 o processamento hist\u00f3rico das imagens para extrair estat\u00edsticas (Figura 1.d), explicada na se\u00e7\u00e3o 3.<\/li>\n<\/ul>\n<p style=\"text-align: center\"><img loading=\"lazy\" decoding=\"async\" class=\"alignnone wp-image-414 size-large\" src=\"https:\/\/wp.ufpel.edu.br\/geotechidrica\/files\/2021\/04\/shasuhu-1-1024x487.png\" alt=\"\" width=\"750\" height=\"357\" srcset=\"https:\/\/wp.ufpel.edu.br\/geotechidrica\/files\/2021\/04\/shasuhu-1-1024x487.png 1024w, https:\/\/wp.ufpel.edu.br\/geotechidrica\/files\/2021\/04\/shasuhu-1-400x190.png 400w, https:\/\/wp.ufpel.edu.br\/geotechidrica\/files\/2021\/04\/shasuhu-1-768x365.png 768w, https:\/\/wp.ufpel.edu.br\/geotechidrica\/files\/2021\/04\/shasuhu-1-750x357.png 750w, https:\/\/wp.ufpel.edu.br\/geotechidrica\/files\/2021\/04\/shasuhu-1.png 1299w\" sizes=\"auto, (max-width: 750px) 100vw, 750px\" \/><\/p>\n<p style=\"text-align: center\">Figura 1 &#8211; Layout da p\u00e1gina inicial do AlgaeMap mostrando os reservat\u00f3rios abrangidos pelo App.<\/p>\n<p>&nbsp;<\/p>\n<p><strong>2) Processamento de imagens individuais.<\/strong><\/p>\n<ul>\n<li>Ap\u00f3s a escolha da \u00e1rea de interesse, o usu\u00e1rio tem a op\u00e7\u00e3o de visualizar uma data espec\u00edfica. Para isso, \u00e9 necess\u00e1rio clicar no bot\u00e3o \u201cSelect a Date\u201d, para escolher uma data dispon\u00edvel da lista, e clicar no bot\u00e3o \u201cDisplay Image\u201d (Figura 2.c). O App ir\u00e1 mostrar uma imagem de Chl-a do dia selecionado (Figura 2). Adicionalmente, na se\u00e7\u00e3o de Layers o usu\u00e1rio tem a op\u00e7\u00e3o de visualizar o mapa de NDCI, classes tr\u00f3ficas, e a imagem Sentinel (cores verdadeiras) do dia escolhido.<\/li>\n<li>Existe a possibilidade de dar um zoom em uma \u00e1rea de interesse colocando as coordenadas na se\u00e7\u00e3o Figura 1.b e 2.b.<\/li>\n<li>\u00c9 poss\u00edvel fazer o download das imagens clicando nos bot\u00f5es da parte inferior do App (Figura 2.e).<\/li>\n<li>Ainda, clicando com o mouse em qualquer pixel, os valores de lat, long, Chl-a e NDCI s\u00e3o mostrados no \u201cInspector\u201d (Figura 2.f)<\/li>\n<\/ul>\n<p style=\"text-align: center\"><img loading=\"lazy\" decoding=\"async\" class=\"alignnone wp-image-466 size-large\" src=\"https:\/\/wp.ufpel.edu.br\/geotechidrica\/files\/2021\/04\/algaemap-3-1024x482.png\" alt=\"\" width=\"750\" height=\"353\" srcset=\"https:\/\/wp.ufpel.edu.br\/geotechidrica\/files\/2021\/04\/algaemap-3-1024x482.png 1024w, https:\/\/wp.ufpel.edu.br\/geotechidrica\/files\/2021\/04\/algaemap-3-400x188.png 400w, https:\/\/wp.ufpel.edu.br\/geotechidrica\/files\/2021\/04\/algaemap-3-768x362.png 768w, https:\/\/wp.ufpel.edu.br\/geotechidrica\/files\/2021\/04\/algaemap-3-750x353.png 750w, https:\/\/wp.ufpel.edu.br\/geotechidrica\/files\/2021\/04\/algaemap-3.png 1304w\" sizes=\"auto, (max-width: 750px) 100vw, 750px\" \/><\/p>\n<p style=\"text-align: center\">Figura 2 &#8211; Layout da p\u00e1gina de processamento individual das imagens do AlgaeMap mostrando uma imagem de Chl-a do dia 03\/04\/2016 no reservat\u00f3rio de Tr\u00eas Irm\u00e3os (SP).<\/p>\n<p><strong>3) Processamento de imagens hist\u00f3ricas (mapas). <\/strong><\/p>\n<ul>\n<li>Ap\u00f3s a escolha da regi\u00e3o de interesse, o usu\u00e1rio tem a op\u00e7\u00e3o de fazer o processamento de imagens hist\u00f3ricas. Para isso, \u00e9 necess\u00e1rio escolher o intervalo de anos e de meses (Figura 3.d) e clicar no bot\u00e3o \u201cCalculate Time-Series\u201d (Figura 3.g). Assim \u00e9 poss\u00edvel analisar anos espec\u00edficos (todos os meses de 2020 por exemplo) ou mesmo meses espec\u00edficos (todas imagens de janeiro de 2016 \u00e0 2020 por exemplo). O App ent\u00e3o calcula os valores de m\u00e1ximo, m\u00ednimo e m\u00e9dia hist\u00f3ricos de NDCI e Chl-a e o de Frequ\u00eancia de Bloom para a \u00e1rea de interesse.<\/li>\n<li>Nesta se\u00e7\u00e3o tamb\u00e9m \u00e9 poss\u00edvel fazer o download de imagens (Figura 3.e) e dar zoom em \u00e1reas de interesse (Figura 3.b).<\/li>\n<li>Clicando em qualquer pixel do reservat\u00f3rio, os valores de m\u00e9dia hist\u00f3rica de Chla, de NDCI e a frequ\u00eancia de bloom s\u00e3o mostrados no \u201cInspector\u201d (Figura 3.f).<img loading=\"lazy\" decoding=\"async\" class=\"aligncenter wp-image-467 size-large\" src=\"https:\/\/wp.ufpel.edu.br\/geotechidrica\/files\/2021\/04\/algaemap-4-1024x484.png\" alt=\"\" width=\"750\" height=\"354\" srcset=\"https:\/\/wp.ufpel.edu.br\/geotechidrica\/files\/2021\/04\/algaemap-4-1024x484.png 1024w, https:\/\/wp.ufpel.edu.br\/geotechidrica\/files\/2021\/04\/algaemap-4-400x189.png 400w, https:\/\/wp.ufpel.edu.br\/geotechidrica\/files\/2021\/04\/algaemap-4-768x363.png 768w, https:\/\/wp.ufpel.edu.br\/geotechidrica\/files\/2021\/04\/algaemap-4-750x355.png 750w, https:\/\/wp.ufpel.edu.br\/geotechidrica\/files\/2021\/04\/algaemap-4.png 1302w\" sizes=\"auto, (max-width: 750px) 100vw, 750px\" \/><\/li>\n<\/ul>\n<p style=\"text-align: center\">Figura 3 &#8211; Layout da p\u00e1gina de processamento hist\u00f3ricos das imagens do AlgaeMap mostrando uma imagem de Chl-a m\u00e1ximo detectado entre 2016 e 2021 para os meses de janeiro e fevereiro para o reservat\u00f3rio de Tr\u00eas Irm\u00e3os (SP).<\/p>\n<p><strong>4) Processamento de imagens hist\u00f3ricas (gr\u00e1ficos). <\/strong><\/p>\n<ul>\n<li>Uma outra forma de visualizar dados hist\u00f3ricos de qualidade da \u00e1gua \u00e9 atrav\u00e9s de gr\u00e1ficos e de v\u00eddeo para uma determinada \u00e1rea de interesse. Para isso, \u00e9 necess\u00e1rio estabelecer o intervalo de anos e meses (Figura 4.d), escolher o buffer (que ser\u00e1 atribu\u00edda \u00e0 geometria desenhada pelo usu\u00e1rio) e a escala (recomenda-se 30m &#8211; a unidade n\u00e3o deve ser inclu\u00edda) (Figura 4.h). Caso o reservat\u00f3rio seja muito grande e a an\u00e1lise gr\u00e1fica n\u00e3o aparecer no display no App, recomenda-se aumentar o valor de escala para 100 ou mesmo 500m. Ap\u00f3s as defini\u00e7\u00f5es de \u00e9poca, buffer e escala, o usu\u00e1rio deve escolher o tipo de geometria que deseja clicando nas op\u00e7\u00f5es \u201cRectangle\u201d, \u201cPolygon\u201d ou \u201cPoint\u201d (Figura 4.i). \u00a0Ap\u00f3s a escolha da geometria, o usu\u00e1rio deve desenhar no mapa a \u00e1rea de interesse (Figura 4). Assim, \u00e9 poss\u00edvel analisar o reservat\u00f3rio como um todo ou apenas uma regi\u00e3o.<\/li>\n<\/ul>\n<p><img loading=\"lazy\" decoding=\"async\" class=\"aligncenter wp-image-468 size-large\" src=\"https:\/\/wp.ufpel.edu.br\/geotechidrica\/files\/2021\/04\/algaemap-5-1024x474.png\" alt=\"\" width=\"750\" height=\"347\" srcset=\"https:\/\/wp.ufpel.edu.br\/geotechidrica\/files\/2021\/04\/algaemap-5-1024x474.png 1024w, https:\/\/wp.ufpel.edu.br\/geotechidrica\/files\/2021\/04\/algaemap-5-400x185.png 400w, https:\/\/wp.ufpel.edu.br\/geotechidrica\/files\/2021\/04\/algaemap-5-768x356.png 768w, https:\/\/wp.ufpel.edu.br\/geotechidrica\/files\/2021\/04\/algaemap-5-750x347.png 750w, https:\/\/wp.ufpel.edu.br\/geotechidrica\/files\/2021\/04\/algaemap-5.png 1296w\" sizes=\"auto, (max-width: 750px) 100vw, 750px\" \/><\/p>\n<p style=\"text-align: center\">Figura 4 \u2013 Ret\u00e2ngulo desenhado na imagem atrav\u00e9s da ferramenta \u201cDraw Time-Series\u201d. As configura\u00e7\u00f5es para a an\u00e1lise dessa \u00e1rea s\u00e3o, imagens entre 2016 e 2020 para os meses de janeiro e fevereiro para um bra\u00e7o do reservat\u00f3rio de Tr\u00eas Irm\u00e3os (SP).<\/p>\n<ul>\n<li>Ap\u00f3s desenhar a geometria, as op\u00e7\u00f5es de \u201cShow mean Chla\u201c, \u201cShow mean NDCI\u201d, \u201cShow monthly TSI\u201d, Show daily TSI\u201d e \u201cShow Video\u201d s\u00e3o mostradas abaixo das op\u00e7\u00f5es de geometria:<\/li>\n<\/ul>\n<p>&nbsp;<\/p>\n<ul>\n<li style=\"list-style-type: none\">\n<ul>\n<li><strong>Show mean Chla e Show mean NDCI:<\/strong> O algoritmo calcula a m\u00e9dia dentro da \u00e1rea selecionada (se for pol\u00edgono ou ret\u00e2ngulo) e mostra a varia\u00e7\u00e3o hist\u00f3rica atrav\u00e9s de um gr\u00e1fico de dispers\u00e3o. Se a geometria for um ponto, o algoritmo seleciona o valor do pixel correspondente e plota em um gr\u00e1fico.<\/li>\n<\/ul>\n<\/li>\n<\/ul>\n<p><img loading=\"lazy\" decoding=\"async\" class=\"size-medium wp-image-424 aligncenter\" src=\"https:\/\/wp.ufpel.edu.br\/geotechidrica\/files\/2021\/04\/shasuhu-5-400x245.png\" alt=\"\" width=\"400\" height=\"245\" srcset=\"https:\/\/wp.ufpel.edu.br\/geotechidrica\/files\/2021\/04\/shasuhu-5-400x245.png 400w, https:\/\/wp.ufpel.edu.br\/geotechidrica\/files\/2021\/04\/shasuhu-5.png 429w\" sizes=\"auto, (max-width: 400px) 100vw, 400px\" \/><\/p>\n<ul>\n<li style=\"list-style-type: none\">\n<ul>\n<li><strong>Show monthly TSI:<\/strong> O App calcula a m\u00e9dia mensal de Chla para ent\u00e3o determinar o valor de TSI correspondente para cada m\u00eas. A unidade \u00e9 em porcentagem da \u00e1rea selecionada.<\/li>\n<\/ul>\n<\/li>\n<\/ul>\n<p><img loading=\"lazy\" decoding=\"async\" class=\"size-medium wp-image-425 aligncenter\" src=\"https:\/\/wp.ufpel.edu.br\/geotechidrica\/files\/2021\/04\/shasuhu-6-400x237.png\" alt=\"\" width=\"400\" height=\"237\" srcset=\"https:\/\/wp.ufpel.edu.br\/geotechidrica\/files\/2021\/04\/shasuhu-6-400x237.png 400w, https:\/\/wp.ufpel.edu.br\/geotechidrica\/files\/2021\/04\/shasuhu-6.png 428w\" sizes=\"auto, (max-width: 400px) 100vw, 400px\" \/><\/p>\n<ul>\n<li style=\"list-style-type: none\">\n<ul>\n<li><strong>Show daily TSI:<\/strong> O App calcula o n\u00famero de pixels para cada classe de TSI considerando imagens individuais.<\/li>\n<\/ul>\n<\/li>\n<\/ul>\n<p><img loading=\"lazy\" decoding=\"async\" class=\"size-medium wp-image-426 aligncenter\" src=\"https:\/\/wp.ufpel.edu.br\/geotechidrica\/files\/2021\/04\/shasuhu-7-400x231.png\" alt=\"\" width=\"400\" height=\"231\" srcset=\"https:\/\/wp.ufpel.edu.br\/geotechidrica\/files\/2021\/04\/shasuhu-7-400x231.png 400w, https:\/\/wp.ufpel.edu.br\/geotechidrica\/files\/2021\/04\/shasuhu-7.png 480w\" sizes=\"auto, (max-width: 400px) 100vw, 400px\" \/><\/p>\n<ul>\n<li style=\"list-style-type: none\">\n<ul>\n<li><strong>Show Video: <\/strong>O App mostra um v\u00eddeo com o mapa de Chla (m\u00e9dia mensal) variando ao longo do tempo.<\/li>\n<\/ul>\n<\/li>\n<\/ul>\n<p><img loading=\"lazy\" decoding=\"async\" class=\"size-medium wp-image-428 aligncenter\" src=\"https:\/\/wp.ufpel.edu.br\/geotechidrica\/files\/2021\/04\/shasuhu-8-400x306.png\" alt=\"\" width=\"400\" height=\"306\" srcset=\"https:\/\/wp.ufpel.edu.br\/geotechidrica\/files\/2021\/04\/shasuhu-8-400x306.png 400w, https:\/\/wp.ufpel.edu.br\/geotechidrica\/files\/2021\/04\/shasuhu-8.png 435w\" sizes=\"auto, (max-width: 400px) 100vw, 400px\" \/><\/p>\n","protected":false},"excerpt":{"rendered":"<p>(Algae Bloom Monitoring Application), Vers\u00e3o 1.0\u00a0 \u00a0 \u00a0 \u00a0 \u00a0 \u00a0 \u00a0 \u00a0 \u00a0 \u00a0\u00a0 LINK: https:\/\/felipellobo.users.earthengine.app\/view\/algaemapv10 \u00faltima atualiza\u00e7\u00e3o: 21\/ago\/2021 Projeto GEOS\/GEE pdf: Tutorial_AlgaeMap_apr2021 V\u00eddeo tutorial O Aplicativo AlgaeMap foi desenvolvido dentro da plataforma Google Earth Engine (GEE) e fornece imagens hist\u00f3ricas e atuais contendo informa\u00e7\u00f5es do estado tr\u00f3fico, da concentra\u00e7\u00e3o de clorofila-a e da &hellip; <\/p>\n<p><a class=\"more-link btn\" href=\"https:\/\/wp.ufpel.edu.br\/geotechidrica\/algaemap-4\/\">Continue lendo<\/a><\/p>\n","protected":false},"author":1066,"featured_media":0,"parent":0,"menu_order":0,"comment_status":"closed","ping_status":"closed","template":"","meta":{"footnotes":""},"class_list":["post-409","page","type-page","status-publish","hentry","nodate","item-wrap"],"_links":{"self":[{"href":"https:\/\/wp.ufpel.edu.br\/geotechidrica\/wp-json\/wp\/v2\/pages\/409","targetHints":{"allow":["GET"]}}],"collection":[{"href":"https:\/\/wp.ufpel.edu.br\/geotechidrica\/wp-json\/wp\/v2\/pages"}],"about":[{"href":"https:\/\/wp.ufpel.edu.br\/geotechidrica\/wp-json\/wp\/v2\/types\/page"}],"author":[{"embeddable":true,"href":"https:\/\/wp.ufpel.edu.br\/geotechidrica\/wp-json\/wp\/v2\/users\/1066"}],"replies":[{"embeddable":true,"href":"https:\/\/wp.ufpel.edu.br\/geotechidrica\/wp-json\/wp\/v2\/comments?post=409"}],"version-history":[{"count":37,"href":"https:\/\/wp.ufpel.edu.br\/geotechidrica\/wp-json\/wp\/v2\/pages\/409\/revisions"}],"predecessor-version":[{"id":585,"href":"https:\/\/wp.ufpel.edu.br\/geotechidrica\/wp-json\/wp\/v2\/pages\/409\/revisions\/585"}],"wp:attachment":[{"href":"https:\/\/wp.ufpel.edu.br\/geotechidrica\/wp-json\/wp\/v2\/media?parent=409"}],"curies":[{"name":"wp","href":"https:\/\/api.w.org\/{rel}","templated":true}]}}