{"id":27,"date":"2020-08-26T15:32:05","date_gmt":"2020-08-26T18:32:05","guid":{"rendered":"https:\/\/wp.ufpel.edu.br\/geotechidrica\/?page_id=27"},"modified":"2021-04-20T12:35:08","modified_gmt":"2021-04-20T15:35:08","slug":"grupo-de-pesquisa-cnpq","status":"publish","type":"page","link":"https:\/\/wp.ufpel.edu.br\/geotechidrica\/grupo-de-pesquisa-cnpq\/","title":{"rendered":"Grupo de Pesquisa\/CNPq"},"content":{"rendered":"<p><a href=\"http:\/\/dgp.cnpq.br\/dgp\/espelhogrupo\/505497\">Rede Tem\u00e1tica de Bio-\u00f3ptica Aqu\u00e1tica<\/a><br \/>\nFelipe de Lucia Lobo &#8211; Coordenador.<\/p>\n<p><a href=\"http:\/\/dgp.cnpq.br\/dgp\/espelhogrupo\/202459\">NEPE HidroSedi &#8211; N\u00facleo de Ensino, Pesquisa e Extens\u00e3o em Hidrometria e Sedimentologia para o Manejo de Bacias Hidrogr\u00e1ficas<\/a><\/p>\n<p><a href=\"http:\/\/dgp.cnpq.br\/dgp\/espelhogrupo\/648006\">Laborat\u00f3rio de Instrumenta\u00e7\u00e3o de Sistemas Aqu\u00e1ticos (LabISA)<\/a><\/p>\n","protected":false},"excerpt":{"rendered":"<p>Rede Tem\u00e1tica de Bio-\u00f3ptica Aqu\u00e1tica Felipe de Lucia Lobo &#8211; Coordenador. NEPE HidroSedi &#8211; N\u00facleo de Ensino, Pesquisa e Extens\u00e3o em Hidrometria e Sedimentologia para o Manejo de Bacias Hidrogr\u00e1ficas Laborat\u00f3rio de Instrumenta\u00e7\u00e3o de Sistemas Aqu\u00e1ticos (LabISA)<\/p>\n","protected":false},"author":1066,"featured_media":0,"parent":0,"menu_order":0,"comment_status":"closed","ping_status":"closed","template":"","meta":{"footnotes":""},"class_list":["post-27","page","type-page","status-publish","hentry","nodate","item-wrap"],"_links":{"self":[{"href":"https:\/\/wp.ufpel.edu.br\/geotechidrica\/wp-json\/wp\/v2\/pages\/27","targetHints":{"allow":["GET"]}}],"collection":[{"href":"https:\/\/wp.ufpel.edu.br\/geotechidrica\/wp-json\/wp\/v2\/pages"}],"about":[{"href":"https:\/\/wp.ufpel.edu.br\/geotechidrica\/wp-json\/wp\/v2\/types\/page"}],"author":[{"embeddable":true,"href":"https:\/\/wp.ufpel.edu.br\/geotechidrica\/wp-json\/wp\/v2\/users\/1066"}],"replies":[{"embeddable":true,"href":"https:\/\/wp.ufpel.edu.br\/geotechidrica\/wp-json\/wp\/v2\/comments?post=27"}],"version-history":[{"count":2,"href":"https:\/\/wp.ufpel.edu.br\/geotechidrica\/wp-json\/wp\/v2\/pages\/27\/revisions"}],"predecessor-version":[{"id":402,"href":"https:\/\/wp.ufpel.edu.br\/geotechidrica\/wp-json\/wp\/v2\/pages\/27\/revisions\/402"}],"wp:attachment":[{"href":"https:\/\/wp.ufpel.edu.br\/geotechidrica\/wp-json\/wp\/v2\/media?parent=27"}],"curies":[{"name":"wp","href":"https:\/\/api.w.org\/{rel}","templated":true}]}}