{"id":75,"date":"2020-10-12T19:24:42","date_gmt":"2020-10-12T22:24:42","guid":{"rendered":"https:\/\/wp.ufpel.edu.br\/geos\/?page_id=75"},"modified":"2020-10-12T21:20:48","modified_gmt":"2020-10-13T00:20:48","slug":"ensino","status":"publish","type":"page","link":"https:\/\/wp.ufpel.edu.br\/geos\/ensino\/","title":{"rendered":"Ensino"},"content":{"rendered":"<p style=\"text-align: justify\">Para realiza\u00e7\u00e3o do ensino universit\u00e1rio utilizamos os seguintes m\u00e9todos de aprendizagem: Monitorias das cadeira de Petrologia Metam\u00f3rfica e Geoqu\u00edmica; Organiza\u00e7\u00e3o dos cursos de Introdu\u00e7\u00e3o \u00e0 T\u00e9cnicas de Mapeamento e de Geotecnologias aplicadas ao Mapeamento Geol\u00f3gico, que devido a situa\u00e7\u00e3o atual ser\u00e3o oferecidos na modalidade \u00e0 dist\u00e2ncia.<\/p>\n<div id=\"attachment_91\" style=\"width: 410px\" class=\"wp-caption aligncenter\"><img aria-describedby=\"caption-attachment-91\" class=\"wp-image-91 size-medium\" src=\"https:\/\/wp.ufpel.edu.br\/geos\/files\/2020\/10\/F1-400x300.jpg\" alt=\"\" width=\"400\" height=\"300\" srcset=\"https:\/\/wp.ufpel.edu.br\/geos\/files\/2020\/10\/F1-400x300.jpg 400w, https:\/\/wp.ufpel.edu.br\/geos\/files\/2020\/10\/F1.jpg 525w\" sizes=\"(max-width: 400px) 100vw, 400px\" \/><p id=\"caption-attachment-91\" class=\"wp-caption-text\">Realiza\u00e7\u00e3o do curso de T\u00e9cnica de Mapeamento na semana acad\u00eamica do curso de Engenharia Geol\u00f3gica no ano de 2016<\/p><\/div>\n","protected":false},"excerpt":{"rendered":"<p>Para realiza\u00e7\u00e3o do ensino universit\u00e1rio utilizamos os seguintes m\u00e9todos de aprendizagem: Monitorias das cadeira de Petrologia Metam\u00f3rfica e Geoqu\u00edmica; Organiza\u00e7\u00e3o dos cursos de Introdu\u00e7\u00e3o \u00e0 T\u00e9cnicas de Mapeamento e de Geotecnologias aplicadas ao Mapeamento Geol\u00f3gico, que devido a situa\u00e7\u00e3o atual ser\u00e3o oferecidos na modalidade \u00e0 dist\u00e2ncia.<\/p>\n","protected":false},"author":1086,"featured_media":0,"parent":0,"menu_order":0,"comment_status":"closed","ping_status":"closed","template":"","meta":{"footnotes":""},"class_list":["post-75","page","type-page","status-publish","hentry"],"_links":{"self":[{"href":"https:\/\/wp.ufpel.edu.br\/geos\/wp-json\/wp\/v2\/pages\/75","targetHints":{"allow":["GET"]}}],"collection":[{"href":"https:\/\/wp.ufpel.edu.br\/geos\/wp-json\/wp\/v2\/pages"}],"about":[{"href":"https:\/\/wp.ufpel.edu.br\/geos\/wp-json\/wp\/v2\/types\/page"}],"author":[{"embeddable":true,"href":"https:\/\/wp.ufpel.edu.br\/geos\/wp-json\/wp\/v2\/users\/1086"}],"replies":[{"embeddable":true,"href":"https:\/\/wp.ufpel.edu.br\/geos\/wp-json\/wp\/v2\/comments?post=75"}],"version-history":[{"count":4,"href":"https:\/\/wp.ufpel.edu.br\/geos\/wp-json\/wp\/v2\/pages\/75\/revisions"}],"predecessor-version":[{"id":120,"href":"https:\/\/wp.ufpel.edu.br\/geos\/wp-json\/wp\/v2\/pages\/75\/revisions\/120"}],"wp:attachment":[{"href":"https:\/\/wp.ufpel.edu.br\/geos\/wp-json\/wp\/v2\/media?parent=75"}],"curies":[{"name":"wp","href":"https:\/\/api.w.org\/{rel}","templated":true}]}}