{"id":8,"date":"2012-04-02T11:09:37","date_gmt":"2012-04-02T14:09:37","guid":{"rendered":"https:\/\/wp.ufpel.edu.br\/geoprocessamento\/"},"modified":"2024-07-22T09:03:58","modified_gmt":"2024-07-22T12:03:58","slug":"grade-curricular","status":"publish","type":"page","link":"https:\/\/wp.ufpel.edu.br\/geoprocessamento\/grade-curricular\/","title":{"rendered":"Grade Curricular"},"content":{"rendered":"<p style=\"text-align: justify;\"><strong>Grade de Disciplinas<\/strong><\/p>\n<p style=\"text-align: justify;\">A grade de disciplinas curricular \u00e9 o meio mais f\u00e1cil de visualizar o curr\u00edculo do curso. Essa informa\u00e7\u00e3o pode ser encontrada na p\u00e1gina institucional da UFPel na forma de <a href=\"http:\/\/institucional.ufpel.edu.br\/cursos\/cod\/5590#curriculo\">Matriz Curricular<\/a>, onde a caracteriza\u00e7\u00e3o das disciplinas e os seus pr\u00e9-requisitos podem ser facilmente consultados.<\/p>\n<p><strong>Diretrizes Curriculares Nacionais<\/strong><\/p>\n<p style=\"text-align: justify;\">Todos os cursos de gradua\u00e7\u00e3o autorizados ou reconhecidos pelo Minist\u00e9rio da Educa\u00e7\u00e3o (MEC) devem seguir normas que padronizam os curr\u00edculos a fim de garantir a qualidade na forma\u00e7\u00e3o do profissional. Estas normas s\u00e3o chamadas de Diretrizes Curriculares.<\/p>\n<p style=\"text-align: justify;\">O curso de Geoprocessamento foi constru\u00eddo sob as <a href=\"http:\/\/portal.mec.gov.br\/cne\/arquivos\/pdf\/CP032002.pdf\">&#8220;Diretrizes Curriculares Nacionais Gerais para a organiza\u00e7\u00e3o e o funcionamento dos cursos superiores de tecnologia<\/a>&#8220;.<\/p>\n<p><strong>Curr\u00edculo<\/strong><\/p>\n<p style=\"text-align: justify;\">O curr\u00edculo do curso abrange uma sequ\u00eancia de disciplinas ordenadas por matr\u00edculas semestrais em uma seria\u00e7\u00e3o aconselhada. O curso estrutura-se em 6 semestres de disciplinas obrigat\u00f3rias. Al\u00e9m disso, o aluno deve participar de atividades de forma\u00e7\u00e3o livre e forma\u00e7\u00e3o complementar para completar a integraliza\u00e7\u00e3o do curso.<\/p>\n<p style=\"text-align: justify;\">A carga hor\u00e1ria total do curso \u00e9 de 2400 horas, e a m\u00e9dia semestral \u00e9 de cerca de 21 cr\u00e9ditos. O curso \u00e9 em turno integral, havendo atividades principalmente \u00e0 tarde e \u00e0 noite. As aulas ocorrem principalmente no Centro de Engenharias no pr\u00e9dio da COTADA e no campus Anglo, ambos localizados no bairro do Porto. As disciplinas apresentam car\u00e1ter te\u00f3rico, baseado fundamentalmente em aulas expositivas, e car\u00e1ter pr\u00e1tico, atrav\u00e9s de atividades em laborat\u00f3rio.<\/p>\n<p><strong>Projeto Pedag\u00f3gico do Curso<br \/>\n<\/strong><\/p>\n<p><a href=\"https:\/\/wp.ufpel.edu.br\/geoprocessamento\/files\/2017\/03\/PP_TEC_GEOPROCESSAMENTO_2011.pdf\">Texto completo do Projeto pedag\u00f3gico do curso (vers\u00e3o 2011)<\/a><\/p>\n<p><a href=\"https:\/\/wp.ufpel.edu.br\/geoprocessamento\/files\/2012\/04\/PPC_GEOPROCESSAMENTO_2017_FINAL.pdf\">Texto completo do Projeto pedag\u00f3gico do curso (vers\u00e3o 2016)<\/a><\/p>\n<p><a href=\"https:\/\/wp.ufpel.edu.br\/geoprocessamento\/files\/2024\/07\/PPC_GEOPROCESSAMENTO_UFPEL_Versao_Final_COCEPE_Agosto_2023_Vespertino.pdf\">Texto completo do Projeto pedag\u00f3gico do curso (vers\u00e3o 2023)<\/a><\/p>\n<p><strong>Matriz Curricular<\/strong><\/p>\n<table class=\"dados-cobalto tabela-disciplinas\"><tr><th colspan=\"5\" class=\"tabela-quebra\">1\u00ba Semestre<\/th><\/tr><tr><th>C\u00f3digo<\/th><th>Disciplina \/ Pr\u00e9-requisitos<\/th><th>Car\u00e1ter<\/th><th>Cr.<\/th><th>Horas<\/th><\/tr><tr><td>15000429<\/td><td><a href=\"https:\/\/institucional.ufpel.edu.br\/disciplinas\/id\/27522\">CARTOGRAFIA<\/a><\/td><td>Obrigat\u00f3ria<\/td><td>4<\/td><td>60<\/td><\/tr><tr><td>15000769<\/td><td><a href=\"https:\/\/institucional.ufpel.edu.br\/disciplinas\/id\/40401\">DESENHO T\u00c9CNICO<\/a><\/td><td>Obrigat\u00f3ria<\/td><td>4<\/td><td>60<\/td><\/tr><tr><td>11090023<\/td><td><a href=\"https:\/\/institucional.ufpel.edu.br\/disciplinas\/id\/29909\">F\u00cdSICA<\/a><\/td><td>Obrigat\u00f3ria<\/td><td>4<\/td><td>60<\/td><\/tr><tr><td>15001172<\/td><td><a href=\"https:\/\/institucional.ufpel.edu.br\/disciplinas\/id\/56800\">INTRODU\u00c7\u00c3O AO GEOPROCESSAMENTO (EAD)<\/a><\/td><td>Obrigat\u00f3ria<\/td><td>2<\/td><td>30<\/td><\/tr><tr><td>15001173<\/td><td><a href=\"https:\/\/institucional.ufpel.edu.br\/disciplinas\/id\/56829\">METODOLOGIA DA PESQUISA CIENT\u00cdFICA E PRODU\u00c7\u00c3O DE TEXTO (EAD)<\/a><\/td><td>Obrigat\u00f3ria<\/td><td>2<\/td><td>30<\/td><\/tr><tr><td>15000415<\/td><td><a href=\"https:\/\/institucional.ufpel.edu.br\/disciplinas\/id\/27508\">TOPOGRAFIA I<\/a><\/td><td>Obrigat\u00f3ria<\/td><td>4<\/td><td>60<\/td><\/tr><tr><th colspan=\"5\" class=\"tabela-quebra\">2\u00ba Semestre<\/th><\/tr><tr><th>C\u00f3digo<\/th><th>Disciplina \/ Pr\u00e9-requisitos<\/th><th>Car\u00e1ter<\/th><th>Cr.<\/th><th>Horas<\/th><\/tr><tr><td>22000294<\/td><td><a href=\"https:\/\/institucional.ufpel.edu.br\/disciplinas\/id\/27065\">ALGORITMOS E PROGRAMA\u00c7\u00c3O<\/a><\/td><td>Obrigat\u00f3ria<\/td><td>4<\/td><td>60<\/td><\/tr><tr><td>15000768<\/td><td><a href=\"https:\/\/institucional.ufpel.edu.br\/disciplinas\/id\/40400\">C\u00c1LCULO A<\/a><\/td><td>Obrigat\u00f3ria<\/td><td>6<\/td><td>90<\/td><\/tr><tr><td>15001176<\/td><td><a href=\"https:\/\/institucional.ufpel.edu.br\/disciplinas\/id\/56832\">GEOD\u00c9SIA (EAD)<\/a><div class=\"tabela-detalhe-info\">15000415 - TOPOGRAFIA I<\/div><\/td><td>Obrigat\u00f3ria<\/td><td>4<\/td><td>60<\/td><\/tr><tr><td>15000095<\/td><td><a href=\"https:\/\/institucional.ufpel.edu.br\/disciplinas\/id\/27188\">GEOLOGIA APLICADA I<\/a><\/td><td>Obrigat\u00f3ria<\/td><td>4<\/td><td>60<\/td><\/tr><tr><td>15001175<\/td><td><a href=\"https:\/\/institucional.ufpel.edu.br\/disciplinas\/id\/56831\">TOPOGRAFIA II (EAD)<\/a><div class=\"tabela-detalhe-info\">15000415 - TOPOGRAFIA I<\/div><div class=\"tabela-detalhe-info\">15000769 - DESENHO T\u00c9CNICO<\/div><\/td><td>Obrigat\u00f3ria<\/td><td>4<\/td><td>60<\/td><\/tr><tr><th colspan=\"5\" class=\"tabela-quebra\">3\u00ba Semestre<\/th><\/tr><tr><th>C\u00f3digo<\/th><th>Disciplina \/ Pr\u00e9-requisitos<\/th><th>Car\u00e1ter<\/th><th>Cr.<\/th><th>Horas<\/th><\/tr><tr><td>15000767<\/td><td><a href=\"https:\/\/institucional.ufpel.edu.br\/disciplinas\/id\/40399\">\u00c1LGEBRA LINEAR<\/a><\/td><td>Obrigat\u00f3ria<\/td><td>4<\/td><td>60<\/td><\/tr><tr><td>15000559<\/td><td><a href=\"https:\/\/institucional.ufpel.edu.br\/disciplinas\/id\/27652\">GEOMATEM\u00c1TICA I<\/a><div class=\"tabela-detalhe-info\">15000768 - C\u00c1LCULO A<\/div><\/td><td>Obrigat\u00f3ria<\/td><td>4<\/td><td>60<\/td><\/tr><tr><td>15000560<\/td><td><a href=\"https:\/\/institucional.ufpel.edu.br\/disciplinas\/id\/27653\">LINGUAGENS DE PROGRAMA\u00c7\u00c3O APLICADAS<\/a><div class=\"tabela-detalhe-info\">22000294 - ALGORITMOS E PROGRAMA\u00c7\u00c3O<\/div><\/td><td>Obrigat\u00f3ria<\/td><td>4<\/td><td>60<\/td><\/tr><tr><td>15001178<\/td><td><a href=\"https:\/\/institucional.ufpel.edu.br\/disciplinas\/id\/56834\">MEIO AMBIENTE E DESENVOLVIMENTO (EAD)<\/a><\/td><td>Obrigat\u00f3ria<\/td><td>2<\/td><td>30<\/td><\/tr><tr><td>15001177<\/td><td><a href=\"https:\/\/institucional.ufpel.edu.br\/disciplinas\/id\/56833\">SENSORIAMENTO REMOTO (EAD)<\/a><div class=\"tabela-detalhe-info\">11090023 - F\u00cdSICA<\/div><\/td><td>Obrigat\u00f3ria<\/td><td>4<\/td><td>60<\/td><\/tr><tr><td>15000550<\/td><td><a href=\"https:\/\/institucional.ufpel.edu.br\/disciplinas\/id\/27643\">SISTEMA DE INFORMA\u00c7\u00d5ES GEOGR\u00c1FICAS I<\/a><div class=\"tabela-detalhe-info\">15000429 - CARTOGRAFIA<\/div><\/td><td>Obrigat\u00f3ria<\/td><td>4<\/td><td>60<\/td><\/tr><tr><th colspan=\"5\" class=\"tabela-quebra\">4\u00ba Semestre<\/th><\/tr><tr><th>C\u00f3digo<\/th><th>Disciplina \/ Pr\u00e9-requisitos<\/th><th>Car\u00e1ter<\/th><th>Cr.<\/th><th>Horas<\/th><\/tr><tr><td>15001180<\/td><td><a href=\"https:\/\/institucional.ufpel.edu.br\/disciplinas\/id\/56836\">EMPREENDEDORISMO (EAD)<\/a><\/td><td>Obrigat\u00f3ria<\/td><td>2<\/td><td>30<\/td><\/tr><tr><td>15000562<\/td><td><a href=\"https:\/\/institucional.ufpel.edu.br\/disciplinas\/id\/27655\">GEOMATEM\u00c1TICA II<\/a><div class=\"tabela-detalhe-info\">15000559 - GEOMATEM\u00c1TICA I<\/div><\/td><td>Obrigat\u00f3ria<\/td><td>4<\/td><td>60<\/td><\/tr><tr><td>15000926<\/td><td><a href=\"https:\/\/institucional.ufpel.edu.br\/disciplinas\/id\/45268\">GEOMETRIA ANAL\u00cdTICA<\/a><\/td><td>Obrigat\u00f3ria<\/td><td>4<\/td><td>60<\/td><\/tr><tr><td>15001179<\/td><td><a href=\"https:\/\/institucional.ufpel.edu.br\/disciplinas\/id\/56835\">INTERPRETA\u00c7\u00c3O DE IMAGEM (EAD)<\/a><div class=\"tabela-detalhe-info\">15001177 - SENSORIAMENTO REMOTO (EAD)<\/div><\/td><td>Obrigat\u00f3ria<\/td><td>2<\/td><td>30<\/td><\/tr><tr><td>15000561<\/td><td><a href=\"https:\/\/institucional.ufpel.edu.br\/disciplinas\/id\/27654\">LEVANTAMENTOS TOPOGR\u00c1FICOS E GEOD\u00c9SICOS<\/a><div class=\"tabela-detalhe-info\">15001175 - TOPOGRAFIA II (EAD)<\/div><div class=\"tabela-detalhe-info\">15001176 - GEOD\u00c9SIA (EAD)<\/div><\/td><td>Obrigat\u00f3ria<\/td><td>4<\/td><td>60<\/td><\/tr><tr><td>15000563<\/td><td><a href=\"https:\/\/institucional.ufpel.edu.br\/disciplinas\/id\/27656\">L\u00d3GICA MATEM\u00c1TICA<\/a><div class=\"tabela-detalhe-info\">15000550 - SISTEMA DE INFORMA\u00c7\u00d5ES GEOGR\u00c1FICAS I<\/div><\/td><td>Obrigat\u00f3ria<\/td><td>4<\/td><td>60<\/td><\/tr><tr><th colspan=\"5\" class=\"tabela-quebra\">5\u00ba Semestre<\/th><\/tr><tr><th>C\u00f3digo<\/th><th>Disciplina \/ Pr\u00e9-requisitos<\/th><th>Car\u00e1ter<\/th><th>Cr.<\/th><th>Horas<\/th><\/tr><tr><td>15001181<\/td><td><a href=\"https:\/\/institucional.ufpel.edu.br\/disciplinas\/id\/56837\">AJUSTAMENTO DE OBSERVA\u00c7\u00d5ES (EAD)<\/a><div class=\"tabela-detalhe-info\">15000559 - GEOMATEM\u00c1TICA I<\/div><div class=\"tabela-detalhe-info\">15000767 - \u00c1LGEBRA LINEAR<\/div><div class=\"tabela-detalhe-info\">15000926 - GEOMETRIA ANAL\u00cdTICA<\/div><\/td><td>Obrigat\u00f3ria<\/td><td>4<\/td><td>60<\/td><\/tr><tr><td>15000566<\/td><td><a href=\"https:\/\/institucional.ufpel.edu.br\/disciplinas\/id\/27659\">CARTOGRAFIA TEM\u00c1TICA<\/a><div class=\"tabela-detalhe-info\">15000550 - SISTEMA DE INFORMA\u00c7\u00d5ES GEOGR\u00c1FICAS I<\/div><div class=\"tabela-detalhe-info\">15000562 - GEOMATEM\u00c1TICA II<\/div><\/td><td>Obrigat\u00f3ria<\/td><td>4<\/td><td>60<\/td><\/tr><tr><td>15000837<\/td><td><a href=\"https:\/\/institucional.ufpel.edu.br\/disciplinas\/id\/43434\">COMPUTA\u00c7\u00c3O GR\u00c1FICA<\/a><div class=\"tabela-detalhe-info\">15000769 - DESENHO T\u00c9CNICO<\/div><\/td><td>Obrigat\u00f3ria<\/td><td>4<\/td><td>60<\/td><\/tr><tr><td>15001182<\/td><td><a href=\"https:\/\/institucional.ufpel.edu.br\/disciplinas\/id\/56838\">GERENCIAMENTO DE BANCO DE DADOS (EAD)<\/a><div class=\"tabela-detalhe-info\">15000550 - SISTEMA DE INFORMA\u00c7\u00d5ES GEOGR\u00c1FICAS I<\/div><\/td><td>Obrigat\u00f3ria<\/td><td>4<\/td><td>60<\/td><\/tr><tr><td>15001183<\/td><td><a href=\"https:\/\/institucional.ufpel.edu.br\/disciplinas\/id\/56839\">LEGISLA\u00c7\u00c3O E \u00c9TICA PROFISSIONAL (EAD)<\/a><\/td><td>Obrigat\u00f3ria<\/td><td>3<\/td><td>45<\/td><\/tr><tr><td>15001184<\/td><td><a href=\"https:\/\/institucional.ufpel.edu.br\/disciplinas\/id\/56840\">PROCESSAMENTO DIGITAL DE IMAGEM (EAD)<\/a><div class=\"tabela-detalhe-info\">15000559 - GEOMATEM\u00c1TICA I<\/div><div class=\"tabela-detalhe-info\">15001179 - INTERPRETA\u00c7\u00c3O DE IMAGEM (EAD)<\/div><\/td><td>Obrigat\u00f3ria<\/td><td>4<\/td><td>60<\/td><\/tr><tr><th colspan=\"5\" class=\"tabela-quebra\">6\u00ba Semestre<\/th><\/tr><tr><th>C\u00f3digo<\/th><th>Disciplina \/ Pr\u00e9-requisitos<\/th><th>Car\u00e1ter<\/th><th>Cr.<\/th><th>Horas<\/th><\/tr><tr><td>15001174<\/td><td><a href=\"https:\/\/institucional.ufpel.edu.br\/disciplinas\/id\/56830\">AGRIMENSURA LEGAL (EAD)<\/a><\/td><td>Obrigat\u00f3ria<\/td><td>2<\/td><td>30<\/td><\/tr><tr><td>15000569<\/td><td><a href=\"https:\/\/institucional.ufpel.edu.br\/disciplinas\/id\/27662\">CADASTRO T\u00c9CNICO MULTIFINALIT\u00c1RIO<\/a><div class=\"tabela-detalhe-info\">15000561 - LEVANTAMENTOS TOPOGR\u00c1FICOS E GEOD\u00c9SICOS<\/div><\/td><td>Obrigat\u00f3ria<\/td><td>4<\/td><td>60<\/td><\/tr><tr><td>15001185<\/td><td><a href=\"https:\/\/institucional.ufpel.edu.br\/disciplinas\/id\/56843\">FOTOGRAMETRIA (EAD)<\/a><div class=\"tabela-detalhe-info\">15000926 - GEOMETRIA ANAL\u00cdTICA<\/div><div class=\"tabela-detalhe-info\">15001181 - AJUSTAMENTO DE OBSERVA\u00c7\u00d5ES (EAD)<\/div><\/td><td>Obrigat\u00f3ria<\/td><td>4<\/td><td>60<\/td><\/tr><tr><td>15001186<\/td><td><a href=\"https:\/\/institucional.ufpel.edu.br\/disciplinas\/id\/56850\">INTEGRA\u00c7\u00c3O DE DADOS (EAD)<\/a><div class=\"tabela-detalhe-info\">15000566 - CARTOGRAFIA TEM\u00c1TICA<\/div><div class=\"tabela-detalhe-info\">15000563 - L\u00d3GICA MATEM\u00c1TICA<\/div><\/td><td>Obrigat\u00f3ria<\/td><td>4<\/td><td>60<\/td><\/tr><tr><td>15000570<\/td><td><a href=\"https:\/\/institucional.ufpel.edu.br\/disciplinas\/id\/27663\">PROJETO CARTOGR\u00c1FICO<\/a><div class=\"tabela-detalhe-info\">15000566 - CARTOGRAFIA TEM\u00c1TICA<\/div><div class=\"tabela-detalhe-info\">15001181 - AJUSTAMENTO DE OBSERVA\u00c7\u00d5ES (EAD)<\/div><\/td><td>Obrigat\u00f3ria<\/td><td>6<\/td><td>90<\/td><\/tr><tr><td>15001187<\/td><td><a href=\"https:\/\/institucional.ufpel.edu.br\/disciplinas\/id\/56855\">SA\u00daDE E SEGURAN\u00c7A NO TRABALHO (EAD)<\/a><\/td><td>Obrigat\u00f3ria<\/td><td>2<\/td><td>30<\/td><\/tr><tr><th colspan=\"5\" class=\"tabela-quebra\">COMPLEMENTARES<\/th><\/tr><tr><th>C\u00f3digo<\/th><th>Disciplina \/ Pr\u00e9-requisitos<\/th><th>Car\u00e1ter<\/th><th>Cr.<\/th><th>Horas<\/th><\/tr><tr><td>15000940<\/td><td><a href=\"https:\/\/institucional.ufpel.edu.br\/disciplinas\/id\/45400\">ATIVIDADES COMPLEMENTARES<\/a><\/td><td>Atividade complementar<\/td><td>4<\/td><td>60<\/td><\/tr><tr><td>15000935<\/td><td><a href=\"https:\/\/institucional.ufpel.edu.br\/disciplinas\/id\/45391\">ATIVIDADES CURRICULARES DE EXTENS\u00c3O I<\/a><\/td><td>Obrigat\u00f3ria<\/td><td>4<\/td><td>60<\/td><\/tr><tr><td>15000937<\/td><td><a href=\"https:\/\/institucional.ufpel.edu.br\/disciplinas\/id\/45396\">ATIVIDADES CURRICULARES DE EXTENS\u00c3O II<\/a><\/td><td>Obrigat\u00f3ria<\/td><td>4<\/td><td>60<\/td><\/tr><tr><td>15000938<\/td><td><a href=\"https:\/\/institucional.ufpel.edu.br\/disciplinas\/id\/45397\">ATIVIDADES CURRICULARES DE EXTENS\u00c3O III<\/a><\/td><td>Obrigat\u00f3ria<\/td><td>4<\/td><td>60<\/td><\/tr><tr><td>15000939<\/td><td><a href=\"https:\/\/institucional.ufpel.edu.br\/disciplinas\/id\/45398\">ATIVIDADES CURRICULARES DE EXTENS\u00c3O IV<\/a><\/td><td>Obrigat\u00f3ria<\/td><td>4<\/td><td>60<\/td><\/tr><tr><th colspan=\"5\" class=\"tabela-quebra\">OPTATIVAS<\/th><\/tr><tr><th>C\u00f3digo<\/th><th>Disciplina \/ Pr\u00e9-requisitos<\/th><th>Car\u00e1ter<\/th><th>Cr.<\/th><th>Horas<\/th><\/tr><tr><td>15000030<\/td><td><a href=\"https:\/\/institucional.ufpel.edu.br\/disciplinas\/id\/27123\">AGRICULTURA DE PRECIS\u00c3O<\/a><div class=\"tabela-detalhe-info\">15000550 - SISTEMA DE INFORMA\u00c7\u00d5ES GEOGR\u00c1FICAS I<\/div><div class=\"tabela-detalhe-info\">15000561 - LEVANTAMENTOS TOPOGR\u00c1FICOS E GEOD\u00c9SICOS<\/div><\/td><td>Optativa<\/td><td>3<\/td><td>45<\/td><\/tr><tr><td>15000553<\/td><td><a href=\"https:\/\/institucional.ufpel.edu.br\/disciplinas\/id\/27646\">CI\u00caNCIA, TECNOLOGIA E SOCIEDADE<\/a><\/td><td>Optativa<\/td><td>3<\/td><td>45<\/td><\/tr><tr><td>15000017<\/td><td><a href=\"https:\/\/institucional.ufpel.edu.br\/disciplinas\/id\/27110\">DRENAGEM<\/a><div class=\"tabela-detalhe-info\">15000015 - HIDROLOGIA<\/div><div class=\"tabela-detalhe-info\">15001179 - INTERPRETA\u00c7\u00c3O DE IMAGEM (EAD)<\/div><\/td><td>Optativa<\/td><td>4<\/td><td>60<\/td><\/tr><tr><td>15000056<\/td><td><a href=\"https:\/\/institucional.ufpel.edu.br\/disciplinas\/id\/27149\">GEST\u00c3O AMBIENTAL<\/a><\/td><td>Optativa<\/td><td>4<\/td><td>60<\/td><\/tr><tr><td>15000015<\/td><td><a href=\"https:\/\/institucional.ufpel.edu.br\/disciplinas\/id\/27108\">HIDROLOGIA<\/a><div class=\"tabela-detalhe-info\">15000768 - C\u00c1LCULO A<\/div><div class=\"tabela-detalhe-info\">15000559 - GEOMATEM\u00c1TICA I<\/div><div class=\"tabela-detalhe-info\">15001175 - TOPOGRAFIA II (EAD)<\/div><\/td><td>Optativa<\/td><td>3<\/td><td>45<\/td><\/tr><tr><td>22000356<\/td><td><a href=\"https:\/\/institucional.ufpel.edu.br\/disciplinas\/id\/35231\">INTRODU\u00c7\u00c3O AO GOOGLE EARTH ENGINE<\/a><\/td><td>Optativa<\/td><td>2<\/td><td>30<\/td><\/tr><tr><td>15000571<\/td><td><a href=\"https:\/\/institucional.ufpel.edu.br\/disciplinas\/id\/27664\">LICENCIAMENTO AMBIENTAL<\/a><div class=\"tabela-detalhe-info\">15000095 - GEOLOGIA APLICADA I<\/div><\/td><td>Optativa<\/td><td>3<\/td><td>45<\/td><\/tr><tr><td>20000084<\/td><td><a href=\"https:\/\/institucional.ufpel.edu.br\/disciplinas\/id\/28026\">L\u00cdNGUA BRASILEIRA DE SINAIS I ( LIBRAS I )<\/a><\/td><td>Optativa<\/td><td>4<\/td><td>60<\/td><\/tr><tr><td>15000934<\/td><td><a href=\"https:\/\/institucional.ufpel.edu.br\/disciplinas\/id\/45285\">M\u00c9TODOS E MEDIDAS DE POSICIONAMENTO GEOD\u00c9SICO<\/a><div class=\"tabela-detalhe-info\">15000561 - LEVANTAMENTOS TOPOGR\u00c1FICOS E GEOD\u00c9SICOS<\/div><\/td><td>Optativa<\/td><td>6<\/td><td>90<\/td><\/tr><tr><td>15000575<\/td><td><a href=\"https:\/\/institucional.ufpel.edu.br\/disciplinas\/id\/27668\">PROJETOS T\u00c9CNICO-CIENT\u00cdFICOS EM GEOPROCESSAMENTO I<\/a><div class=\"tabela-detalhe-info\">Todas Disciplinas at\u00e9 o 3 semestre<\/div><\/td><td>Optativa<\/td><td>6<\/td><td>90<\/td><\/tr><tr><td>15000576<\/td><td><a href=\"https:\/\/institucional.ufpel.edu.br\/disciplinas\/id\/27669\">PROJETOS T\u00c9CNICO-CIENT\u00cdFICOS EM GEOPROCESSAMENTO II<\/a><div class=\"tabela-detalhe-info\">Todas Disciplinas at\u00e9 o 3 semestre<\/div><\/td><td>Optativa<\/td><td>6<\/td><td>90<\/td><\/tr><tr><td>15000577<\/td><td><a href=\"https:\/\/institucional.ufpel.edu.br\/disciplinas\/id\/27670\">PROJETOS T\u00c9CNICO-CIENT\u00cdFICOS EM GEOPROCESSAMENTO III<\/a><div class=\"tabela-detalhe-info\">Todas Disciplinas at\u00e9 o 3 semestre<\/div><\/td><td>Optativa<\/td><td>6<\/td><td>90<\/td><\/tr><tr><td>15000572<\/td><td><a href=\"https:\/\/institucional.ufpel.edu.br\/disciplinas\/id\/27665\">SENSORIAMENTO REMOTO AVAN\u00c7ADO<\/a><div class=\"tabela-detalhe-info\">15001184 - PROCESSAMENTO DIGITAL DE IMAGEM (EAD)<\/div><\/td><td>Optativa<\/td><td>4<\/td><td>60<\/td><\/tr><\/table>\n<p>&nbsp;<\/p>\n","protected":false},"excerpt":{"rendered":"<p>Grade de Disciplinas A grade de disciplinas curricular \u00e9 o meio mais f\u00e1cil de visualizar o curr\u00edculo do curso. Essa informa\u00e7\u00e3o pode ser encontrada na p\u00e1gina institucional da UFPel na forma de Matriz Curricular, onde a caracteriza\u00e7\u00e3o das disciplinas e os seus pr\u00e9-requisitos podem ser facilmente consultados. Diretrizes Curriculares Nacionais Todos os cursos de gradua\u00e7\u00e3o [&hellip;]<\/p>\n","protected":false},"author":169,"featured_media":0,"parent":0,"menu_order":3,"comment_status":"closed","ping_status":"closed","template":"","meta":{"jetpack_post_was_ever_published":false,"footnotes":""},"class_list":["post-8","page","type-page","status-publish","hentry"],"jetpack_sharing_enabled":true,"jetpack_shortlink":"https:\/\/wp.me\/P6Slap-8","_links":{"self":[{"href":"https:\/\/wp.ufpel.edu.br\/geoprocessamento\/wp-json\/wp\/v2\/pages\/8","targetHints":{"allow":["GET"]}}],"collection":[{"href":"https:\/\/wp.ufpel.edu.br\/geoprocessamento\/wp-json\/wp\/v2\/pages"}],"about":[{"href":"https:\/\/wp.ufpel.edu.br\/geoprocessamento\/wp-json\/wp\/v2\/types\/page"}],"author":[{"embeddable":true,"href":"https:\/\/wp.ufpel.edu.br\/geoprocessamento\/wp-json\/wp\/v2\/users\/169"}],"replies":[{"embeddable":true,"href":"https:\/\/wp.ufpel.edu.br\/geoprocessamento\/wp-json\/wp\/v2\/comments?post=8"}],"version-history":[{"count":42,"href":"https:\/\/wp.ufpel.edu.br\/geoprocessamento\/wp-json\/wp\/v2\/pages\/8\/revisions"}],"predecessor-version":[{"id":3173,"href":"https:\/\/wp.ufpel.edu.br\/geoprocessamento\/wp-json\/wp\/v2\/pages\/8\/revisions\/3173"}],"wp:attachment":[{"href":"https:\/\/wp.ufpel.edu.br\/geoprocessamento\/wp-json\/wp\/v2\/media?parent=8"}],"curies":[{"name":"wp","href":"https:\/\/api.w.org\/{rel}","templated":true}]}}